{"id":16668,"date":"2020-11-19T14:50:30","date_gmt":"2020-11-19T17:50:30","guid":{"rendered":"https:\/\/wp.ufpel.edu.br\/progep\/?page_id=16668"},"modified":"2025-06-30T13:45:55","modified_gmt":"2025-06-30T16:45:55","slug":"roda-de-conversa-novas-possibilidades-para-a-docencia-universitaria-a-partir-da-pandemia-e-do-ensino-remoto-emergencial-de-2020","status":"publish","type":"page","link":"https:\/\/wp.ufpel.edu.br\/progep\/roda-de-conversa-novas-possibilidades-para-a-docencia-universitaria-a-partir-da-pandemia-e-do-ensino-remoto-emergencial-de-2020\/","title":{"rendered":"Capacita\u00e7\u00e3o: Roda de Conversa: Novas possibilidades para a doc\u00eancia universit\u00e1ria a partir da pandemia e do ensino remoto emergencial de 2020"},"content":{"rendered":"<p><strong>Facilitadora:\u00a0<\/strong>Prof<strong>\u00aa. <\/strong>Sabrina Bobsin Salazar<\/p>\n<p><strong>Data:<\/strong> 03\/12\/2020 (quinta-feira)<\/p>\n<p><strong>Hora:\u00a0<\/strong>das 14h \u00e0s 16h<\/p>\n<p><strong>Realiza\u00e7\u00e3o:<\/strong>\u00a0plataforma Webconf da UFPel (na modalidade\u00a0on-line)<\/p>\n<p><strong>Ementa: <\/strong>Esta roda de conversa ir\u00e1 abordar a transi\u00e7\u00e3o do ensino presencial usual para o ensino remoto emergencial em decorr\u00eancia da pandemia da COVID-19 no ano de 2020 e poss\u00edveis implica\u00e7\u00f5es para o ensino universit\u00e1rio ap\u00f3s experimentar e vivenciar esse per\u00edodo de crise e incertezas. Assim, temas como uso de tecnologias e pr\u00e1ticas docentes n\u00e3o tradicionais ser\u00e3o objetos desta roda de conversa.<\/p>\n<p><strong>P\u00fablico Alvo<\/strong>: Servidores docentes e TAE\u2019s ativos*<\/p>\n<p><strong>Per\u00edodo de inscri\u00e7\u00e3o<\/strong>: 19\/11 a 01\/12\/2020<\/p>\n<p><strong>Divulga\u00e7\u00e3o das inscri\u00e7\u00f5es homologadas<\/strong>: 02\/12**, nesta p\u00e1gina.<\/p>\n<p>*Considerando a Pol\u00edtica Nacional de Desenvolvimento de Pessoas, conforme Decreto n\u00ba 9.991\/19, somente ser\u00e3o certificados os servidores p\u00fablicos pertencentes ao Quadro Efetivo da UFPel.<\/p>\n<p>**Quando homologadas as inscri\u00e7\u00f5es, os selecionados receber\u00e3o e-mail com instru\u00e7\u00f5es de acesso \u00e0 sala de Webconf da UFPel.<\/p>\n<p><span style=\"color: #ff6600\"><a style=\"color: #ff6600\" href=\"https:\/\/wp.ufpel.edu.br\/progep\/files\/2020\/12\/Homologacao-1.pdf\">Inscri\u00e7\u00f5es Homologadas<\/a><\/span><\/p>\n","protected":false},"excerpt":{"rendered":"<p>Facilitadora:\u00a0Prof\u00aa. Sabrina Bobsin Salazar Data: 03\/12\/2020 (quinta-feira) Hora:\u00a0das 14h \u00e0s 16h Realiza\u00e7\u00e3o:\u00a0plataforma Webconf da UFPel (na modalidade\u00a0on-line) Ementa: Esta roda de conversa ir\u00e1 abordar a transi\u00e7\u00e3o do ensino presencial usual para o ensino remoto emergencial em decorr\u00eancia da pandemia da COVID-19 no ano de 2020 e poss\u00edveis implica\u00e7\u00f5es para o ensino universit\u00e1rio ap\u00f3s experimentar e [&hellip;]<\/p>\n","protected":false},"author":21,"featured_media":0,"parent":0,"menu_order":0,"comment_status":"closed","ping_status":"closed","template":"","meta":{"footnotes":""},"class_list":["post-16668","page","type-page","status-publish","hentry"],"_links":{"self":[{"href":"https:\/\/wp.ufpel.edu.br\/progep\/wp-json\/wp\/v2\/pages\/16668","targetHints":{"allow":["GET"]}}],"collection":[{"href":"https:\/\/wp.ufpel.edu.br\/progep\/wp-json\/wp\/v2\/pages"}],"about":[{"href":"https:\/\/wp.ufpel.edu.br\/progep\/wp-json\/wp\/v2\/types\/page"}],"author":[{"embeddable":true,"href":"https:\/\/wp.ufpel.edu.br\/progep\/wp-json\/wp\/v2\/users\/21"}],"replies":[{"embeddable":true,"href":"https:\/\/wp.ufpel.edu.br\/progep\/wp-json\/wp\/v2\/comments?post=16668"}],"version-history":[{"count":4,"href":"https:\/\/wp.ufpel.edu.br\/progep\/wp-json\/wp\/v2\/pages\/16668\/revisions"}],"predecessor-version":[{"id":33921,"href":"https:\/\/wp.ufpel.edu.br\/progep\/wp-json\/wp\/v2\/pages\/16668\/revisions\/33921"}],"wp:attachment":[{"href":"https:\/\/wp.ufpel.edu.br\/progep\/wp-json\/wp\/v2\/media?parent=16668"}],"curies":[{"name":"wp","href":"https:\/\/api.w.org\/{rel}","templated":true}]}}