{"id":16523,"date":"2020-10-30T08:08:58","date_gmt":"2020-10-30T11:08:58","guid":{"rendered":"https:\/\/wp.ufpel.edu.br\/progep\/?page_id=16523"},"modified":"2025-06-30T13:46:48","modified_gmt":"2025-06-30T16:46:48","slug":"capacita-na-web-outubro-rosa-e-novembro-azul-importancia-da-prevencao","status":"publish","type":"page","link":"https:\/\/wp.ufpel.edu.br\/progep\/capacita-na-web-outubro-rosa-e-novembro-azul-importancia-da-prevencao\/","title":{"rendered":"Capacita\u00e7\u00e3o: Capacita na web: Outubro Rosa e Novembro Azul: import\u00e2ncia da preven\u00e7\u00e3o."},"content":{"rendered":"<p><strong>Facilitadores: <\/strong>M\u00e9dicos Lu\u00eds Ol\u00edmpio Dias Jord\u00e3o e\u00a0 Josayres Armindo Buss Cecconi<\/p>\n<p><strong>Data:<\/strong> 11\/11\/2020 (quarta-feira)<\/p>\n<p><strong>Hora:\u00a0<\/strong>das 10h \u00e0s 11h30min<\/p>\n<p><strong>Realiza\u00e7\u00e3o:<\/strong>\u00a0plataforma Webconf da UFPel (na modalidade\u00a0<em>on-line)<\/em><\/p>\n<p><strong>Ementa: <\/strong>Esses meses coloridos dizem respeito a mobiliza\u00e7\u00f5es mundiais para prevenir o c\u00e2ncer de mama e o c\u00e2ncer de pr\u00f3stata, funcionando como alertas para mulheres e homens.<\/p>\n<p><strong>P\u00fablico Alvo<\/strong>: Servidores docentes e TAE\u2019s ativos*<\/p>\n<p><strong>Per\u00edodo de inscri\u00e7\u00e3o<\/strong>: 30\/10 a 09\/11\/2020<\/p>\n<p><strong>Divulga\u00e7\u00e3o das inscri\u00e7\u00f5es homologadas<\/strong>: 10\/11**, nesta p\u00e1gina.<\/p>\n<p>*Considerando a Pol\u00edtica Nacional de Desenvolvimento de Pessoas, conforme Decreto n\u00ba 9.991\/19, somente ser\u00e3o certificados os servidores p\u00fablicos pertencentes ao Quadro Efetivo da UFPel.<\/p>\n<p>**Quando homologadas as inscri\u00e7\u00f5es, os selecionados receber\u00e3o e-mail com instru\u00e7\u00f5es de acesso \u00e0 sala de Webconf da UFPel.<\/p>\n<p><span style=\"color: #ff6600\"><strong><a style=\"color: #ff6600\" href=\"https:\/\/wp.ufpel.edu.br\/progep\/inscricoes-para-curso\/\">INSCRI\u00c7\u00d5ES AQUI!<\/a><\/strong><\/span><\/p>\n","protected":false},"excerpt":{"rendered":"<p>Facilitadores: M\u00e9dicos Lu\u00eds Ol\u00edmpio Dias Jord\u00e3o e\u00a0 Josayres Armindo Buss Cecconi Data: 11\/11\/2020 (quarta-feira) Hora:\u00a0das 10h \u00e0s 11h30min Realiza\u00e7\u00e3o:\u00a0plataforma Webconf da UFPel (na modalidade\u00a0on-line) Ementa: Esses meses coloridos dizem respeito a mobiliza\u00e7\u00f5es mundiais para prevenir o c\u00e2ncer de mama e o c\u00e2ncer de pr\u00f3stata, funcionando como alertas para mulheres e homens. P\u00fablico Alvo: Servidores docentes [&hellip;]<\/p>\n","protected":false},"author":21,"featured_media":0,"parent":0,"menu_order":0,"comment_status":"closed","ping_status":"closed","template":"","meta":{"footnotes":""},"class_list":["post-16523","page","type-page","status-publish","hentry"],"_links":{"self":[{"href":"https:\/\/wp.ufpel.edu.br\/progep\/wp-json\/wp\/v2\/pages\/16523","targetHints":{"allow":["GET"]}}],"collection":[{"href":"https:\/\/wp.ufpel.edu.br\/progep\/wp-json\/wp\/v2\/pages"}],"about":[{"href":"https:\/\/wp.ufpel.edu.br\/progep\/wp-json\/wp\/v2\/types\/page"}],"author":[{"embeddable":true,"href":"https:\/\/wp.ufpel.edu.br\/progep\/wp-json\/wp\/v2\/users\/21"}],"replies":[{"embeddable":true,"href":"https:\/\/wp.ufpel.edu.br\/progep\/wp-json\/wp\/v2\/comments?post=16523"}],"version-history":[{"count":4,"href":"https:\/\/wp.ufpel.edu.br\/progep\/wp-json\/wp\/v2\/pages\/16523\/revisions"}],"predecessor-version":[{"id":33930,"href":"https:\/\/wp.ufpel.edu.br\/progep\/wp-json\/wp\/v2\/pages\/16523\/revisions\/33930"}],"wp:attachment":[{"href":"https:\/\/wp.ufpel.edu.br\/progep\/wp-json\/wp\/v2\/media?parent=16523"}],"curies":[{"name":"wp","href":"https:\/\/api.w.org\/{rel}","templated":true}]}}