{"id":16451,"date":"2020-10-20T08:18:41","date_gmt":"2020-10-20T11:18:41","guid":{"rendered":"https:\/\/wp.ufpel.edu.br\/progep\/?page_id=16451"},"modified":"2025-06-30T13:41:40","modified_gmt":"2025-06-30T16:41:40","slug":"capacita-na-web-meditacao-como-um-espaco-de-auto-cuidado","status":"publish","type":"page","link":"https:\/\/wp.ufpel.edu.br\/progep\/capacita-na-web-meditacao-como-um-espaco-de-auto-cuidado\/","title":{"rendered":"Capacita\u00e7\u00e3o: Capacita na web: Medita\u00e7\u00e3o como um espa\u00e7o de auto cuidado"},"content":{"rendered":"<p><strong>Facilitadora:<\/strong> Cristine Ramos Zimmer<\/p>\n<p><strong>Data:<\/strong> 29\/10\/2020 (quinta-feira)<\/p>\n<p><strong>Hora:\u00a0<\/strong>das 14h \u00e0s 15h30min<\/p>\n<p><strong>Realiza\u00e7\u00e3o:<\/strong>\u00a0plataforma Webconf da UFPel (na modalidade\u00a0<em>on-line)<\/em><\/p>\n<p style=\"text-align: justify\"><strong>Ementa: <\/strong><span style=\"font-family: georgia, palatino, serif\">O cuidado interno n\u00e3o deve ser negligenciado em fun\u00e7\u00e3o do chamamento do mundo. Quando colocamos \u00eanfase em alguns aspectos, deixamos de cuidar de outros terrenos das nossas vidas.\u00a0Ao retornar para n\u00f3s, estamos nutrindo todas as partes que tiveram que depender do mundo para poder ser. Meditar \u00e9 sentir-se em casa, \u00e9 encontrar um lugar de conforto e quietude para viver. Se n\u00e3o estamos encontrando paz, sa\u00edmos em busca de algo que nos fa\u00e7a bem. Nesse encontro vamos\u00a0\u00a0contemplar como\u00a0nossos h\u00e1bitos emocionais se manifestam de momento a momento e a import\u00e2ncia em desenvolver presen\u00e7a mental para transform\u00e1-los e de desenvolver uma vida emocional saud\u00e1vel.<\/span><\/p>\n<p><strong>P\u00fablico Alvo<\/strong>: Servidores docentes e TAE\u2019s ativos*<\/p>\n<p><strong>Per\u00edodo de inscri\u00e7\u00e3o<\/strong>: <span style=\"background-color: #ffffff\">20\/10 a 27<\/span>\/10\/2020<\/p>\n<p><strong>Divulga\u00e7\u00e3o das inscri\u00e7\u00f5es homologadas<\/strong>: 28\/10**, nesta p\u00e1gina.<\/p>\n<p>*Considerando a Pol\u00edtica Nacional de Desenvolvimento de Pessoas, conforme Decreto n\u00ba 9.991\/19, somente ser\u00e3o certificados os servidores p\u00fablicos pertencentes ao Quadro Efetivo da UFPel.<\/p>\n<p>**Quando homologadas as inscri\u00e7\u00f5es, os selecionados receber\u00e3o e-mail com instru\u00e7\u00f5es de acesso \u00e0 sala de Webconf da UFPel.<\/p>\n<p><strong><span style=\"color: #ff6600\"><a style=\"color: #ff6600\" href=\"https:\/\/wp.ufpel.edu.br\/progep\/files\/2020\/10\/homologa-inscritos_MEDITACAO-OUTUBRO.pdf\">INSCRI\u00c7\u00d5ES HOMOLOGADAS<\/a><\/span><\/strong><\/p>\n<p>&nbsp;<\/p>\n","protected":false},"excerpt":{"rendered":"<p>Facilitadora: Cristine Ramos Zimmer Data: 29\/10\/2020 (quinta-feira) Hora:\u00a0das 14h \u00e0s 15h30min Realiza\u00e7\u00e3o:\u00a0plataforma Webconf da UFPel (na modalidade\u00a0on-line) Ementa: O cuidado interno n\u00e3o deve ser negligenciado em fun\u00e7\u00e3o do chamamento do mundo. Quando colocamos \u00eanfase em alguns aspectos, deixamos de cuidar de outros terrenos das nossas vidas.\u00a0Ao retornar para n\u00f3s, estamos nutrindo todas as partes que [&hellip;]<\/p>\n","protected":false},"author":21,"featured_media":0,"parent":0,"menu_order":0,"comment_status":"closed","ping_status":"closed","template":"","meta":{"footnotes":""},"class_list":["post-16451","page","type-page","status-publish","hentry"],"_links":{"self":[{"href":"https:\/\/wp.ufpel.edu.br\/progep\/wp-json\/wp\/v2\/pages\/16451","targetHints":{"allow":["GET"]}}],"collection":[{"href":"https:\/\/wp.ufpel.edu.br\/progep\/wp-json\/wp\/v2\/pages"}],"about":[{"href":"https:\/\/wp.ufpel.edu.br\/progep\/wp-json\/wp\/v2\/types\/page"}],"author":[{"embeddable":true,"href":"https:\/\/wp.ufpel.edu.br\/progep\/wp-json\/wp\/v2\/users\/21"}],"replies":[{"embeddable":true,"href":"https:\/\/wp.ufpel.edu.br\/progep\/wp-json\/wp\/v2\/comments?post=16451"}],"version-history":[{"count":6,"href":"https:\/\/wp.ufpel.edu.br\/progep\/wp-json\/wp\/v2\/pages\/16451\/revisions"}],"predecessor-version":[{"id":33894,"href":"https:\/\/wp.ufpel.edu.br\/progep\/wp-json\/wp\/v2\/pages\/16451\/revisions\/33894"}],"wp:attachment":[{"href":"https:\/\/wp.ufpel.edu.br\/progep\/wp-json\/wp\/v2\/media?parent=16451"}],"curies":[{"name":"wp","href":"https:\/\/api.w.org\/{rel}","templated":true}]}}