{"id":16122,"date":"2020-09-08T17:44:44","date_gmt":"2020-09-08T20:44:44","guid":{"rendered":"https:\/\/wp.ufpel.edu.br\/progep\/?page_id=16122"},"modified":"2025-06-30T13:43:01","modified_gmt":"2025-06-30T16:43:01","slug":"capacita-na-web-acessibilidade-para-surdos-na-ufpel","status":"publish","type":"page","link":"https:\/\/wp.ufpel.edu.br\/progep\/capacita-na-web-acessibilidade-para-surdos-na-ufpel\/","title":{"rendered":"Capacita\u00e7\u00e3o: Capacita na web: Acessibilidade para surdos na UFPel"},"content":{"rendered":"<p><strong>Facilitadores: <\/strong>Tradutora e Int\u00e9rprete de Libras Juliana Sanches dos Santos e professor Daniel Lopes Romeu<\/p>\n<p><strong>Data:<\/strong> 25\/09\/2020 (sexta-feira)<\/p>\n<p><strong>Hora:\u00a0<\/strong>das 09:30 h \u00e0s 11:30 h<\/p>\n<p><strong>Realiza\u00e7\u00e3o:<\/strong> plataforma Webconf da UFPel<\/p>\n<p style=\"text-align: justify\"><strong>Ementa: <\/strong>Estrat\u00e9gias t\u00e9cnicas e pedag\u00f3gicas para tornar a Universidade Federal de Pelotas mais acess\u00edvel aos surdos. As particularidades lingu\u00edsticas e culturais da comunidade surda universit\u00e1ria. Acessibilidade para al\u00e9m da presen\u00e7a de Tradutores Int\u00e9rpretes de Libras. Dicas de estrat\u00e9gias e metodologias de ensino para surdos da gradua\u00e7\u00e3o e p\u00f3s gradua\u00e7\u00e3o. Atendimento ao surdo nos setores da institui\u00e7\u00e3o. Aproxima\u00e7\u00e3o com sujeito surdo, empatia, uso da l\u00edngua de sinais e comunica\u00e7\u00e3o visual para propiciar acessibilidade em todos os \u00e2mbitos da institui\u00e7\u00e3o. Diminui\u00e7\u00e3o das barreiras comunicacionais em geral na UFPel.<\/p>\n<p><strong>P\u00fablico Alvo<\/strong>: Servidores docentes e TAE\u2019s ativos*<\/p>\n<p><strong>Per\u00edodo de inscri\u00e7\u00e3o<\/strong>: 08\/09 a 22\/09\/2020<\/p>\n<p><strong>Divulga\u00e7\u00e3o das inscri\u00e7\u00f5es homologadas<\/strong>: 23\/09 **, nesta p\u00e1gina.<\/p>\n<p>*Considerando a Pol\u00edtica Nacional de Desenvolvimento de Pessoas, conforme Decreto n\u00ba 9.991\/19, somente ser\u00e3o certificados os servidores p\u00fablicos pertencentes ao Quadro Efetivo da UFPel.<\/p>\n<p>**Quando homologadas as inscri\u00e7\u00f5es, os selecionados receber\u00e3o e-mail com instru\u00e7\u00f5es de acesso \u00e0 sala de Webconf da UFPel.<\/p>\n<p><span style=\"color: #ff6600\"><a style=\"color: #ff6600\" href=\"https:\/\/wp.ufpel.edu.br\/progep\/files\/2020\/09\/homologa-inscritos_-ACESSIBILIDADE-PARA-SURDOS.pdf\">INSCRI\u00c7\u00d5ES HOMOLOGADAS<\/a><\/span><\/p>\n<p><img class=\"aligncenter wp-image-15628\" src=\"https:\/\/wp.ufpel.edu.br\/progep\/files\/2020\/07\/ACESSIVEL.EM_.LIBRAS.jpg\" alt=\"\" width=\"103\" height=\"155\" \/><\/p>\n","protected":false},"excerpt":{"rendered":"<p>Facilitadores: Tradutora e Int\u00e9rprete de Libras Juliana Sanches dos Santos e professor Daniel Lopes Romeu Data: 25\/09\/2020 (sexta-feira) Hora:\u00a0das 09:30 h \u00e0s 11:30 h Realiza\u00e7\u00e3o: plataforma Webconf da UFPel Ementa: Estrat\u00e9gias t\u00e9cnicas e pedag\u00f3gicas para tornar a Universidade Federal de Pelotas mais acess\u00edvel aos surdos. As particularidades lingu\u00edsticas e culturais da comunidade surda universit\u00e1ria. Acessibilidade [&hellip;]<\/p>\n","protected":false},"author":21,"featured_media":0,"parent":0,"menu_order":0,"comment_status":"closed","ping_status":"closed","template":"","meta":{"footnotes":""},"class_list":["post-16122","page","type-page","status-publish","hentry"],"_links":{"self":[{"href":"https:\/\/wp.ufpel.edu.br\/progep\/wp-json\/wp\/v2\/pages\/16122","targetHints":{"allow":["GET"]}}],"collection":[{"href":"https:\/\/wp.ufpel.edu.br\/progep\/wp-json\/wp\/v2\/pages"}],"about":[{"href":"https:\/\/wp.ufpel.edu.br\/progep\/wp-json\/wp\/v2\/types\/page"}],"author":[{"embeddable":true,"href":"https:\/\/wp.ufpel.edu.br\/progep\/wp-json\/wp\/v2\/users\/21"}],"replies":[{"embeddable":true,"href":"https:\/\/wp.ufpel.edu.br\/progep\/wp-json\/wp\/v2\/comments?post=16122"}],"version-history":[{"count":8,"href":"https:\/\/wp.ufpel.edu.br\/progep\/wp-json\/wp\/v2\/pages\/16122\/revisions"}],"predecessor-version":[{"id":33901,"href":"https:\/\/wp.ufpel.edu.br\/progep\/wp-json\/wp\/v2\/pages\/16122\/revisions\/33901"}],"wp:attachment":[{"href":"https:\/\/wp.ufpel.edu.br\/progep\/wp-json\/wp\/v2\/media?parent=16122"}],"curies":[{"name":"wp","href":"https:\/\/api.w.org\/{rel}","templated":true}]}}