{"id":15973,"date":"2020-08-19T15:25:16","date_gmt":"2020-08-19T18:25:16","guid":{"rendered":"https:\/\/wp.ufpel.edu.br\/progep\/?page_id=15973"},"modified":"2025-06-11T14:58:07","modified_gmt":"2025-06-11T17:58:07","slug":"nomeacoes-edital-02-2019-cargos-de-nivel-c-e-d","status":"publish","type":"page","link":"https:\/\/wp.ufpel.edu.br\/progep\/nomeacoes-edital-02-2019-cargos-de-nivel-c-e-d\/","title":{"rendered":"Nomea\u00e7\u00f5es &#8211; Edital 02\/2019 &#8211; cargos de n\u00edvel C e D"},"content":{"rendered":"\n<div class=\"wp-block-group\" style=\"padding:0\"><div class=\"wp-block-group__inner-container is-layout-constrained wp-block-group-is-layout-constrained\">\n<div class=\"logoTituloModelStyle\" style=\"padding:0\"><img class=\"size-medium wp-image-27184 alignleft\" src=\"https:\/\/wp.ufpel.edu.br\/progep\/files\/2025\/03\/logo-progep_atualizacao-nome_AZUL.png\" style=\"padding:0\" alt=\"\" \/><\/p>\n<div style=\"padding:2rem 0.3rem\"><strong>Nomea\u00e7\u00f5es &#8211; Edital 02\/2019<\/strong><\/div>\n<\/div>\n<hr class=\"hrModelStyle\" \/>\n<div class=\"descriptionModelStyle\">Acompanhe nesta p\u00e1gina a publica\u00e7\u00e3o dos\/as nomeados\/as para cargos t\u00e9cnicos na UFPEL.<\/div>\n<\/div><\/div>\n\n\n<div class=\"pagNomeacoesStyle\">\n<div class=\"cargosNomeConvStyle\">\n<div class=\"cargosTitleStyle\"> Cargos nesta p\u00e1gina:<\/div>\n<div class=\"cargosStyle\">\n<p>Assistente de Tecnologia da Informa\u00e7\u00e3o<\/p>\n<p>T\u00e9cnico em Geologia<\/p>\n<p>T\u00e9cnico em Hidrologia<\/p>\n<p>T\u00e9cnico em Meteorologia<\/p>\n<\/div>\n<\/div>\n<p> Confira a p\u00e1gina com as informa\u00e7\u00f5es a respeito do certame: <\/p>\n<a href=\"http:\/\/ces.ufpel.edu.br\/conctecadmed0002_2019\/\" target=\"_blank\">Certame do Edital 02\/2019<\/a>\n<div class=\"titleStyle\"><strong>Cargo<\/strong>: Assistente de Tecnologia da Informa\u00e7\u00e3o<\/div>\n\n<table id=\"tablepress-86\" class=\"tablepress tablepress-id-86\">\n<thead>\n<tr class=\"row-1\">\n\t<th class=\"column-1\">Posi\u00e7\u00e3o<\/th><th class=\"column-2\">Nome<\/th><th class=\"column-3\">Modalidade<\/th><th class=\"column-4\">Situa\u00e7\u00e3o<\/th>\n<\/tr>\n<\/thead>\n<tbody class=\"row-striping row-hover\">\n<tr class=\"row-2\">\n\t<td class=\"column-1\">1<\/td><td class=\"column-2\">LUIS FILIPE FERNANDES CARVALHO<\/td><td class=\"column-3\">Ampla concorr\u00eancia<\/td><td class=\"column-4\">tornada s\/efeito<\/td>\n<\/tr>\n<tr class=\"row-3\">\n\t<td class=\"column-1\">2<\/td><td class=\"column-2\">PATRICIA TEIXEIRA DAVET<\/td><td class=\"column-3\">Ampla concorr\u00eancia<\/td><td class=\"column-4\">Nomeada em 21\/02\/2022<\/td>\n<\/tr>\n<tr class=\"row-4\">\n\t<td class=\"column-1\">3<\/td><td class=\"column-2\">VITOR XAVIER DOS SANTOS LINHARES<\/td><td class=\"column-3\">Cota Racial<\/td><td class=\"column-4\"><\/td>\n<\/tr>\n<tr class=\"row-5\">\n\t<td class=\"column-1\">4<\/td><td class=\"column-2\">EDUARDO TIMM KRUGER<\/td><td class=\"column-3\">Ampla concorr\u00eancia<\/td><td class=\"column-4\"><\/td>\n<\/tr>\n<tr class=\"row-6\">\n\t<td class=\"column-1\">5<\/td><td class=\"column-2\">RODRIGO DE SOUZA IUNES<\/td><td class=\"column-3\">Ampla concorr\u00eancia<\/td><td class=\"column-4\"><\/td>\n<\/tr>\n<tr class=\"row-7\">\n\t<td class=\"column-1\">6<\/td><td class=\"column-2\">RODRIGO DE FARIA RODRIGUES<\/td><td class=\"column-3\">Ampla concorr\u00eancia<\/td><td class=\"column-4\"><\/td>\n<\/tr>\n<\/tbody>\n<\/table>\n<!-- #tablepress-86 from cache -->\n<div class=\"titleStyle\"><strong>Cargo<\/strong>: T\u00e9cnico em Geologia<\/div>\n\n<table id=\"tablepress-87\" class=\"tablepress tablepress-id-87\">\n<thead>\n<tr class=\"row-1\">\n\t<th class=\"column-1\">Posi\u00e7\u00e3o<\/th><th class=\"column-2\">Nome<\/th><th class=\"column-3\">Modalidade<\/th><th class=\"column-4\">Situa\u00e7\u00e3o<\/th>\n<\/tr>\n<\/thead>\n<tbody class=\"row-striping row-hover\">\n<tr class=\"row-2\">\n\t<td class=\"column-1\">1<\/td><td class=\"column-2\">AHARON ISRAEL BARREIRO SALDANHA<\/td><td class=\"column-3\">Ampla concorr\u00eancia<\/td><td class=\"column-4\">Tornada sem efeito<\/td>\n<\/tr>\n<tr class=\"row-3\">\n\t<td class=\"column-1\">2<\/td><td class=\"column-2\">SEAN CARLOS MEDEIROS SOUZA<\/td><td class=\"column-3\">Ampla concorr\u00eancia<\/td><td class=\"column-4\">Nomeado em 20\/10\/2020<\/td>\n<\/tr>\n<tr class=\"row-4\">\n\t<td class=\"column-1\">3<\/td><td class=\"column-2\">LEANDRO FERNANDES DA SILVA<\/td><td class=\"column-3\">Ampla concorr\u00eancia<\/td><td class=\"column-4\">Nomeado em 30\/05\/2022<\/td>\n<\/tr>\n<tr class=\"row-5\">\n\t<td class=\"column-1\">4<\/td><td class=\"column-2\">RODRIGO DA SILVA TRENTIN<\/td><td class=\"column-3\">Ampla concorr\u00eancia<\/td><td class=\"column-4\"><\/td>\n<\/tr>\n<tr class=\"row-6\">\n\t<td class=\"column-1\">5<\/td><td class=\"column-2\">JESSICA STERN BEHLING<\/td><td class=\"column-3\">Ampla concorr\u00eancia<\/td><td class=\"column-4\"><\/td>\n<\/tr>\n<tr class=\"row-7\">\n\t<td class=\"column-1\">6<\/td><td class=\"column-2\">JULIANA MACIEL BICCA<\/td><td class=\"column-3\">Ampla concorr\u00eancia<\/td><td class=\"column-4\"><\/td>\n<\/tr>\n<\/tbody>\n<\/table>\n<!-- #tablepress-87 from cache -->\n<div class=\"titleStyle\"><strong>Cargo<\/strong>: T\u00e9cnico em Hidrologia<\/div>\n\n<table id=\"tablepress-88\" class=\"tablepress tablepress-id-88\">\n<thead>\n<tr class=\"row-1\">\n\t<th class=\"column-1\">Posi\u00e7\u00e3o<\/th><th class=\"column-2\">Nome<\/th><th class=\"column-3\">Modalidade<\/th><th class=\"column-4\">Situa\u00e7\u00e3o<\/th>\n<\/tr>\n<\/thead>\n<tbody class=\"row-striping row-hover\">\n<tr class=\"row-2\">\n\t<td class=\"column-1\">1<\/td><td class=\"column-2\">ERIKA MATTE PERALTA<\/td><td class=\"column-3\">Ampla concorr\u00eancia<\/td><td class=\"column-4\">Nomeada em 17\/09\/2020<\/td>\n<\/tr>\n<\/tbody>\n<\/table>\n<!-- #tablepress-88 from cache -->\n<div class=\"titleStyle\"><strong>Cargo<\/strong>: T\u00e9cnico em Meteorologia<\/div>\n\n<table id=\"tablepress-89\" class=\"tablepress tablepress-id-89\">\n<thead>\n<tr class=\"row-1\">\n\t<th class=\"column-1\">Posi\u00e7\u00e3o<\/th><th class=\"column-2\">Nome<\/th><th class=\"column-3\">Modalidade<\/th><th class=\"column-4\">Situa\u00e7\u00e3o<\/th>\n<\/tr>\n<\/thead>\n<tbody class=\"row-striping row-hover\">\n<tr class=\"row-2\">\n\t<td class=\"column-1\">1<\/td><td class=\"column-2\">ALCIMONI NELCI COMIN<\/td><td class=\"column-3\">Ampla concorr\u00eancia<\/td><td class=\"column-4\"><\/td>\n<\/tr>\n<tr class=\"row-3\">\n\t<td class=\"column-1\">2<\/td><td class=\"column-2\">DEBORA DE SOUZA SIMOES<\/td><td class=\"column-3\">Ampla concorr\u00eancia<\/td><td class=\"column-4\"><\/td>\n<\/tr>\n<tr class=\"row-4\">\n\t<td class=\"column-1\">3<\/td><td class=\"column-2\">IANUSKA RAMOS OLIVEIRA<\/td><td class=\"column-3\">Cota Racial<\/td><td class=\"column-4\">Nomeada em 17\/09\/2020<\/td>\n<\/tr>\n<tr class=\"row-5\">\n\t<td class=\"column-1\">4<\/td><td class=\"column-2\">LAIS SAN MARTINS SCHMALFUSS<\/td><td class=\"column-3\">Ampla concorr\u00eancia<\/td><td class=\"column-4\"><\/td>\n<\/tr>\n<tr class=\"row-6\">\n\t<td class=\"column-1\">5<\/td><td class=\"column-2\">WILLIAM BORGES ALDRIGHI<\/td><td class=\"column-3\">Ampla concorr\u00eancia<\/td><td class=\"column-4\"><\/td>\n<\/tr>\n<\/tbody>\n<\/table>\n<!-- #tablepress-89 from cache -->\n<\/div>","protected":false},"excerpt":{"rendered":"<p>Nomea\u00e7\u00f5es &#8211; Edital 02\/2019 Acompanhe nesta p\u00e1gina a publica\u00e7\u00e3o dos\/as nomeados\/as para cargos t\u00e9cnicos na UFPEL. Cargos nesta p\u00e1gina: Assistente de Tecnologia da Informa\u00e7\u00e3o T\u00e9cnico em Geologia T\u00e9cnico em Hidrologia T\u00e9cnico em Meteorologia Confira a p\u00e1gina com as informa\u00e7\u00f5es a respeito do certame: Certame do Edital 02\/2019 Cargo: Assistente de Tecnologia da Informa\u00e7\u00e3o Cargo: T\u00e9cnico [&hellip;]<\/p>\n","protected":false},"author":52,"featured_media":0,"parent":0,"menu_order":0,"comment_status":"closed","ping_status":"closed","template":"","meta":{"footnotes":""},"class_list":["post-15973","page","type-page","status-publish","hentry"],"_links":{"self":[{"href":"https:\/\/wp.ufpel.edu.br\/progep\/wp-json\/wp\/v2\/pages\/15973","targetHints":{"allow":["GET"]}}],"collection":[{"href":"https:\/\/wp.ufpel.edu.br\/progep\/wp-json\/wp\/v2\/pages"}],"about":[{"href":"https:\/\/wp.ufpel.edu.br\/progep\/wp-json\/wp\/v2\/types\/page"}],"author":[{"embeddable":true,"href":"https:\/\/wp.ufpel.edu.br\/progep\/wp-json\/wp\/v2\/users\/52"}],"replies":[{"embeddable":true,"href":"https:\/\/wp.ufpel.edu.br\/progep\/wp-json\/wp\/v2\/comments?post=15973"}],"version-history":[{"count":11,"href":"https:\/\/wp.ufpel.edu.br\/progep\/wp-json\/wp\/v2\/pages\/15973\/revisions"}],"predecessor-version":[{"id":33124,"href":"https:\/\/wp.ufpel.edu.br\/progep\/wp-json\/wp\/v2\/pages\/15973\/revisions\/33124"}],"wp:attachment":[{"href":"https:\/\/wp.ufpel.edu.br\/progep\/wp-json\/wp\/v2\/media?parent=15973"}],"curies":[{"name":"wp","href":"https:\/\/api.w.org\/{rel}","templated":true}]}}