{"id":15848,"date":"2020-08-10T15:52:34","date_gmt":"2020-08-10T18:52:34","guid":{"rendered":"https:\/\/wp.ufpel.edu.br\/progep\/?page_id=15848"},"modified":"2025-06-30T13:43:46","modified_gmt":"2025-06-30T16:43:46","slug":"yoga-em-movimento-via-web-para-servidores","status":"publish","type":"page","link":"https:\/\/wp.ufpel.edu.br\/progep\/yoga-em-movimento-via-web-para-servidores\/","title":{"rendered":"Capacita\u00e7\u00e3o: Yoga em movimento via web para servidores"},"content":{"rendered":"<p><strong>Ministrante: <\/strong>Prof\u00aa. Ani\u00ea Coutinho de Oliveira<\/p>\n<p><b>Modalidade:\u00a0<\/b><em>on line<\/em>\u00a0(com tutoria)<\/p>\n<p><strong>Carga hor\u00e1ria:<\/strong> 16 horas<\/p>\n<p class=\"v1MsoNormal\"><strong>Per\u00edodo<\/strong>: 21 de agosto a 14 de outubro de 2020<\/p>\n<p class=\"v1MsoNormal\"><strong>Realiza\u00e7\u00e3o<\/strong>: plataforma Webconf da UFPel<\/p>\n<p><strong>S\u00famula<\/strong>:<\/p>\n<ul>\n<li class=\"Texto_Justificado\">Posturas simples do Yoga tradicional;<\/li>\n<li class=\"Texto_Justificado\">Exerc\u00edcios para desbloqueio das principais articula\u00e7\u00f5es;<\/li>\n<li class=\"Texto_Justificado\">T\u00e9cnicas respirat\u00f3rias;<\/li>\n<li class=\"Texto_Justificado\">T\u00e9cnicas de relaxamento;<\/li>\n<li class=\"Texto_Justificado\">Medita\u00e7\u00e3o.<\/li>\n<\/ul>\n<p><strong>Metodologia: <\/strong>Aulas semanais de Yoga com dura\u00e7\u00e3o de 60 minutos, via web, para pequenos grupos em formato s\u00edncrono, pela plataforma Webconf da UFPel.<\/p>\n<p>A participa\u00e7\u00e3o no curso, necessita o uso de <strong>c\u00e2meras ativadas<\/strong>, para as pr\u00e1ticas propostas.<\/p>\n<p><strong>Turmas disponibilizadas:<\/strong><\/p>\n<ul>\n<li class=\"Texto_Justificado_Recuo_Primeira_Linha\"><strong>Grupo 1: <\/strong>Quartas e sextas-feiras das 9h \u00e0s 10h<\/li>\n<li class=\"Texto_Justificado_Recuo_Primeira_Linha\"><strong>Grupo 2: <\/strong>Quartas e sextas-feiras das 18h \u00e0s 19h<\/li>\n<\/ul>\n<p><b><strong>Avalia\u00e7\u00e3o: <\/strong><\/b>Frequ\u00eancia m\u00ednima de 75%<\/p>\n<p class=\"v1MsoNormal\"><strong>P\u00fablico Alvo<\/strong>: Servidores docentes e TAE\u2019s ativos*<\/p>\n<p><strong>N\u00famero de vagas:<\/strong> 12 por grupo (vagas limitadas por ordem de inscri\u00e7\u00e3o)**<\/p>\n<p><strong>Per\u00edodo de inscri\u00e7\u00e3o<\/strong>: <span style=\"color: #ff0000\">Inscri\u00e7\u00f5es encerradas antecipadamente, tendo em vista o n\u00famero de inscritos muito superior ao de vagas disponibilizadas.<\/span><\/p>\n<p><strong>Divulga\u00e7\u00e3o das inscri\u00e7\u00f5es homologadas<\/strong>: 19\/08***, nesta p\u00e1gina.<\/p>\n<p>*Considerando a Pol\u00edtica Nacional de Desenvolvimento de Pessoas, conforme Decreto n\u00ba 9.991\/19, somente ser\u00e3o certificados os servidores p\u00fablicos pertencentes ao Quadro Efetivo da UFPel.<\/p>\n<p>**Vagas destinadas \u00e0 servidores pertencentes ao Quadro Efetivo da UFPel, preferencialmente.<\/p>\n<p>*** Quando da homologa\u00e7\u00e3o das inscri\u00e7\u00f5es, os selecionados receber\u00e3o e-mail com instru\u00e7\u00f5es de acesso \u00e0 sala de Webconf da UFPel.<\/p>\n<p><strong><span style=\"color: #ff6600\"><a style=\"color: #ff6600\" href=\"https:\/\/wp.ufpel.edu.br\/progep\/files\/2020\/08\/HOMOLOGA_inscritos_YOGA-GRUPO-1.pdf\">INSCRI\u00c7\u00d5ES HOMOLOGADAS &#8211; GRUPO 1<\/a><\/span><\/strong><\/p>\n<p><strong><span style=\"color: #ff6600\"><a style=\"color: #ff6600\" href=\"https:\/\/wp.ufpel.edu.br\/progep\/files\/2020\/08\/HOMOLOGA_inscritos_YOGA-GRUPO-2.pdf\">INSCRI\u00c7\u00d5ES HOMOLOGADAS &#8211; GRUPO 2<\/a><\/span><\/strong><\/p>\n<p><strong><span style=\"color: #ff6600\"><a style=\"color: #ff6600\" href=\"https:\/\/wp.ufpel.edu.br\/progep\/files\/2020\/08\/HOMOLOGA_inscritos_YOGA-GRUPO-3.pdf\">INSCRI\u00c7\u00d5ES HOMOLOGADAS &#8211; GRUPO 3 (suplentes)<\/a><\/span><\/strong><\/p>\n","protected":false},"excerpt":{"rendered":"<p>Ministrante: Prof\u00aa. Ani\u00ea Coutinho de Oliveira Modalidade:\u00a0on line\u00a0(com tutoria) Carga hor\u00e1ria: 16 horas Per\u00edodo: 21 de agosto a 14 de outubro de 2020 Realiza\u00e7\u00e3o: plataforma Webconf da UFPel S\u00famula: Posturas simples do Yoga tradicional; Exerc\u00edcios para desbloqueio das principais articula\u00e7\u00f5es; T\u00e9cnicas respirat\u00f3rias; T\u00e9cnicas de relaxamento; Medita\u00e7\u00e3o. Metodologia: Aulas semanais de Yoga com dura\u00e7\u00e3o de 60 [&hellip;]<\/p>\n","protected":false},"author":21,"featured_media":0,"parent":0,"menu_order":0,"comment_status":"closed","ping_status":"closed","template":"","meta":{"footnotes":""},"class_list":["post-15848","page","type-page","status-publish","hentry"],"_links":{"self":[{"href":"https:\/\/wp.ufpel.edu.br\/progep\/wp-json\/wp\/v2\/pages\/15848","targetHints":{"allow":["GET"]}}],"collection":[{"href":"https:\/\/wp.ufpel.edu.br\/progep\/wp-json\/wp\/v2\/pages"}],"about":[{"href":"https:\/\/wp.ufpel.edu.br\/progep\/wp-json\/wp\/v2\/types\/page"}],"author":[{"embeddable":true,"href":"https:\/\/wp.ufpel.edu.br\/progep\/wp-json\/wp\/v2\/users\/21"}],"replies":[{"embeddable":true,"href":"https:\/\/wp.ufpel.edu.br\/progep\/wp-json\/wp\/v2\/comments?post=15848"}],"version-history":[{"count":19,"href":"https:\/\/wp.ufpel.edu.br\/progep\/wp-json\/wp\/v2\/pages\/15848\/revisions"}],"predecessor-version":[{"id":33909,"href":"https:\/\/wp.ufpel.edu.br\/progep\/wp-json\/wp\/v2\/pages\/15848\/revisions\/33909"}],"wp:attachment":[{"href":"https:\/\/wp.ufpel.edu.br\/progep\/wp-json\/wp\/v2\/media?parent=15848"}],"curies":[{"name":"wp","href":"https:\/\/api.w.org\/{rel}","templated":true}]}}