{"id":15747,"date":"2020-07-28T10:20:27","date_gmt":"2020-07-28T13:20:27","guid":{"rendered":"https:\/\/wp.ufpel.edu.br\/progep\/?page_id=15747"},"modified":"2025-06-30T13:44:07","modified_gmt":"2025-06-30T16:44:07","slug":"capacita-na-web-possibilidades-e-ferramentas-para-o-ensino-remoto","status":"publish","type":"page","link":"https:\/\/wp.ufpel.edu.br\/progep\/capacita-na-web-possibilidades-e-ferramentas-para-o-ensino-remoto\/","title":{"rendered":"Capacita\u00e7\u00e3o: Capacita na web: Possibilidades e Ferramentas para o Ensino Remoto"},"content":{"rendered":"<p><strong>Facilitador(a): <\/strong>Prof\u00aa. Dr\u00aa. S\u00edlvia Porto Meirelles Leite<\/p>\n<p><strong>Data:<\/strong> 19\/08\/2020 (quarta-feira)<\/p>\n<p><strong>Hora:\u00a0<\/strong>das 16h \u00e0s 17h<\/p>\n<p><strong>Realiza\u00e7\u00e3o:<\/strong>\u00a0plataforma Webconf da UFPel (na modalidade\u00a0<em>on-line)<\/em><\/p>\n<p style=\"text-align: justify\"><strong>Ementa: <\/strong>Introdu\u00e7\u00e3o sobre o uso do Moodle na UFPEL e as possibilidades de articular o trabalho ass\u00edncrono com v\u00eddeo por alunos e professores no desenvolvimento de cursos e disciplinas no Moodle. Para tanto, ser\u00e3o apresentadas plataformas de armazenamento e compartilhamento de v\u00eddeos, destacando as diferen\u00e7as, os recursos e as possibilidades. Tamb\u00e9m ser\u00e3o apresentadas experi\u00eancias com esse tipo de trabalho.<\/p>\n<p><strong>P\u00fablico Alvo<\/strong>: Servidores docentes e TAE\u2019s ativos*<\/p>\n<p style=\"text-align: justify\"><strong>N\u00famero de vagas:<\/strong> 20 vagas. Tendo em vista, que as inscri\u00e7\u00f5es excedentes da a\u00e7\u00e3o do dia 12\/08, daqueles servidores que manifestaram interesse atrav\u00e9s do e-mail,\u00a0 foram transferidas para o dia 19\/08, e ainda considerando o limite m\u00e1ximo de participantes nas salas virtuais da webconf, est\u00e3o sendo disponibilizadas 20 vagas remanescentes para a capacita\u00e7\u00e3o.<\/p>\n<p><strong>Per\u00edodo de inscri\u00e7\u00e3o<\/strong>: 17\/08\/2020 (<strong>Atingido o limite de vagas dispon\u00edveis, as inscri\u00e7\u00f5es ser\u00e3o encerradas)<\/strong><\/p>\n<p><strong>Divulga\u00e7\u00e3o das inscri\u00e7\u00f5es homologadas<\/strong>: 18\/08**, nesta p\u00e1gina.<\/p>\n<p>* Considerando a Pol\u00edtica Nacional de Desenvolvimento de Pessoas, conforme Decreto n\u00ba 9.991\/19, somente ser\u00e3o certificados os servidores p\u00fablicos ativos pertencentes ao Quadro Efetivo da UFPel.<\/p>\n<p>** Quando da homologa\u00e7\u00e3o das inscri\u00e7\u00f5es, os selecionados receber\u00e3o e-mail com instru\u00e7\u00f5es de acesso \u00e0 sala de Webconf da UFPel.<\/p>\n<p><strong><span style=\"color: #ff6600\"><a style=\"color: #ff6600\" href=\"https:\/\/wp.ufpel.edu.br\/progep\/files\/2020\/08\/homologa_inscritos_-Possibilidades-e-ferramentas-para-o-Ensino-Remoto-turma-2.pdf\">INSCRI\u00c7\u00d5ES HOMOLOGADAS- TURMA 2<\/a><\/span><\/strong><\/p>\n<p><img class=\"aligncenter wp-image-15628\" src=\"https:\/\/wp.ufpel.edu.br\/progep\/files\/2020\/07\/ACESSIVEL.EM_.LIBRAS.jpg\" alt=\"\" width=\"157\" height=\"236\" \/><\/p>\n","protected":false},"excerpt":{"rendered":"<p>Facilitador(a): Prof\u00aa. Dr\u00aa. S\u00edlvia Porto Meirelles Leite Data: 19\/08\/2020 (quarta-feira) Hora:\u00a0das 16h \u00e0s 17h Realiza\u00e7\u00e3o:\u00a0plataforma Webconf da UFPel (na modalidade\u00a0on-line) Ementa: Introdu\u00e7\u00e3o sobre o uso do Moodle na UFPEL e as possibilidades de articular o trabalho ass\u00edncrono com v\u00eddeo por alunos e professores no desenvolvimento de cursos e disciplinas no Moodle. Para tanto, ser\u00e3o apresentadas [&hellip;]<\/p>\n","protected":false},"author":21,"featured_media":0,"parent":0,"menu_order":0,"comment_status":"closed","ping_status":"closed","template":"","meta":{"footnotes":""},"class_list":["post-15747","page","type-page","status-publish","hentry"],"_links":{"self":[{"href":"https:\/\/wp.ufpel.edu.br\/progep\/wp-json\/wp\/v2\/pages\/15747","targetHints":{"allow":["GET"]}}],"collection":[{"href":"https:\/\/wp.ufpel.edu.br\/progep\/wp-json\/wp\/v2\/pages"}],"about":[{"href":"https:\/\/wp.ufpel.edu.br\/progep\/wp-json\/wp\/v2\/types\/page"}],"author":[{"embeddable":true,"href":"https:\/\/wp.ufpel.edu.br\/progep\/wp-json\/wp\/v2\/users\/21"}],"replies":[{"embeddable":true,"href":"https:\/\/wp.ufpel.edu.br\/progep\/wp-json\/wp\/v2\/comments?post=15747"}],"version-history":[{"count":15,"href":"https:\/\/wp.ufpel.edu.br\/progep\/wp-json\/wp\/v2\/pages\/15747\/revisions"}],"predecessor-version":[{"id":33913,"href":"https:\/\/wp.ufpel.edu.br\/progep\/wp-json\/wp\/v2\/pages\/15747\/revisions\/33913"}],"wp:attachment":[{"href":"https:\/\/wp.ufpel.edu.br\/progep\/wp-json\/wp\/v2\/media?parent=15747"}],"curies":[{"name":"wp","href":"https:\/\/api.w.org\/{rel}","templated":true}]}}