{"id":15720,"date":"2020-07-22T15:38:29","date_gmt":"2020-07-22T18:38:29","guid":{"rendered":"https:\/\/wp.ufpel.edu.br\/progep\/?page_id=15720"},"modified":"2025-06-30T13:38:49","modified_gmt":"2025-06-30T16:38:49","slug":"servicos-e-ferramentas-de-tecnologia-da-informacao-na-ufpel","status":"publish","type":"page","link":"https:\/\/wp.ufpel.edu.br\/progep\/servicos-e-ferramentas-de-tecnologia-da-informacao-na-ufpel\/","title":{"rendered":"Capacita\u00e7\u00e3o: Capacita na Web &#8211; Roda de Conversa Servi\u00e7os e Ferramentas de Tecnologia da Informa\u00e7\u00e3o na UFPEL"},"content":{"rendered":"<p><strong>Facilitadores: <\/strong>Pablo de Chiaro Rosa,\u00a0Tiago Camargo Al-Alam\u00a0e\u00a0Diorgenes Yuri Leal da Rosa<\/p>\n<p><strong>Data:<\/strong> 05\/08\/2020 (quarta-feira)<\/p>\n<p><strong>Hora:\u00a0<\/strong>das 14h30min \u00e0s 15h30min<\/p>\n<p><strong>Realiza\u00e7\u00e3o:<\/strong>\u00a0plataforma Webconf da UFPel (na modalidade\u00a0<em>on-line)<\/em><\/p>\n<p style=\"text-align: justify\"><strong>Ementa: <\/strong>Nesta conversa ser\u00e3o apresentados servi\u00e7os e ferramentas de TI que est\u00e3o disponibilizadas na UFPEL para facilitar a comunica\u00e7\u00e3o e disponibiliza\u00e7\u00e3o de dados no \u00e2mbito acad\u00eamico e administrativo. O objetivo \u00e9 apresentar e exemplificar para a comunidade op\u00e7\u00f5es para melhorias nos processos administrativos e nas atividades acad\u00eamicas com o uso dos servi\u00e7os e ferramentas j\u00e1 disponibilizadas na UFPEL.<\/p>\n<p><strong>P\u00fablico Alvo<\/strong>: Servidores docentes e TAE\u2019s ativos*<\/p>\n<p><strong>Per\u00edodo de inscri\u00e7\u00e3o<\/strong>: 22\/07 a 03\/08\/2020<\/p>\n<p><strong>Divulga\u00e7\u00e3o das inscri\u00e7\u00f5es homologadas<\/strong>: 04\/08**, nesta p\u00e1gina.<\/p>\n<p>* Considerando a Pol\u00edtica Nacional de Desenvolvimento de Pessoas, conforme Decreto n\u00ba 9.991\/19, somente ser\u00e3o certificados os servidores p\u00fablicos ativos pertencentes ao Quadro Efetivo da UFPel.<\/p>\n<p>** Quando da homologa\u00e7\u00e3o das inscri\u00e7\u00f5es, os selecionados receber\u00e3o e-mail com instru\u00e7\u00f5es de acesso \u00e0 sala de Webconf da UFPel.<\/p>\n<p><strong><span style=\"color: #ff6600\"><a style=\"color: #ff6600\" href=\"https:\/\/wp.ufpel.edu.br\/progep\/files\/2020\/08\/homologa_inscritos_-SERVICOS-E-FERRAMENTAS-DE-TI.pdf\">INSCRI\u00c7\u00d5ES HOMOLOGADAS<\/a><\/span><\/strong><\/p>\n<p>&nbsp;<\/p>\n<p><img class=\"aligncenter wp-image-15628\" src=\"https:\/\/wp.ufpel.edu.br\/progep\/files\/2020\/07\/ACESSIVEL.EM_.LIBRAS.jpg\" alt=\"\" width=\"131\" height=\"195\" \/><\/p>\n","protected":false},"excerpt":{"rendered":"<p>Facilitadores: Pablo de Chiaro Rosa,\u00a0Tiago Camargo Al-Alam\u00a0e\u00a0Diorgenes Yuri Leal da Rosa Data: 05\/08\/2020 (quarta-feira) Hora:\u00a0das 14h30min \u00e0s 15h30min Realiza\u00e7\u00e3o:\u00a0plataforma Webconf da UFPel (na modalidade\u00a0on-line) Ementa: Nesta conversa ser\u00e3o apresentados servi\u00e7os e ferramentas de TI que est\u00e3o disponibilizadas na UFPEL para facilitar a comunica\u00e7\u00e3o e disponibiliza\u00e7\u00e3o de dados no \u00e2mbito acad\u00eamico e administrativo. O objetivo \u00e9 [&hellip;]<\/p>\n","protected":false},"author":21,"featured_media":0,"parent":0,"menu_order":0,"comment_status":"closed","ping_status":"closed","template":"","meta":{"footnotes":""},"class_list":["post-15720","page","type-page","status-publish","hentry"],"_links":{"self":[{"href":"https:\/\/wp.ufpel.edu.br\/progep\/wp-json\/wp\/v2\/pages\/15720","targetHints":{"allow":["GET"]}}],"collection":[{"href":"https:\/\/wp.ufpel.edu.br\/progep\/wp-json\/wp\/v2\/pages"}],"about":[{"href":"https:\/\/wp.ufpel.edu.br\/progep\/wp-json\/wp\/v2\/types\/page"}],"author":[{"embeddable":true,"href":"https:\/\/wp.ufpel.edu.br\/progep\/wp-json\/wp\/v2\/users\/21"}],"replies":[{"embeddable":true,"href":"https:\/\/wp.ufpel.edu.br\/progep\/wp-json\/wp\/v2\/comments?post=15720"}],"version-history":[{"count":10,"href":"https:\/\/wp.ufpel.edu.br\/progep\/wp-json\/wp\/v2\/pages\/15720\/revisions"}],"predecessor-version":[{"id":33874,"href":"https:\/\/wp.ufpel.edu.br\/progep\/wp-json\/wp\/v2\/pages\/15720\/revisions\/33874"}],"wp:attachment":[{"href":"https:\/\/wp.ufpel.edu.br\/progep\/wp-json\/wp\/v2\/media?parent=15720"}],"curies":[{"name":"wp","href":"https:\/\/api.w.org\/{rel}","templated":true}]}}