{"id":15481,"date":"2020-06-22T17:20:26","date_gmt":"2020-06-22T20:20:26","guid":{"rendered":"https:\/\/wp.ufpel.edu.br\/progep\/?page_id=15481"},"modified":"2025-06-30T13:39:19","modified_gmt":"2025-06-30T16:39:19","slug":"capacita-na-web-roda-de-conversa-desinformacao-fake-news-e-infodemia-sobre-o-covid-19-no-brasil","status":"publish","type":"page","link":"https:\/\/wp.ufpel.edu.br\/progep\/capacita-na-web-roda-de-conversa-desinformacao-fake-news-e-infodemia-sobre-o-covid-19-no-brasil\/","title":{"rendered":"Capacita\u00e7\u00e3o: Capacita na Web Roda de Conversa: Desinforma\u00e7\u00e3o, &#8220;fake news&#8221; e infodemia sobre o COVID-19 no Brasil"},"content":{"rendered":"<p><strong>Facilitadores:<\/strong> Prof.\u00aa Raquel da Cunha Recuero, Felipe Bonow Soares e Taiane Volcan (pesquisadores do grupo MIDIARS)<\/p>\n<p><strong>Data:<\/strong> 09\/07\/2020 (quinta-feira)<\/p>\n<p><strong>Hora:\u00a0<\/strong>das 19h \u00e0s 20h<\/p>\n<p><strong>Realiza\u00e7\u00e3o:<\/strong>\u00a0plataforma Webconf da UFPel (na modalidade\u00a0<em>on-line)<\/em><\/p>\n<p style=\"text-align: justify\"><strong>Ementa: <\/strong>Nesta a\u00e7\u00e3o ser\u00e3o explicitados trabalhos sobre desinforma\u00e7\u00e3o, campanhas desinformativas e os problemas relacionados \u00e0 infodemia no combate ao novo coronav\u00edrus no Brasil.<\/p>\n<div>\n<p class=\"v1MsoNormal\" style=\"text-align: justify\"><strong>P\u00fablico Alvo<\/strong>: Servidores docentes e TAE\u2019s ativos<\/p>\n<\/div>\n<p><strong>Per\u00edodo de inscri\u00e7\u00e3o<\/strong>: 22\/06 a 06\/07\/2020<\/p>\n<p><strong>Divulga\u00e7\u00e3o das inscri\u00e7\u00f5es homologadas<\/strong>: 07\/07*, nesta p\u00e1gina.<\/p>\n<p>* Quando da homologa\u00e7\u00e3o das inscri\u00e7\u00f5es, os selecionados receber\u00e3o e-mail com instru\u00e7\u00f5es de acesso \u00e0 sala de Webconf da UFPel.<\/p>\n<p><span style=\"color: #ff6600\"><a style=\"color: #ff6600\" href=\"https:\/\/wp.ufpel.edu.br\/progep\/files\/2020\/07\/Homologacao-1.pdf\">INSCRI\u00c7\u00d5ES HOMOLOGADAS!<\/a><\/span><\/p>\n","protected":false},"excerpt":{"rendered":"<p>Facilitadores: Prof.\u00aa Raquel da Cunha Recuero, Felipe Bonow Soares e Taiane Volcan (pesquisadores do grupo MIDIARS) Data: 09\/07\/2020 (quinta-feira) Hora:\u00a0das 19h \u00e0s 20h Realiza\u00e7\u00e3o:\u00a0plataforma Webconf da UFPel (na modalidade\u00a0on-line) Ementa: Nesta a\u00e7\u00e3o ser\u00e3o explicitados trabalhos sobre desinforma\u00e7\u00e3o, campanhas desinformativas e os problemas relacionados \u00e0 infodemia no combate ao novo coronav\u00edrus no Brasil. P\u00fablico Alvo: Servidores [&hellip;]<\/p>\n","protected":false},"author":21,"featured_media":0,"parent":0,"menu_order":0,"comment_status":"closed","ping_status":"closed","template":"","meta":{"footnotes":""},"class_list":["post-15481","page","type-page","status-publish","hentry"],"_links":{"self":[{"href":"https:\/\/wp.ufpel.edu.br\/progep\/wp-json\/wp\/v2\/pages\/15481","targetHints":{"allow":["GET"]}}],"collection":[{"href":"https:\/\/wp.ufpel.edu.br\/progep\/wp-json\/wp\/v2\/pages"}],"about":[{"href":"https:\/\/wp.ufpel.edu.br\/progep\/wp-json\/wp\/v2\/types\/page"}],"author":[{"embeddable":true,"href":"https:\/\/wp.ufpel.edu.br\/progep\/wp-json\/wp\/v2\/users\/21"}],"replies":[{"embeddable":true,"href":"https:\/\/wp.ufpel.edu.br\/progep\/wp-json\/wp\/v2\/comments?post=15481"}],"version-history":[{"count":3,"href":"https:\/\/wp.ufpel.edu.br\/progep\/wp-json\/wp\/v2\/pages\/15481\/revisions"}],"predecessor-version":[{"id":33880,"href":"https:\/\/wp.ufpel.edu.br\/progep\/wp-json\/wp\/v2\/pages\/15481\/revisions\/33880"}],"wp:attachment":[{"href":"https:\/\/wp.ufpel.edu.br\/progep\/wp-json\/wp\/v2\/media?parent=15481"}],"curies":[{"name":"wp","href":"https:\/\/api.w.org\/{rel}","templated":true}]}}