{"id":15204,"date":"2020-06-08T14:15:46","date_gmt":"2020-06-08T17:15:46","guid":{"rendered":"https:\/\/wp.ufpel.edu.br\/progep\/?page_id=15204"},"modified":"2025-06-30T13:40:31","modified_gmt":"2025-06-30T16:40:31","slug":"capacita-na-web-roda-de-conversa-doacao-de-sangue-da-doacao-a-transfusao","status":"publish","type":"page","link":"https:\/\/wp.ufpel.edu.br\/progep\/capacita-na-web-roda-de-conversa-doacao-de-sangue-da-doacao-a-transfusao\/","title":{"rendered":"Capacita\u00e7\u00e3o: Capacita na Web &#8211; Roda de conversa &#8220;Doa\u00e7\u00e3o de sangue: da Doa\u00e7\u00e3o a Transfus\u00e3o&#8221;"},"content":{"rendered":"<p><strong>Facilitadoras:<\/strong> Prof.\u00aa Cec\u00edlia Fernandes Lorea e Enfermeira Isabel Cristina Borges Savedra<\/p>\n<p><strong>Data:<\/strong> 17\/06\/2020<\/p>\n<p><strong>Hora:\u00a0<\/strong>das 09h \u00e0s 10h<\/p>\n<p><strong>Realiza\u00e7\u00e3o:<\/strong>\u00a0plataforma Webconf da UFPel (na modalidade\u00a0<em>on-line)<\/em><\/p>\n<p><strong>Ementa: <\/strong><\/p>\n<ul>\n<li>Principais d\u00favidas e anseios sobre doa\u00e7\u00e3o de sangue;<\/li>\n<li>Procedimento da doa\u00e7\u00e3o de sangue como um todo, at\u00e9 a infus\u00e3o no receptor;<\/li>\n<li>Cuidados que s\u00e3o tomados com o doador e o receptor no momento da transfus\u00e3o;<\/li>\n<li>Crit\u00e9rios de aptid\u00e3o do doador e por quais motivos eles s\u00e3o determinados.<\/li>\n<\/ul>\n<p><strong>P\u00fablico Alvo<\/strong>: servidores em geral<\/p>\n<p><strong>Per\u00edodo de inscri\u00e7\u00e3o<\/strong>: <span style=\"background-color: #ffffff\">08\/06 a<\/span> 15\/06\/2020<\/p>\n<p><strong>Divulga\u00e7\u00e3o das inscri\u00e7\u00f5es homologadas<\/strong>: 16\/06*, nesta p\u00e1gina.<\/p>\n<p>* Quando da homologa\u00e7\u00e3o das inscri\u00e7\u00f5es, os selecionados receber\u00e3o e-mail com instru\u00e7\u00f5es de acesso \u00e0 sala de Webconf da UFPel.<\/p>\n<p><strong><span style=\"color: #ff6600\"><a style=\"color: #ff6600\" href=\"https:\/\/wp.ufpel.edu.br\/progep\/files\/2020\/06\/homologa_inscritos_DOACAO-DE-SANGUE.pdf\">INSCRI\u00c7\u00d5ES HOMOLOGADAS<\/a><\/span><\/strong><\/p>\n<p><strong><span style=\"color: #ff6600\"><span style=\"color: #0000ff\">Link da sala virtual: https:\/\/webconf.ufpel.edu.br\/b\/jul-6gf-u2p<\/span><\/span><\/strong><\/p>\n<p>&nbsp;<\/p>\n","protected":false},"excerpt":{"rendered":"<p>Facilitadoras: Prof.\u00aa Cec\u00edlia Fernandes Lorea e Enfermeira Isabel Cristina Borges Savedra Data: 17\/06\/2020 Hora:\u00a0das 09h \u00e0s 10h Realiza\u00e7\u00e3o:\u00a0plataforma Webconf da UFPel (na modalidade\u00a0on-line) Ementa: Principais d\u00favidas e anseios sobre doa\u00e7\u00e3o de sangue; Procedimento da doa\u00e7\u00e3o de sangue como um todo, at\u00e9 a infus\u00e3o no receptor; Cuidados que s\u00e3o tomados com o doador e o receptor [&hellip;]<\/p>\n","protected":false},"author":21,"featured_media":0,"parent":0,"menu_order":0,"comment_status":"closed","ping_status":"closed","template":"","meta":{"footnotes":""},"class_list":["post-15204","page","type-page","status-publish","hentry"],"_links":{"self":[{"href":"https:\/\/wp.ufpel.edu.br\/progep\/wp-json\/wp\/v2\/pages\/15204","targetHints":{"allow":["GET"]}}],"collection":[{"href":"https:\/\/wp.ufpel.edu.br\/progep\/wp-json\/wp\/v2\/pages"}],"about":[{"href":"https:\/\/wp.ufpel.edu.br\/progep\/wp-json\/wp\/v2\/types\/page"}],"author":[{"embeddable":true,"href":"https:\/\/wp.ufpel.edu.br\/progep\/wp-json\/wp\/v2\/users\/21"}],"replies":[{"embeddable":true,"href":"https:\/\/wp.ufpel.edu.br\/progep\/wp-json\/wp\/v2\/comments?post=15204"}],"version-history":[{"count":5,"href":"https:\/\/wp.ufpel.edu.br\/progep\/wp-json\/wp\/v2\/pages\/15204\/revisions"}],"predecessor-version":[{"id":33888,"href":"https:\/\/wp.ufpel.edu.br\/progep\/wp-json\/wp\/v2\/pages\/15204\/revisions\/33888"}],"wp:attachment":[{"href":"https:\/\/wp.ufpel.edu.br\/progep\/wp-json\/wp\/v2\/media?parent=15204"}],"curies":[{"name":"wp","href":"https:\/\/api.w.org\/{rel}","templated":true}]}}