{"id":15126,"date":"2020-05-25T09:21:39","date_gmt":"2020-05-25T12:21:39","guid":{"rendered":"https:\/\/wp.ufpel.edu.br\/progep\/?page_id=15126"},"modified":"2025-06-30T13:40:51","modified_gmt":"2025-06-30T16:40:51","slug":"curso-de-planilhas-do-google-google-sheets","status":"publish","type":"page","link":"https:\/\/wp.ufpel.edu.br\/progep\/curso-de-planilhas-do-google-google-sheets\/","title":{"rendered":"Capacita\u00e7\u00e3o: Curso de Planilhas do Google (Google Sheets)"},"content":{"rendered":"<p><b>Modalidade: <\/b><em>on line<\/em> (com tutoria)<\/p>\n<p><strong>Carga hor\u00e1ria:<\/strong> 40 horas<\/p>\n<p class=\"v1MsoNormal\"><strong>Per\u00edodo<\/strong>: 10 de junho a 18 de agosto de 2020<\/p>\n<p class=\"v1MsoNormal\"><strong>Realiza\u00e7\u00e3o<\/strong>: plataforma AVA (Moodle) da UFPel<\/p>\n<p><strong>S\u00famula<\/strong>:<\/p>\n<ul>\n<li>N\u00edvel B\u00e1sico:\n<ul>\n<li>Aula 1 &#8211; Introdu\u00e7\u00e3o aos principais recursos<\/li>\n<li>Aula 2 &#8211; Opera\u00e7\u00f5es Matem\u00e1ticas<\/li>\n<li>Aula 3 &#8211; Fun\u00e7\u00f5es com Data e Hora<\/li>\n<li>Aula 4 &#8211; Tratamento de Texto<\/li>\n<li>Aula 5 &#8211;\u00a0Valida\u00e7\u00e3o de Dados<\/li>\n<li>Aula 6 &#8211;\u00a0Fun\u00e7\u00f5es\u00a0Estat\u00edsticas<\/li>\n<li>Aula 7 &#8211; Personaliza\u00e7\u00e3o de C\u00e9lulas<\/li>\n<li>Aula 8 &#8211; Compartilhamento e Colabora\u00e7\u00e3o<\/li>\n<\/ul>\n<\/li>\n<li>N\u00edvel Intermedi\u00e1rio:\n<ul>\n<li>Aula 9 &#8211; Fun\u00e7\u00f5es L\u00f3gicas (IF)<\/li>\n<li>Aula 10 &#8211; Formata\u00e7\u00e3o Condicional e Filtro de Dados<\/li>\n<li>Aula 11 &#8211;\u00a0Fun\u00e7\u00f5es de Busca<\/li>\n<li>Aula 12 &#8211; Fun\u00e7\u00f5es Estat\u00edsticas com Condicionais<\/li>\n<li>Aula 13 &#8211; Trabalhando com Tabelas Din\u00e2micas<\/li>\n<li>Aula 14 &#8211; Trabalhando com Gr\u00e1ficos<\/li>\n<li>Aula 15 &#8211;\u00a0Introdu\u00e7\u00e3o Intelig\u00eancia de Neg\u00f3cios<\/li>\n<\/ul>\n<\/li>\n<li>N\u00edvel Avan\u00e7ado:\n<ul>\n<li>Aula 16 &#8211;\u00a0Fun\u00e7\u00f5es Avan\u00e7adas<\/li>\n<li>Aula 17 &#8211;\u00a0Fun\u00e7\u00f5es Financeiras<\/li>\n<li>Aula 18 &#8211; Scripts Google<\/li>\n<li>Aula 19\u00a0&#8211; Fun\u00e7\u00f5es de An\u00e1lise Hipot\u00e9tica<\/li>\n<li>Aula 20 &#8211; Introdu\u00e7\u00e3o a Ci\u00eancia de Dados<\/li>\n<\/ul>\n<\/li>\n<\/ul>\n<p><strong>Avalia\u00e7\u00e3o:<\/strong> o curso ter\u00e1 tr\u00eas avalia\u00e7\u00f5es, a primeira avalia\u00e7\u00e3o ser\u00e1 referente ao conte\u00fado de n\u00edvel b\u00e1sico, a segunda avalia\u00e7\u00e3o ser\u00e1 de acordo com o n\u00edvel intermedi\u00e1rio e a terceira avalia\u00e7\u00e3o, ao conte\u00fado avan\u00e7ado. Para aprova\u00e7\u00e3o em cada um dos n\u00edveis \u00e9 necess\u00e1rio que o aluno atinja um percentual m\u00ednimo de 70%, n\u00e3o sendo poss\u00edvel refazer a avalia\u00e7\u00e3o.<\/p>\n<p class=\"v1MsoNormal\"><strong>P\u00fablico Alvo<\/strong>: servidores em geral<\/p>\n<p><strong>N\u00famero de vagas:<\/strong> 40<\/p>\n<p><strong>Ministrante: <\/strong>Thomas de Aguiar de Oliveira<\/p>\n<p><strong>Per\u00edodo de inscri\u00e7\u00e3o<\/strong>: 25\/05 a 05\/06 &#8211; <span style=\"font-size: 10pt\"><strong><span style=\"color: #ff6600\"><span style=\"color: #ff0000\">Inscri\u00e7\u00f5es encerradas antecipadamente, tendo em vista o n\u00famero de inscritos muito superior ao de vagas disponibilizadas, desta forma, a homologa\u00e7\u00e3o ser\u00e1 antecipada e posteriormente abriremos novas turmas.<\/span><\/span><\/strong><\/span><\/p>\n<p><strong>Divulga\u00e7\u00e3o das inscri\u00e7\u00f5es homologadas<\/strong>: 09\/06*, nesta p\u00e1gina.<\/p>\n<p>* Quando da homologa\u00e7\u00e3o das inscri\u00e7\u00f5es, os selecionados receber\u00e3o e-mail com instru\u00e7\u00f5es de acesso ao curso.<\/p>\n<p><span style=\"color: #ff6600\"><a style=\"color: #ff6600\" href=\"https:\/\/wp.ufpel.edu.br\/progep\/files\/2020\/06\/HOMOLOGA_inscritos_GOOGLE-SHEETS.pdf\"><strong>INSCRI\u00c7\u00d5ES HOMOLOGADAS!<\/strong><\/a><\/span><\/p>\n<p>&nbsp;<\/p>\n<p><strong>Turma 2 (suplentes)<\/strong><\/p>\n<p><b>Modalidade: <\/b><em>on line<\/em> (com tutoria)<\/p>\n<p><strong>Carga hor\u00e1ria:<\/strong> 40 horas<\/p>\n<p class=\"v1MsoNormal\"><strong>Per\u00edodo<\/strong>: 24 de junho a 02 de setembro de 2020<\/p>\n<p class=\"v1MsoNormal\"><strong>Realiza\u00e7\u00e3o<\/strong>: plataforma AVA (Moodle) da UFPel<\/p>\n<p><strong><span style=\"color: #ff6600\"><a style=\"color: #ff6600\" href=\"https:\/\/wp.ufpel.edu.br\/progep\/files\/2020\/06\/HOMOLOGA_inscritos_GOOGLE-SHEETS-T2.doc.pdf\">INSCRI\u00c7\u00d5ES HOMOLOGADAS<\/a><\/span><\/strong><\/p>\n<p>&nbsp;<\/p>\n<p>&nbsp;<\/p>\n","protected":false},"excerpt":{"rendered":"<p>Modalidade: on line (com tutoria) Carga hor\u00e1ria: 40 horas Per\u00edodo: 10 de junho a 18 de agosto de 2020 Realiza\u00e7\u00e3o: plataforma AVA (Moodle) da UFPel S\u00famula: N\u00edvel B\u00e1sico: Aula 1 &#8211; Introdu\u00e7\u00e3o aos principais recursos Aula 2 &#8211; Opera\u00e7\u00f5es Matem\u00e1ticas Aula 3 &#8211; Fun\u00e7\u00f5es com Data e Hora Aula 4 &#8211; Tratamento de Texto Aula [&hellip;]<\/p>\n","protected":false},"author":21,"featured_media":0,"parent":0,"menu_order":0,"comment_status":"closed","ping_status":"closed","template":"","meta":{"footnotes":""},"class_list":["post-15126","page","type-page","status-publish","hentry"],"_links":{"self":[{"href":"https:\/\/wp.ufpel.edu.br\/progep\/wp-json\/wp\/v2\/pages\/15126","targetHints":{"allow":["GET"]}}],"collection":[{"href":"https:\/\/wp.ufpel.edu.br\/progep\/wp-json\/wp\/v2\/pages"}],"about":[{"href":"https:\/\/wp.ufpel.edu.br\/progep\/wp-json\/wp\/v2\/types\/page"}],"author":[{"embeddable":true,"href":"https:\/\/wp.ufpel.edu.br\/progep\/wp-json\/wp\/v2\/users\/21"}],"replies":[{"embeddable":true,"href":"https:\/\/wp.ufpel.edu.br\/progep\/wp-json\/wp\/v2\/comments?post=15126"}],"version-history":[{"count":8,"href":"https:\/\/wp.ufpel.edu.br\/progep\/wp-json\/wp\/v2\/pages\/15126\/revisions"}],"predecessor-version":[{"id":33893,"href":"https:\/\/wp.ufpel.edu.br\/progep\/wp-json\/wp\/v2\/pages\/15126\/revisions\/33893"}],"wp:attachment":[{"href":"https:\/\/wp.ufpel.edu.br\/progep\/wp-json\/wp\/v2\/media?parent=15126"}],"curies":[{"name":"wp","href":"https:\/\/api.w.org\/{rel}","templated":true}]}}

Capacitação: Curso de Planilhas do Google (Google Sheets)

<p><b>Modalidade: </b><em>on line</em> (com tutoria)</p>
<p><strong>Carga horária:</strong> 40 horas</p>
<p class="v1MsoNormal"><strong>Período</strong>: 10 de junho a 18 de agosto de 2020</p>
<p class="v1MsoNormal"><strong>Realização</strong>: plataforma AVA (Moodle) da UFPel</p>
<p><strong>Súmula</strong>:</p>
<ul>
<li>Nível Básico:
<ul>
<li>Aula 1 &#8211; Introdução aos principais recursos</li>
<li>Aula 2 &#8211; Operações Matemáticas</li>
<li>Aula 3 &#8211; Funções com Data e Hora</li>
<li>Aula 4 &#8211; Tratamento de Texto</li>
<li>Aula 5 &#8211; Validação de Dados</li>
<li>Aula 6 &#8211; Funções Estatísticas</li>
<li>Aula 7 &#8211; Personalização de Células</li>
<li>Aula 8 &#8211; Compartilhamento e Colaboração</li>
</ul>
</li>
<li>Nível Intermediário:
<ul>
<li>Aula 9 &#8211; Funções Lógicas (IF)</li>
<li>Aula 10 &#8211; Formatação Condicional e Filtro de Dados</li>
<li>Aula 11 &#8211; Funções de Busca</li>
<li>Aula 12 &#8211; Funções Estatísticas com Condicionais</li>
<li>Aula 13 &#8211; Trabalhando com Tabelas Dinâmicas</li>
<li>Aula 14 &#8211; Trabalhando com Gráficos</li>
<li>Aula 15 &#8211; Introdução Inteligência de Negócios</li>
</ul>
</li>
<li>Nível Avançado:
<ul>
<li>Aula 16 &#8211; Funções Avançadas</li>
<li>Aula 17 &#8211; Funções Financeiras</li>
<li>Aula 18 &#8211; Scripts Google</li>
<li>Aula 19 &#8211; Funções de Análise Hipotética</li>
<li>Aula 20 &#8211; Introdução a Ciência de Dados</li>
</ul>
</li>
</ul>
<p><strong>Avaliação:</strong> o curso terá três avaliações, a primeira avaliação será referente ao conteúdo de nível básico, a segunda avaliação será de acordo com o nível intermediário e a terceira avaliação, ao conteúdo avançado. Para aprovação em cada um dos níveis é necessário que o aluno atinja um percentual mínimo de 70%, não sendo possível refazer a avaliação.</p>
<p class="v1MsoNormal"><strong>Público Alvo</strong>: servidores em geral</p>
<p><strong>Número de vagas:</strong> 40</p>
<p><strong>Ministrante: </strong>Thomas de Aguiar de Oliveira</p>
<p><strong>Período de inscrição</strong>: 25/05 a 05/06 &#8211; <span style="font-size: 10pt"><strong><span style="color: #ff6600"><span style="color: #ff0000">Inscrições encerradas antecipadamente, tendo em vista o número de inscritos muito superior ao de vagas disponibilizadas, desta forma, a homologação será antecipada e posteriormente abriremos novas turmas.</span></span></strong></span></p>
<p><strong>Divulgação das inscrições homologadas</strong>: 09/06*, nesta página.</p>
<p>* Quando da homologação das inscrições, os selecionados receberão e-mail com instruções de acesso ao curso.</p>
<p><span style="color: #ff6600"><a style="color: #ff6600" href="https://wp.ufpel.edu.br/progep/files/2020/06/HOMOLOGA_inscritos_GOOGLE-SHEETS.pdf"><strong>INSCRIÇÕES HOMOLOGADAS!</strong></a></span></p>
<p>&nbsp;</p>
<p><strong>Turma 2 (suplentes)</strong></p>
<p><b>Modalidade: </b><em>on line</em> (com tutoria)</p>
<p><strong>Carga horária:</strong> 40 horas</p>
<p class="v1MsoNormal"><strong>Período</strong>: 24 de junho a 02 de setembro de 2020</p>
<p class="v1MsoNormal"><strong>Realização</strong>: plataforma AVA (Moodle) da UFPel</p>
<p><strong><span style="color: #ff6600"><a style="color: #ff6600" href="https://wp.ufpel.edu.br/progep/files/2020/06/HOMOLOGA_inscritos_GOOGLE-SHEETS-T2.doc.pdf">INSCRIÇÕES HOMOLOGADAS</a></span></strong></p>
<p>&nbsp;</p>
<p>&nbsp;</p>

<p>Modalidade: on line (com tutoria) Carga horária: 40 horas Período: 10 de junho a 18 de agosto de 2020 Realização: plataforma AVA (Moodle) da UFPel Súmula: Nível Básico: Aula 1 &#8211; Introdução aos principais recursos Aula 2 &#8211; Operações Matemáticas Aula 3 &#8211; Funções com Data e Hora Aula 4 &#8211; Tratamento de Texto Aula [&hellip;]</p>
