{"id":15044,"date":"2020-05-12T09:35:02","date_gmt":"2020-05-12T12:35:02","guid":{"rendered":"https:\/\/wp.ufpel.edu.br\/progep\/?page_id=15044"},"modified":"2025-06-30T13:34:36","modified_gmt":"2025-06-30T16:34:36","slug":"capacita-na-web-roda-de-conversa-portadores-de-doencas-cronicas-em-tempos-de-pandemia-por-coronavirus","status":"publish","type":"page","link":"https:\/\/wp.ufpel.edu.br\/progep\/capacita-na-web-roda-de-conversa-portadores-de-doencas-cronicas-em-tempos-de-pandemia-por-coronavirus\/","title":{"rendered":"Capacita\u00e7\u00e3o: Capacita na Web &#8211; Roda de Conversa: Portadores de doen\u00e7as cr\u00f4nicas em tempos de pandemia por Coronavirus"},"content":{"rendered":"<p><strong>Facilitadora:<\/strong> Liliane Griep<\/p>\n<p class=\"v1MsoNormal\"><strong>Data<\/strong>: 21\/05\/2020<\/p>\n<p class=\"v1MsoNormal\"><strong>Hora<\/strong>: das 09 \u00e0s 10h<\/p>\n<p class=\"v1MsoNormal\"><strong>Realiza\u00e7\u00e3o<\/strong>: plataforma Webconf da UFPel (na modalidade\u00a0<i>on line<\/i>)<\/p>\n<p><strong>Ementa<\/strong>:<\/p>\n<ul>\n<li>Aspectos gerais sobre a infec\u00e7\u00e3o por COVID-19;<\/li>\n<li>Portadores de Doen\u00e7as Cr\u00f4nicas como alvo da preven\u00e7\u00e3o;<\/li>\n<li>Principais cuidados e orienta\u00e7\u00f5es de sa\u00fade aos servidores portadores de doen\u00e7as cr\u00f4nicas durante a pandemia;<\/li>\n<li>Discuss\u00e3o e esclarecimento de d\u00favidas das e dos servidores participantes.<\/li>\n<\/ul>\n<p class=\"v1MsoNormal\"><strong>P\u00fablico Alvo<\/strong>: servidores em geral<\/p>\n<p><strong>Per\u00edodo de inscri\u00e7\u00e3o<\/strong>: 12\/05 a 19\/05\/2020<\/p>\n<p><strong>Divulga\u00e7\u00e3o das inscri\u00e7\u00f5es homologadas<\/strong>: 20\/05*, nesta p\u00e1gina.<\/p>\n<p>* Quando da homologa\u00e7\u00e3o das inscri\u00e7\u00f5es, os selecionados receber\u00e3o e-mail com instru\u00e7\u00f5es de acesso \u00e0 sala de Webconf da UFPel.<\/p>\n<p><span style=\"color: #ff6600\"><strong><a style=\"color: #ff6600\" href=\"https:\/\/wp.ufpel.edu.br\/progep\/files\/2020\/05\/Homologacao.pdf\" target=\"_blank\" rel=\"noopener noreferrer\">INSCRI\u00c7\u00d5ES HOMOLOGADAS!<\/a><\/strong><\/span><\/p>\n<p>&nbsp;<\/p>\n","protected":false},"excerpt":{"rendered":"<p>Facilitadora: Liliane Griep Data: 21\/05\/2020 Hora: das 09 \u00e0s 10h Realiza\u00e7\u00e3o: plataforma Webconf da UFPel (na modalidade\u00a0on line) Ementa: Aspectos gerais sobre a infec\u00e7\u00e3o por COVID-19; Portadores de Doen\u00e7as Cr\u00f4nicas como alvo da preven\u00e7\u00e3o; Principais cuidados e orienta\u00e7\u00f5es de sa\u00fade aos servidores portadores de doen\u00e7as cr\u00f4nicas durante a pandemia; Discuss\u00e3o e esclarecimento de d\u00favidas das [&hellip;]<\/p>\n","protected":false},"author":21,"featured_media":0,"parent":0,"menu_order":0,"comment_status":"closed","ping_status":"closed","template":"","meta":{"footnotes":""},"class_list":["post-15044","page","type-page","status-publish","hentry"],"_links":{"self":[{"href":"https:\/\/wp.ufpel.edu.br\/progep\/wp-json\/wp\/v2\/pages\/15044","targetHints":{"allow":["GET"]}}],"collection":[{"href":"https:\/\/wp.ufpel.edu.br\/progep\/wp-json\/wp\/v2\/pages"}],"about":[{"href":"https:\/\/wp.ufpel.edu.br\/progep\/wp-json\/wp\/v2\/types\/page"}],"author":[{"embeddable":true,"href":"https:\/\/wp.ufpel.edu.br\/progep\/wp-json\/wp\/v2\/users\/21"}],"replies":[{"embeddable":true,"href":"https:\/\/wp.ufpel.edu.br\/progep\/wp-json\/wp\/v2\/comments?post=15044"}],"version-history":[{"count":5,"href":"https:\/\/wp.ufpel.edu.br\/progep\/wp-json\/wp\/v2\/pages\/15044\/revisions"}],"predecessor-version":[{"id":33858,"href":"https:\/\/wp.ufpel.edu.br\/progep\/wp-json\/wp\/v2\/pages\/15044\/revisions\/33858"}],"wp:attachment":[{"href":"https:\/\/wp.ufpel.edu.br\/progep\/wp-json\/wp\/v2\/media?parent=15044"}],"curies":[{"name":"wp","href":"https:\/\/api.w.org\/{rel}","templated":true}]}}