{"id":14457,"date":"2020-01-24T11:09:03","date_gmt":"2020-01-24T14:09:03","guid":{"rendered":"https:\/\/wp.ufpel.edu.br\/progep\/?page_id=14457"},"modified":"2025-09-18T10:08:32","modified_gmt":"2025-09-18T13:08:32","slug":"nomeacoes-edital-27-2018","status":"publish","type":"page","link":"https:\/\/wp.ufpel.edu.br\/progep\/nomeacoes-edital-27-2018\/","title":{"rendered":"NOMEA\u00c7\u00d5ES &#8211; EDITAL 27\/2018"},"content":{"rendered":"\n<div class=\"wp-block-group\"><div class=\"wp-block-group__inner-container is-layout-constrained wp-block-group-is-layout-constrained\">\n<div class=\"logoTituloModelStyle\"><img class=\"size-medium wp-image-27184 alignleft\" src=\"https:\/\/wp.ufpel.edu.br\/progep\/files\/2025\/03\/logo-progep_atualizacao-nome_AZUL.png\" alt=\"\" \/><\/p>\n<div style=\"padding: 2rem 0\"><strong>Nomea\u00e7\u00f5es &#8211; Edital 27\/2018<\/strong><\/div>\n<\/div>\n<hr class=\"hrModelStyle\" \/>\n<div class=\"descriptionModelStyle\">Acompanhe nesta p\u00e1gina a publica\u00e7\u00e3o dos\/as nomeados\/as para servidores\/as docentes na UFPEL.<\/div>\n<\/div><\/div>\n\n\n<div class=\"pagNomeacoesStyle\">\n<p> Confira a p\u00e1gina com as informa\u00e7\u00f5es a respeito do certame: <\/p>\n<a href=\"https:\/\/ces.ufpel.edu.br\/conctecadmed0027_2018\/\" target=\"_blank\">Certame do Edital 27\/2018<\/a>\n<div class=\"titleStyle\"><strong>Ampla Concorr\u00eancia<\/strong><\/div> \n\n<table id=\"tablepress-159\" class=\"tablepress tablepress-id-159\">\n<thead>\n<tr class=\"row-1\">\n\t<th class=\"column-1\">Unidade\/\u00c1rea\/Processo<\/th><th class=\"column-2\">Classif.<\/th><th class=\"column-3\">Aprovados<\/th><th class=\"column-4\">Situa\u00e7\u00e3o<\/th>\n<\/tr>\n<\/thead>\n<tbody class=\"row-striping row-hover\">\n<tr class=\"row-2\">\n\t<td class=\"column-1\"><strong>Centro de Artes \u2013 CA<\/strong><br \/>\nCanto<br \/>\nProc. 23110.039009\/2018-04<\/td><td class=\"column-2\">1\u00ba<\/td><td class=\"column-3\">Cristine Bello Guse<\/td><td class=\"column-4\">Nomeado(a) em 06\/03\/2019<\/td>\n<\/tr>\n<tr class=\"row-3\">\n\t<td class=\"column-1\"><strong>Centro de Artes \u2013 CA<\/strong><br \/>\nPercep\u00e7\u00e3o Musical<br \/>\nProc. 23110.038888\/2018-49<\/td><td class=\"column-2\">1\u00ba<\/td><td class=\"column-3\">Cristine Bello Guse<\/td><td class=\"column-4\">Tornada sem efeito<\/td>\n<\/tr>\n<tr class=\"row-4\">\n\t<td class=\"column-1\"><strong>Centro de Artes \u2013 CA<\/strong><br \/>\nPr\u00e1ticas Art\u00edstico-Pedag\u00f3gicas em Dan\u00e7as Afro-Brasileiras<br \/>\nProc. 23110.105088\/2017-60<\/td><td class=\"column-2\">1\u00ba<\/td><td class=\"column-3\">Manoel Gildo Alves Neto<\/td><td class=\"column-4\">Nomeado pela lista de cotas raciais<\/td>\n<\/tr>\n<tr class=\"row-5\">\n\t<td class=\"column-1\"><\/td><td class=\"column-2\">2\u00ba<\/td><td class=\"column-3\">Karen Tolentino de Pires<\/td><td class=\"column-4\"><\/td>\n<\/tr>\n<tr class=\"row-6\">\n\t<td class=\"column-1\"><strong>Centro de Desenvolvimento Tecnol\u00f3gico \u2013 CDTec<\/strong><br \/>\nCircuitos Eletr\u00f4nicos<br \/>\nProc. 23110.105105\/2017-69<\/td><td class=\"column-2\">1\u00ba<\/td><td class=\"column-3\">Alan Carlos Junior Rossetto<\/td><td class=\"column-4\">Nomeado(a) em 06\/03\/2019<\/td>\n<\/tr>\n<tr class=\"row-7\">\n\t<td class=\"column-1\"><\/td><td class=\"column-2\">2\u00ba<\/td><td class=\"column-3\">Mauricio Eiji Nakai<\/td><td class=\"column-4\"><\/td>\n<\/tr>\n<tr class=\"row-8\">\n\t<td class=\"column-1\"><strong>Centro de Desenvolvimento Tecnol\u00f3gico \u2013 CDTec<\/strong><br \/>\nGeotecnologias<br \/>\nProc. 23110.039718\/2018-81<\/td><td class=\"column-2\">1\u00ba<\/td><td class=\"column-3\">Felipe de Lucia Lobo<\/td><td class=\"column-4\">Nomeado(a) em 06\/03\/2019<\/td>\n<\/tr>\n<tr class=\"row-9\">\n\t<td class=\"column-1\"><\/td><td class=\"column-2\">2\u00ba<\/td><td class=\"column-3\">Getulio Fonseca Domingues<\/td><td class=\"column-4\"><\/td>\n<\/tr>\n<tr class=\"row-10\">\n\t<td class=\"column-1\"><\/td><td class=\"column-2\">3\u00ba<\/td><td class=\"column-3\">Victor Fernandez Nascimento<\/td><td class=\"column-4\"><\/td>\n<\/tr>\n<tr class=\"row-11\">\n\t<td class=\"column-1\"><\/td><td class=\"column-2\">4\u00ba<\/td><td class=\"column-3\">Allan de Oliveira de Oliveira<\/td><td class=\"column-4\"><\/td>\n<\/tr>\n<tr class=\"row-12\">\n\t<td class=\"column-1\"><\/td><td class=\"column-2\">5\u00ba<\/td><td class=\"column-3\">Roberto Filgueiras<\/td><td class=\"column-4\"><\/td>\n<\/tr>\n<tr class=\"row-13\">\n\t<td class=\"column-1\"><strong>Centro de Desenvolvimento Tecnol\u00f3gico \u2013 CDTec<\/strong><br \/>\nHidr\u00e1ulica<br \/>\nProc. 23110.015411\/2018-95<\/td><td class=\"column-2\">1\u00ba<\/td><td class=\"column-3\">Leonardo Contreira Pereira<\/td><td class=\"column-4\">Nomeado(a) em 06\/03\/2019<\/td>\n<\/tr>\n<tr class=\"row-14\">\n\t<td class=\"column-1\"><\/td><td class=\"column-2\">2\u00ba<\/td><td class=\"column-3\">Raviel Eurico Basso<\/td><td class=\"column-4\"><\/td>\n<\/tr>\n<tr class=\"row-15\">\n\t<td class=\"column-1\"><\/td><td class=\"column-2\">3\u00ba<\/td><td class=\"column-3\">Juliana do Amaral Martins Grimmler<\/td><td class=\"column-4\"><\/td>\n<\/tr>\n<tr class=\"row-16\">\n\t<td class=\"column-1\"><\/td><td class=\"column-2\">4\u00ba<\/td><td class=\"column-3\">Tiago Delbrucke<\/td><td class=\"column-4\"><\/td>\n<\/tr>\n<tr class=\"row-17\">\n\t<td class=\"column-1\"><\/td><td class=\"column-2\">5\u00ba<\/td><td class=\"column-3\">Priscila dos Santos Priebe<\/td><td class=\"column-4\"><\/td>\n<\/tr>\n<tr class=\"row-18\">\n\t<td class=\"column-1\"><strong>Centro de Desenvolvimento Tecnol\u00f3gico \u2013 CDTec<\/strong><br \/>\nSaneamento B\u00e1sico<br \/>\nProc. 23110.033570\/2018-71<\/td><td class=\"column-2\">1\u00ba<\/td><td class=\"column-3\">Danielle de Almeida Bressiani<\/td><td class=\"column-4\">Nomeado(a) em 26\/04\/2019<\/td>\n<\/tr>\n<tr class=\"row-19\">\n\t<td class=\"column-1\"><\/td><td class=\"column-2\">2\u00ba<\/td><td class=\"column-3\">Alessandra Buss Tessaro<\/td><td class=\"column-4\"><\/td>\n<\/tr>\n<tr class=\"row-20\">\n\t<td class=\"column-1\"><\/td><td class=\"column-2\">3\u00ba<\/td><td class=\"column-3\">Leonardo Capeleto de Andrade<\/td><td class=\"column-4\"><\/td>\n<\/tr>\n<tr class=\"row-21\">\n\t<td class=\"column-1\"><\/td><td class=\"column-2\">4\u00ba<\/td><td class=\"column-3\">Priscila dos Santos Priebe<\/td><td class=\"column-4\"><\/td>\n<\/tr>\n<tr class=\"row-22\">\n\t<td class=\"column-1\"><\/td><td class=\"column-2\">5\u00ba<\/td><td class=\"column-3\">Emanuele Baifus Manke<\/td><td class=\"column-4\"><\/td>\n<\/tr>\n<tr class=\"row-23\">\n\t<td class=\"column-1\"><strong>Centro de Engenharias \u2013 CEng<\/strong><br \/>\nEnergiza\u00e7\u00e3o Rural<br \/>\nProc. 23110.011759\/2018-11<\/td><td class=\"column-2\">1\u00ba<\/td><td class=\"column-3\">Adamo de Souza Araujo<\/td><td class=\"column-4\">Nomeado(a) em 06\/03\/2019<\/td>\n<\/tr>\n<tr class=\"row-24\">\n\t<td class=\"column-1\"><\/td><td class=\"column-2\">2\u00ba<\/td><td class=\"column-3\">Humberto Dias Vianna<\/td><td class=\"column-4\">Nomeado(a) em 30\/06\/2020<\/td>\n<\/tr>\n<tr class=\"row-25\">\n\t<td class=\"column-1\"><\/td><td class=\"column-2\">3\u00ba<\/td><td class=\"column-3\">Saulo de Oliveira Garre<\/td><td class=\"column-4\"><\/td>\n<\/tr>\n<tr class=\"row-26\">\n\t<td class=\"column-1\"><\/td><td class=\"column-2\">4\u00ba<\/td><td class=\"column-3\">Wilner Brod Peres<\/td><td class=\"column-4\"><\/td>\n<\/tr>\n<tr class=\"row-27\">\n\t<td class=\"column-1\"><strong>Centro de Engenharias \u2013 CEng<\/strong><br \/>\nEngenharia de Petr\u00f3leo<br \/>\nProc. 23110.038240\/2018-72<\/td><td class=\"column-2\">1\u00ba<\/td><td class=\"column-3\">Forlan La Rosa Almeida<\/td><td class=\"column-4\">Nomeado(a) em 03\/04\/2019<\/td>\n<\/tr>\n<tr class=\"row-28\">\n\t<td class=\"column-1\"><\/td><td class=\"column-2\">2\u00ba<\/td><td class=\"column-3\">Larissa Pinheiro Costa<\/td><td class=\"column-4\">Nomeada em 08\/09\/2022<\/td>\n<\/tr>\n<tr class=\"row-29\">\n\t<td class=\"column-1\"><strong>Centro de Engenharias \u2013 CEng<\/strong><br \/>\nEstruturas<br \/>\nProc. 23110.011943\/2018-53<\/td><td class=\"column-2\">1\u00ba<\/td><td class=\"column-3\">Hebert Luis Rossetto<\/td><td class=\"column-4\">Nomeado(a) em 06\/03\/2019<\/td>\n<\/tr>\n<tr class=\"row-30\">\n\t<td class=\"column-1\"><strong>Centro de Engenharias \u2013 CEng<\/strong><br \/>\nSaneamento Ambiental<br \/>\nProc. 23110.105104\/2017-14<\/td><td class=\"column-2\">1\u00ba<\/td><td class=\"column-3\">Cicero Coelho de Escobar<\/td><td class=\"column-4\">Nomeado(a) em 24\/07\/2019<\/td>\n<\/tr>\n<tr class=\"row-31\">\n\t<td class=\"column-1\"><\/td><td class=\"column-2\">2\u00ba<\/td><td class=\"column-3\">Jose Eduardo Pereira Neto<\/td><td class=\"column-4\"><\/td>\n<\/tr>\n<tr class=\"row-32\">\n\t<td class=\"column-1\"><\/td><td class=\"column-2\">3\u00ba<\/td><td class=\"column-3\">Eduardo de Paula Kirinus<\/td><td class=\"column-4\"><\/td>\n<\/tr>\n<tr class=\"row-33\">\n\t<td class=\"column-1\"><strong>Centro de Integra\u00e7\u00e3o do Mercosul \u2013 CIM<\/strong><br \/>\nHotelaria<br \/>\nProc. 23110.104801\/2017-58<\/td><td class=\"column-2\">1\u00ba<\/td><td class=\"column-3\">Coriolano Chaves Borges Filho<\/td><td class=\"column-4\">Nomeado(a) em 06\/03\/2019<\/td>\n<\/tr>\n<tr class=\"row-34\">\n\t<td class=\"column-1\"><\/td><td class=\"column-2\">2\u00ba<\/td><td class=\"column-3\">Sara Massotti Bonin<\/td><td class=\"column-4\"><\/td>\n<\/tr>\n<tr class=\"row-35\">\n\t<td class=\"column-1\"><\/td><td class=\"column-2\">3\u00ba<\/td><td class=\"column-3\">Cristiane Berselli<\/td><td class=\"column-4\"><\/td>\n<\/tr>\n<tr class=\"row-36\">\n\t<td class=\"column-1\"><strong>Centro de Engenharias \u2013 CEng<\/strong><br \/>\nRela\u00e7\u00f5es Internacionais, Bilaterais e Multilaterais<br \/>\nProc. 23110.036358\/2018-66<\/td><td class=\"column-2\">1\u00ba<\/td><td class=\"column-3\">Silvana Schimanski<\/td><td class=\"column-4\">Nomeado(a) em 06\/03\/2019<\/td>\n<\/tr>\n<tr class=\"row-37\">\n\t<td class=\"column-1\"><\/td><td class=\"column-2\">2\u00ba<\/td><td class=\"column-3\">Pedro Vinicius Pereira Brites<\/td><td class=\"column-4\">Nomeado(a) em 02\/04\/2019<\/td>\n<\/tr>\n<tr class=\"row-38\">\n\t<td class=\"column-1\"><\/td><td class=\"column-2\">3\u00ba<\/td><td class=\"column-3\">Thiago Borne Ferreira<\/td><td class=\"column-4\">Desist\u00eancia<\/td>\n<\/tr>\n<tr class=\"row-39\">\n\t<td class=\"column-1\"><\/td><td class=\"column-2\">4\u00ba<\/td><td class=\"column-3\">William Daldegan de Freitas<\/td><td class=\"column-4\">Nomeado(a) em 26\/09\/2019<\/td>\n<\/tr>\n<tr class=\"row-40\">\n\t<td class=\"column-1\"><strong>Centro de Letras e Comunica\u00e7\u00e3o \u2013 CLC<\/strong><br \/>\nPortugu\u00eas PLE ou PLA<br \/>\nProc. 23110.018433\/2018-15<\/td><td class=\"column-2\">1\u00ba<\/td><td class=\"column-3\">Elisa Marchioro Stumpf<\/td><td class=\"column-4\">Nomeado(a) em 06\/03\/2019<\/td>\n<\/tr>\n<tr class=\"row-41\">\n\t<td class=\"column-1\"><\/td><td class=\"column-2\">2\u00ba<\/td><td class=\"column-3\">Helena Vitalina Selbach<\/td><td class=\"column-4\">Nomeada em 10\/08\/2021<\/td>\n<\/tr>\n<tr class=\"row-42\">\n\t<td class=\"column-1\"><\/td><td class=\"column-2\">3\u00ba<\/td><td class=\"column-3\">Walkiria Ayres Sidi<\/td><td class=\"column-4\"><\/td>\n<\/tr>\n<tr class=\"row-43\">\n\t<td class=\"column-1\"><\/td><td class=\"column-2\">4\u00ba<\/td><td class=\"column-3\">Valeria Zanetti Ney<\/td><td class=\"column-4\"><\/td>\n<\/tr>\n<tr class=\"row-44\">\n\t<td class=\"column-1\"><\/td><td class=\"column-2\">5\u00ba<\/td><td class=\"column-3\">Lovania Roehrig Teixeira<\/td><td class=\"column-4\"><\/td>\n<\/tr>\n<tr class=\"row-45\">\n\t<td class=\"column-1\"><strong>Escola Superior de Educa\u00e7\u00e3o F\u00edsica \u2013 ESEF<\/strong><br \/>\nDan\u00e7a, Ritmo e Movimento<br \/>\nProc. 23110.035171\/2018-45<\/td><td class=\"column-2\">1\u00ba<\/td><td class=\"column-3\">Eliane Regina Crestani Tortola<\/td><td class=\"column-4\">Nomeado(a) em 06\/03\/2019<\/td>\n<\/tr>\n<tr class=\"row-46\">\n\t<td class=\"column-1\"><\/td><td class=\"column-2\">2\u00ba<\/td><td class=\"column-3\">Danieli Alves Pereira Marques<\/td><td class=\"column-4\"><\/td>\n<\/tr>\n<tr class=\"row-47\">\n\t<td class=\"column-1\"><\/td><td class=\"column-2\">3\u00ba<\/td><td class=\"column-3\">Ruhena Kelber Abrao Ferreira<\/td><td class=\"column-4\"><\/td>\n<\/tr>\n<tr class=\"row-48\">\n\t<td class=\"column-1\"><\/td><td class=\"column-2\">4\u00ba<\/td><td class=\"column-3\">Marinei Lopes Pedralli<\/td><td class=\"column-4\"><\/td>\n<\/tr>\n<tr class=\"row-49\">\n\t<td class=\"column-1\"><\/td><td class=\"column-2\">5\u00ba<\/td><td class=\"column-3\">Rodrigo Jose Madaloz<\/td><td class=\"column-4\"><\/td>\n<\/tr>\n<tr class=\"row-50\">\n\t<td class=\"column-1\"><strong>Faculdade de Administra\u00e7\u00e3o e de Turismo \u2013 FAT<\/strong><br \/>\nTurismo<br \/>\nProc. 23110.016004\/2018-03<\/td><td class=\"column-2\">1\u00ba<\/td><td class=\"column-3\">Fabio Orlando Eichenberg<\/td><td class=\"column-4\">Nomeado(a) em 14\/02\/2020<\/td>\n<\/tr>\n<tr class=\"row-51\">\n\t<td class=\"column-1\"><\/td><td class=\"column-2\">2\u00ba<\/td><td class=\"column-3\">Maria Cristiane Fernandes da Silva Lunas<\/td><td class=\"column-4\">Tornada sem efeito<\/td>\n<\/tr>\n<tr class=\"row-52\">\n\t<td class=\"column-1\"><\/td><td class=\"column-2\">3\u00ba<\/td><td class=\"column-3\">Mauricio Ragagnin Pimentel<\/td><td class=\"column-4\">Nomeado(a) em 18\/09\/2020<\/td>\n<\/tr>\n<tr class=\"row-53\">\n\t<td class=\"column-1\"><\/td><td class=\"column-2\">4\u00ba<\/td><td class=\"column-3\">Luciana de Castro Neves Costa<\/td><td class=\"column-4\"><\/td>\n<\/tr>\n<tr class=\"row-54\">\n\t<td class=\"column-1\"><\/td><td class=\"column-2\">5\u00ba<\/td><td class=\"column-3\">Moabe Breno Ferreira Costa<\/td><td class=\"column-4\"><\/td>\n<\/tr>\n<tr class=\"row-55\">\n\t<td class=\"column-1\"><strong>Faculdade de Agronomia Eliseu Maciel \u2013 FAEM<\/strong><br \/>\nConstru\u00e7\u00f5es Rurais e Ambi\u00eancia<br \/>\nProc. 23110.013174\/2018-28<\/td><td class=\"column-2\">1\u00ba<\/td><td class=\"column-3\">Francine Damian da Silva<\/td><td class=\"column-4\">Nomeado(a) em 06\/03\/2019<\/td>\n<\/tr>\n<tr class=\"row-56\">\n\t<td class=\"column-1\"><\/td><td class=\"column-2\">2\u00ba<\/td><td class=\"column-3\">Katiuscia Fonseca dos Santos Strassburg<\/td><td class=\"column-4\">nomeada em 23\/07\/2021<\/td>\n<\/tr>\n<tr class=\"row-57\">\n\t<td class=\"column-1\"><strong>Faculdade de Arquitetura e Urbanismo \u2013 FAUrb<\/strong><br \/>\nConstru\u00e7\u00e3o Civil ou Estruturas<br \/>\nProc. 23110.023380\/2018-46<\/td><td class=\"column-2\">1\u00ba<\/td><td class=\"column-3\">Mauren Aurich<\/td><td class=\"column-4\">Nomeado(a) em 06\/03\/2019<\/td>\n<\/tr>\n<tr class=\"row-58\">\n\t<td class=\"column-1\"><\/td><td class=\"column-2\">2\u00ba<\/td><td class=\"column-3\">Andre Tremper Minasi<\/td><td class=\"column-4\">Nomeado(a) em 09\/08\/2019<\/td>\n<\/tr>\n<tr class=\"row-59\">\n\t<td class=\"column-1\"><strong>Faculdade de Medicina \u2013 FAMED<\/strong><br \/>\nPsicoterapia<br \/>\nProc. 23110.105835\/2017-60<\/td><td class=\"column-2\">1\u00ba<\/td><td class=\"column-3\">Andr\u00e9 Machado Patella<\/td><td class=\"column-4\">Nomeado(a) em 06\/03\/2019<\/td>\n<\/tr>\n<tr class=\"row-60\">\n\t<td class=\"column-1\"><\/td><td class=\"column-2\">2\u00ba<\/td><td class=\"column-3\">Gustavo Carvalho Coutinho Rosa<\/td><td class=\"column-4\"><\/td>\n<\/tr>\n<tr class=\"row-61\">\n\t<td class=\"column-1\"><strong>Faculdade de Meteorologia \u2013 FAMET<\/strong><br \/>\nMeteorologia<br \/>\nProc. 23110.020365\/2018-46<\/td><td class=\"column-2\">1\u00ba<\/td><td class=\"column-3\">Morgana Vaz da Silva<\/td><td class=\"column-4\">Nomeado(a) em 11\/03\/2019<\/td>\n<\/tr>\n<tr class=\"row-62\">\n\t<td class=\"column-1\"><\/td><td class=\"column-2\">2\u00ba<\/td><td class=\"column-3\">Eliana Veleda Klering<\/td><td class=\"column-4\">Nomeado(a) em 31\/12\/2020<\/td>\n<\/tr>\n<tr class=\"row-63\">\n\t<td class=\"column-1\"><\/td><td class=\"column-2\">3\u00ba<\/td><td class=\"column-3\">Douglas da Silva Lindemann<\/td><td class=\"column-4\">Nomeado em 12\/05\/2021<\/td>\n<\/tr>\n<tr class=\"row-64\">\n\t<td class=\"column-1\"><\/td><td class=\"column-2\">4\u00ba<\/td><td class=\"column-3\">Debora de Souza Simoes<\/td><td class=\"column-4\">Nomeado em 15\/07\/2021<\/td>\n<\/tr>\n<tr class=\"row-65\">\n\t<td class=\"column-1\"><\/td><td class=\"column-2\">5\u00ba<\/td><td class=\"column-3\">Vanessa de Arruda Souza<\/td><td class=\"column-4\"><\/td>\n<\/tr>\n<tr class=\"row-66\">\n\t<td class=\"column-1\"><strong>Faculdade de Veterin\u00e1ria \u2013 FAVET<\/strong><br \/>\nMedicina de Animais Silvestres e Ex\u00f3ticos<br \/>\nProc. 23110.017551\/2018-06<\/td><td class=\"column-2\">1\u00ba<\/td><td class=\"column-3\">Raqueli Teresinha Franca<\/td><td class=\"column-4\">Nomeado(a) em 09\/04\/2019<\/td>\n<\/tr>\n<tr class=\"row-67\">\n\t<td class=\"column-1\"><\/td><td class=\"column-2\">2\u00ba<\/td><td class=\"column-3\">Jorgea Pradiee<\/td><td class=\"column-4\"><\/td>\n<\/tr>\n<tr class=\"row-68\">\n\t<td class=\"column-1\"><\/td><td class=\"column-2\">3\u00ba<\/td><td class=\"column-3\">Roberta Martins Crivelaro<\/td><td class=\"column-4\"><\/td>\n<\/tr>\n<tr class=\"row-69\">\n\t<td class=\"column-1\"><\/td><td class=\"column-2\">4\u00ba<\/td><td class=\"column-3\">Sergio Jorge<\/td><td class=\"column-4\"><\/td>\n<\/tr>\n<tr class=\"row-70\">\n\t<td class=\"column-1\"><strong>Instituto de Ci\u00eancias Humanas \u2013 ICH<\/strong><br \/>\nEnsino de Geografia<br \/>\nProc. 23110.034317\/2018-35<\/td><td class=\"column-2\">1\u00ba<\/td><td class=\"column-3\">Gabriela Dambros<\/td><td class=\"column-4\">Nomeado(a) em 06\/03\/2019<\/td>\n<\/tr>\n<tr class=\"row-71\">\n\t<td class=\"column-1\"><\/td><td class=\"column-2\">2\u00ba<\/td><td class=\"column-3\">Denise Wildner Theves<\/td><td class=\"column-4\">Tornada s\/ efeito<\/td>\n<\/tr>\n<tr class=\"row-72\">\n\t<td class=\"column-1\"><\/td><td class=\"column-2\">3\u00ba<\/td><td class=\"column-3\">Bruno Nunes Batista<\/td><td class=\"column-4\">Nomeado(a) em 04\/03\/2020<\/td>\n<\/tr>\n<tr class=\"row-73\">\n\t<td class=\"column-1\"><\/td><td class=\"column-2\">4\u00ba<\/td><td class=\"column-3\">Thiara Vichiato Breda<\/td><td class=\"column-4\"><\/td>\n<\/tr>\n<tr class=\"row-74\">\n\t<td class=\"column-1\"><\/td><td class=\"column-2\">5\u00ba<\/td><td class=\"column-3\">Natalia Lampert Batista<\/td><td class=\"column-4\"><\/td>\n<\/tr>\n<tr class=\"row-75\">\n\t<td class=\"column-1\"><strong>Instituto de F\u00edsica e Matem\u00e1tica \u2013 IFM<\/strong><br \/>\nMatem\u00e1tica<br \/>\nProc. 23110.034999\/2018-86<\/td><td class=\"column-2\">1\u00ba<\/td><td class=\"column-3\">Bruno Henrique Cervelin<\/td><td class=\"column-4\">Nomeado(a) em 06\/03\/2019<\/td>\n<\/tr>\n<tr class=\"row-76\">\n\t<td class=\"column-1\"><\/td><td class=\"column-2\">2\u00ba<\/td><td class=\"column-3\">Liliana Olga Jurado Cerron<\/td><td class=\"column-4\">Nomeado(a) em 31\/12\/2020<\/td>\n<\/tr>\n<tr class=\"row-77\">\n\t<td class=\"column-1\"><\/td><td class=\"column-2\">3\u00ba<\/td><td class=\"column-3\">Eduardo Paiva Scarparo<\/td><td class=\"column-4\">Nomeado em 12\/09\/2022<\/td>\n<\/tr>\n<tr class=\"row-78\">\n\t<td class=\"column-1\"><\/td><td class=\"column-2\">4\u00ba<\/td><td class=\"column-3\">Robert Henrique Rodrigues Guterres<\/td><td class=\"column-4\">Tornado s\/efeito<\/td>\n<\/tr>\n<tr class=\"row-79\">\n\t<td class=\"column-1\"><\/td><td class=\"column-2\">5\u00ba<\/td><td class=\"column-3\">Fernanda Kruger Tomaschewski<\/td><td class=\"column-4\">Nomeada em 22\/09\/2022<\/td>\n<\/tr>\n<\/tbody>\n<\/table>\n<!-- #tablepress-159 from cache -->\n\n<div class=\"titleStyle\"><strong>Cotas Raciais<\/strong><\/div> \n\n<table id=\"tablepress-160\" class=\"tablepress tablepress-id-160\">\n<thead>\n<tr class=\"row-1\">\n\t<th class=\"column-1\">Unidade\/\u00c1rea\/Processo<\/th><th class=\"column-2\">Classif.<\/th><th class=\"column-3\">Aprovados<\/th><th class=\"column-4\">Situa\u00e7\u00e3o<\/th>\n<\/tr>\n<\/thead>\n<tbody class=\"row-striping row-hover\">\n<tr class=\"row-2\">\n\t<td class=\"column-1\"><strong>Centro de Artes \u2013 CA<\/strong><br \/>\nPr\u00e1ticas Art\u00edstico-Pedag\u00f3gicas em Dan\u00e7as Afro-Brasileiras<br \/>\nProc. 23110.105088\/2017-60<\/td><td class=\"column-2\">1\u00ba<\/td><td class=\"column-3\">Manoel Gildo Alves Neto<\/td><td class=\"column-4\">Nomeado(a) em 06\/03\/2019<\/td>\n<\/tr>\n<tr class=\"row-3\">\n\t<td class=\"column-1\"><\/td><td class=\"column-2\">2\u00ba<\/td><td class=\"column-3\">Karen Tolentino de Pires<\/td><td class=\"column-4\"><\/td>\n<\/tr>\n<tr class=\"row-4\">\n\t<td class=\"column-1\"><strong>Faculdade de Administra\u00e7\u00e3o e de Turismo<\/strong><br \/>\nTurismo<br \/>\nProc. 23110.016004\/2018-03<\/td><td class=\"column-2\">1\u00ba<\/td><td class=\"column-3\">Thiago Sebastiano de Melo<\/td><td class=\"column-4\">Nomeado(a) em 07\/06\/2019<\/td>\n<\/tr>\n<\/tbody>\n<\/table>\n<!-- #tablepress-160 from cache -->\n\n\n<\/div>\n","protected":false},"excerpt":{"rendered":"<p>Nomea\u00e7\u00f5es &#8211; Edital 27\/2018 Acompanhe nesta p\u00e1gina a publica\u00e7\u00e3o dos\/as nomeados\/as para servidores\/as docentes na UFPEL. Confira a p\u00e1gina com as informa\u00e7\u00f5es a respeito do certame: Certame do Edital 27\/2018 Ampla Concorr\u00eancia Cotas Raciais<\/p>\n","protected":false},"author":52,"featured_media":0,"parent":0,"menu_order":0,"comment_status":"closed","ping_status":"closed","template":"","meta":{"footnotes":""},"class_list":["post-14457","page","type-page","status-publish","hentry"],"_links":{"self":[{"href":"https:\/\/wp.ufpel.edu.br\/progep\/wp-json\/wp\/v2\/pages\/14457","targetHints":{"allow":["GET"]}}],"collection":[{"href":"https:\/\/wp.ufpel.edu.br\/progep\/wp-json\/wp\/v2\/pages"}],"about":[{"href":"https:\/\/wp.ufpel.edu.br\/progep\/wp-json\/wp\/v2\/types\/page"}],"author":[{"embeddable":true,"href":"https:\/\/wp.ufpel.edu.br\/progep\/wp-json\/wp\/v2\/users\/52"}],"replies":[{"embeddable":true,"href":"https:\/\/wp.ufpel.edu.br\/progep\/wp-json\/wp\/v2\/comments?post=14457"}],"version-history":[{"count":3,"href":"https:\/\/wp.ufpel.edu.br\/progep\/wp-json\/wp\/v2\/pages\/14457\/revisions"}],"predecessor-version":[{"id":37390,"href":"https:\/\/wp.ufpel.edu.br\/progep\/wp-json\/wp\/v2\/pages\/14457\/revisions\/37390"}],"wp:attachment":[{"href":"https:\/\/wp.ufpel.edu.br\/progep\/wp-json\/wp\/v2\/media?parent=14457"}],"curies":[{"name":"wp","href":"https:\/\/api.w.org\/{rel}","templated":true}]}}