{"id":14371,"date":"2019-12-09T11:03:42","date_gmt":"2019-12-09T14:03:42","guid":{"rendered":"https:\/\/wp.ufpel.edu.br\/progep\/?page_id=14371"},"modified":"2021-07-12T09:02:39","modified_gmt":"2021-07-12T12:02:39","slug":"aproveitamento-de-concurso","status":"publish","type":"page","link":"https:\/\/wp.ufpel.edu.br\/progep\/aproveitamento-de-concurso\/","title":{"rendered":"Aproveitamento de concurso"},"content":{"rendered":"<p style=\"text-align: center\"><strong>Aproveitamento de concurso de outra institui\u00e7\u00e3o<\/strong><\/p>\n<p>Segundo o Ac\u00f3rd\u00e3o TCU 1618\/2018:<br \/>\nO aproveitamento de candidatos aprovados em concursos p\u00fablicos:<br \/>\n&#8211;\u00a0requer previs\u00e3o expressa no edital do concurso de onde ser\u00e3o aproveitados os\u00a0candidatos e a observ\u00e2ncia da ordem de classifica\u00e7\u00e3o, a finalidade ou a destina\u00e7\u00e3o prevista no edital;<br \/>\n&#8211;\u00a0deve ser devidamente motivado, restringir-se a \u00f3rg\u00e3os\/entidades do mesmo Poder e\u00a0ser voltado ao provimento de cargo id\u00eantico \u00e0quele para o qual foi realizado o concurso, ou seja, de\u00a0mesma denomina\u00e7\u00e3o e que possuam os mesmos requisitos de habilita\u00e7\u00e3o acad\u00eamica e profissional,\u00a0atribui\u00e7\u00f5es, compet\u00eancias, direitos e deveres;<br \/>\n&#8211; somente poder\u00e1 alcan\u00e7ar cargos que tenham seu exerc\u00edcio previsto para as mesmas localidades em que tenham exerc\u00edcio os servidores do \u00f3rg\u00e3o\/entidade promotor do certame.<\/p>\n<p>Para manifestar interesse no aproveitamento de concurso, o candidato aprovado dever\u00e1 preencher o seguinte formul\u00e1rio: <a href=\"https:\/\/docs.google.com\/forms\/d\/e\/1FAIpQLSfT5QIdf53i8pYsGAfIhmdSoAdp7wEeqJRj_TljkaIt_HTMIg\/viewform\">clique aqui<\/a>.<\/p>\n<p>O processo de aproveitamento ser\u00e1 aberto no surgimento de uma vaga a ser provida do mesmo cargo do requerente.<\/p>\n","protected":false},"excerpt":{"rendered":"<p>Aproveitamento de concurso de outra institui\u00e7\u00e3o Segundo o Ac\u00f3rd\u00e3o TCU 1618\/2018: O aproveitamento de candidatos aprovados em concursos p\u00fablicos: &#8211;\u00a0requer previs\u00e3o expressa no edital do concurso de onde ser\u00e3o aproveitados os\u00a0candidatos e a observ\u00e2ncia da ordem de classifica\u00e7\u00e3o, a finalidade ou a destina\u00e7\u00e3o prevista no edital; &#8211;\u00a0deve ser devidamente motivado, restringir-se a \u00f3rg\u00e3os\/entidades do mesmo [&hellip;]<\/p>\n","protected":false},"author":52,"featured_media":0,"parent":0,"menu_order":0,"comment_status":"closed","ping_status":"closed","template":"","meta":{"footnotes":""},"class_list":["post-14371","page","type-page","status-publish","hentry"],"_links":{"self":[{"href":"https:\/\/wp.ufpel.edu.br\/progep\/wp-json\/wp\/v2\/pages\/14371","targetHints":{"allow":["GET"]}}],"collection":[{"href":"https:\/\/wp.ufpel.edu.br\/progep\/wp-json\/wp\/v2\/pages"}],"about":[{"href":"https:\/\/wp.ufpel.edu.br\/progep\/wp-json\/wp\/v2\/types\/page"}],"author":[{"embeddable":true,"href":"https:\/\/wp.ufpel.edu.br\/progep\/wp-json\/wp\/v2\/users\/52"}],"replies":[{"embeddable":true,"href":"https:\/\/wp.ufpel.edu.br\/progep\/wp-json\/wp\/v2\/comments?post=14371"}],"version-history":[{"count":5,"href":"https:\/\/wp.ufpel.edu.br\/progep\/wp-json\/wp\/v2\/pages\/14371\/revisions"}],"predecessor-version":[{"id":18102,"href":"https:\/\/wp.ufpel.edu.br\/progep\/wp-json\/wp\/v2\/pages\/14371\/revisions\/18102"}],"wp:attachment":[{"href":"https:\/\/wp.ufpel.edu.br\/progep\/wp-json\/wp\/v2\/media?parent=14371"}],"curies":[{"name":"wp","href":"https:\/\/api.w.org\/{rel}","templated":true}]}}