{"id":13442,"date":"2019-05-13T16:38:50","date_gmt":"2019-05-13T19:38:50","guid":{"rendered":"https:\/\/wp.ufpel.edu.br\/progep\/?page_id=13442"},"modified":"2025-06-30T13:32:30","modified_gmt":"2025-06-30T16:32:30","slug":"emergencias-na-unidade-basica-de-saude","status":"publish","type":"page","link":"https:\/\/wp.ufpel.edu.br\/progep\/emergencias-na-unidade-basica-de-saude\/","title":{"rendered":"Capacita\u00e7\u00e3o: EMERG\u00caNCIAS NA UNIDADE B\u00c1SICA DE SA\u00daDE"},"content":{"rendered":"<p><strong>Modalidade:<\/strong>\u00a0presencial<\/p>\n<p><strong>Carga Hor\u00e1ria:<\/strong>\u00a020 horas<\/p>\n<p><strong>Per\u00edodo:<\/strong>\u00a022 de maio a \u00a026 de junho<\/p>\n<p><strong>Encontros:<\/strong> 22 e 29\/05; 05, 12 e 26\/06 (quartas-feiras)<\/p>\n<p><strong>Hor\u00e1rio:<\/strong> das 13h30min \u00e0s 18h<\/p>\n<p><strong>Local:<\/strong>\u00a0FAMED LABENSIM<\/p>\n<p><strong>Sum\u00e1rio:<\/strong><\/p>\n<ul>\n<li>Reanima\u00e7\u00e3o cardiopulmonar de adultos;<\/li>\n<li>Situa\u00e7\u00f5es de engasgo em adultos, crian\u00e7as e beb\u00eas;<\/li>\n<li>Atendimento avan\u00e7ado da parada card\u00edaca de adultos;<\/li>\n<li>Reanima\u00e7\u00e3o cardiopulmonar em crian\u00e7as e beb\u00eas;<\/li>\n<li>Atendimento inicial \u00e0 crian\u00e7a ou ao beb\u00ea afogado (quase afogamento);<\/li>\n<li>Abordagem inicial ao parto normal no pr\u00e9-hospitalar;<\/li>\n<li>Sistematiza\u00e7\u00e3o da equipe para atender a crian\u00e7a gravemente doente;<\/li>\n<li>Primeiros socorros;<\/li>\n<li>Manejo n\u00e3o invasivo e invasivo de vias a\u00e9reas em adultos e crian\u00e7as;<\/li>\n<li>Atendimento inicial ao traumatizado grave.<\/li>\n<\/ul>\n<p>&nbsp;<\/p>\n<p><strong>P\u00fablico Alvo<\/strong>: servidores que atuem na \u00e1rea da sa\u00fade<\/p>\n<p><strong>N\u00famero de vagas dispon\u00edveis<\/strong>: 05 *<\/p>\n<p><strong>Ministrante<\/strong>: Samir Schneid<\/p>\n<p><strong>Per\u00edodo de inscri\u00e7\u00e3o<\/strong>: 13 a 19 de maio de 2019<\/p>\n<p><strong>Homologa\u00e7\u00e3o das inscri\u00e7\u00f5es<\/strong>: 20 de maio de 2019<\/p>\n<p>*Houve reserva de 15 vagas para servidores indicados pela FAMED, tendo em vista demanda recebida no levantamento de necessidades de capacita\u00e7\u00e3o advinda da unidade.<\/p>\n<p>* Orientamos que os participantes levem jaleco e len\u00e7os protetores faciais, e estejam com roupas e cal\u00e7ados confort\u00e1veis.<\/p>\n<p>&nbsp;<\/p>\n<p><strong><span style=\"color: #ff6600\"><a style=\"color: #ff6600\" href=\"https:\/\/wp.ufpel.edu.br\/progep\/files\/2019\/05\/homologa_inscritos-1.pdf\">INSCRI\u00c7\u00d5ES HOMOLOGADAS!<\/a><\/span><\/strong><\/p>\n","protected":false},"excerpt":{"rendered":"<p>Modalidade:\u00a0presencial Carga Hor\u00e1ria:\u00a020 horas Per\u00edodo:\u00a022 de maio a \u00a026 de junho Encontros: 22 e 29\/05; 05, 12 e 26\/06 (quartas-feiras) Hor\u00e1rio: das 13h30min \u00e0s 18h Local:\u00a0FAMED LABENSIM Sum\u00e1rio: Reanima\u00e7\u00e3o cardiopulmonar de adultos; Situa\u00e7\u00f5es de engasgo em adultos, crian\u00e7as e beb\u00eas; Atendimento avan\u00e7ado da parada card\u00edaca de adultos; Reanima\u00e7\u00e3o cardiopulmonar em crian\u00e7as e beb\u00eas; Atendimento inicial [&hellip;]<\/p>\n","protected":false},"author":21,"featured_media":0,"parent":0,"menu_order":0,"comment_status":"closed","ping_status":"closed","template":"","meta":{"footnotes":""},"class_list":["post-13442","page","type-page","status-publish","hentry"],"_links":{"self":[{"href":"https:\/\/wp.ufpel.edu.br\/progep\/wp-json\/wp\/v2\/pages\/13442","targetHints":{"allow":["GET"]}}],"collection":[{"href":"https:\/\/wp.ufpel.edu.br\/progep\/wp-json\/wp\/v2\/pages"}],"about":[{"href":"https:\/\/wp.ufpel.edu.br\/progep\/wp-json\/wp\/v2\/types\/page"}],"author":[{"embeddable":true,"href":"https:\/\/wp.ufpel.edu.br\/progep\/wp-json\/wp\/v2\/users\/21"}],"replies":[{"embeddable":true,"href":"https:\/\/wp.ufpel.edu.br\/progep\/wp-json\/wp\/v2\/comments?post=13442"}],"version-history":[{"count":6,"href":"https:\/\/wp.ufpel.edu.br\/progep\/wp-json\/wp\/v2\/pages\/13442\/revisions"}],"predecessor-version":[{"id":33852,"href":"https:\/\/wp.ufpel.edu.br\/progep\/wp-json\/wp\/v2\/pages\/13442\/revisions\/33852"}],"wp:attachment":[{"href":"https:\/\/wp.ufpel.edu.br\/progep\/wp-json\/wp\/v2\/media?parent=13442"}],"curies":[{"name":"wp","href":"https:\/\/api.w.org\/{rel}","templated":true}]}}