{"id":13165,"date":"2019-01-28T10:47:57","date_gmt":"2019-01-28T12:47:57","guid":{"rendered":"https:\/\/wp.ufpel.edu.br\/progep\/?page_id=13165"},"modified":"2025-06-30T13:28:11","modified_gmt":"2025-06-30T16:28:11","slug":"oficina-de-raciocinio-logico-e-analitico-para-anpad","status":"publish","type":"page","link":"https:\/\/wp.ufpel.edu.br\/progep\/oficina-de-raciocinio-logico-e-analitico-para-anpad\/","title":{"rendered":"Capacita\u00e7\u00e3o: Oficina de Racioc\u00ednio L\u00f3gico e Anal\u00edtico para ANPAD"},"content":{"rendered":"<p style=\"background: white\"><span style=\"font-size: 12pt;font-family: georgia, palatino, serif;color: #808080\"><strong>Modalidade<\/strong>: presencial<\/span><\/p>\n<p style=\"background: white\"><span style=\"font-size: 12pt;font-family: georgia, palatino, serif;color: #808080\"><strong>Carga hor\u00e1ria<\/strong>: 20 horas<\/span><\/p>\n<p style=\"background: white\"><span style=\"font-size: 12pt;font-family: georgia, palatino, serif;color: #808080\"><strong>S\u00famula do programa<\/strong>:\u00a0<\/span><span style=\"color: #808080\">L\u00f3gica e Racioc\u00ednio L\u00f3gico; Proposi\u00e7\u00f5es\/Conectivos;\u00a0Opera\u00e7\u00f5es L\u00f3gicas sobre Proposi\u00e7\u00f5es;\u00a0Tabelas-Verdade de Proposi\u00e7\u00f5es Compostas; Tautologias e Contradi\u00e7\u00f5es; Equival\u00eancia L\u00f3gica e Implica\u00e7\u00e3o L\u00f3gica; \u00c1lgebra das Proposi\u00e7\u00f5es;Argumentos; Senten\u00e7as Abertas; Opera\u00e7\u00f5es L\u00f3gicas sobre Senten\u00e7as Abertas; Quantificadores;Racioc\u00ednio Anal\u00edtico.<\/span><\/p>\n<p style=\"background: white\"><span style=\"font-size: 12pt;font-family: georgia, palatino, serif;color: #808080\"><strong>P\u00fablico alvo<\/strong>: servidores em geral, sendo que os temas a serem desenvolvidos nessa a\u00e7\u00e3o ter\u00e3o como base o teste da ANPAD, requisito do processo seletivo de ingresso ao PROFIAP \u2013 Mestrado Profissional em Administra\u00e7\u00e3o P\u00fablica.<\/span><\/p>\n<p style=\"background: white\"><span style=\"font-size: 12pt;font-family: georgia, palatino, serif;color: #808080\"><strong>N\u00famero de vagas<\/strong>: 35<\/span><\/p>\n<p style=\"background: white\"><span style=\"color: #999999\">Observa\u00e7\u00e3o: 25% das vagas ser\u00e3o destinadas aos servidores do HE, ou seja, 09 vagas.<\/span><\/p>\n<p style=\"background: white\"><span style=\"font-size: 12pt;font-family: georgia, palatino, serif;color: #808080\"><strong>Ministrante<\/strong>: Samantha Pinto da Silva<\/span><\/p>\n<p><span style=\"font-family: georgia, palatino, serif;font-size: 12pt;color: #808080\"><strong>Per\u00edodo<\/strong>: de 13\/02 a 06\/03 somente \u00e0s quartas-feiras, exceto no dia 25\/02 (segunda-feira).<\/span><\/p>\n<p style=\"background: white\"><span style=\"font-size: 12pt;font-family: georgia, palatino, serif;color: #808080\"><strong>Hor\u00e1rio<\/strong>: das 14h \u00e0s 18h<\/span><\/p>\n<p style=\"background: white\"><span style=\"font-size: 12pt;font-family: georgia, palatino, serif;color: #808080\"><strong>Local<\/strong>: Sala <del>246<\/del>\u00a0112 do Campus Anglo (Rua Gomes Carneiro, 01)<\/span><\/p>\n<p style=\"background: white\"><span style=\"font-size: 12pt;font-family: georgia, palatino, serif;color: #808080\"><strong>Per\u00edodo de inscri\u00e7\u00e3o<\/strong>: de 28\/01 a 10\/02<\/span><\/p>\n<p style=\"background: white\"><span style=\"font-size: 12pt;font-family: georgia, palatino, serif;color: #808080\"><strong>Publica\u00e7\u00e3o das inscri\u00e7\u00f5es homologadas<\/strong>: 11 de fevereiro de 2019<\/span><\/p>\n<p>&nbsp;<\/p>\n<p><strong><span style=\"color: #ff6600\"><a style=\"color: #ff6600\" href=\"https:\/\/wp.ufpel.edu.br\/progep\/files\/2019\/02\/homologa_inscritos_oficina-lingua-portuguesa-1.pdf\">Inscri\u00e7\u00f5es Homologadas AQUI!<\/a><\/span><\/strong><\/p>\n","protected":false},"excerpt":{"rendered":"<p>Modalidade: presencial Carga hor\u00e1ria: 20 horas S\u00famula do programa:\u00a0L\u00f3gica e Racioc\u00ednio L\u00f3gico; Proposi\u00e7\u00f5es\/Conectivos;\u00a0Opera\u00e7\u00f5es L\u00f3gicas sobre Proposi\u00e7\u00f5es;\u00a0Tabelas-Verdade de Proposi\u00e7\u00f5es Compostas; Tautologias e Contradi\u00e7\u00f5es; Equival\u00eancia L\u00f3gica e Implica\u00e7\u00e3o L\u00f3gica; \u00c1lgebra das Proposi\u00e7\u00f5es;Argumentos; Senten\u00e7as Abertas; Opera\u00e7\u00f5es L\u00f3gicas sobre Senten\u00e7as Abertas; Quantificadores;Racioc\u00ednio Anal\u00edtico. P\u00fablico alvo: servidores em geral, sendo que os temas a serem desenvolvidos nessa a\u00e7\u00e3o ter\u00e3o como [&hellip;]<\/p>\n","protected":false},"author":21,"featured_media":0,"parent":0,"menu_order":0,"comment_status":"closed","ping_status":"closed","template":"","meta":{"footnotes":""},"class_list":["post-13165","page","type-page","status-publish","hentry"],"_links":{"self":[{"href":"https:\/\/wp.ufpel.edu.br\/progep\/wp-json\/wp\/v2\/pages\/13165","targetHints":{"allow":["GET"]}}],"collection":[{"href":"https:\/\/wp.ufpel.edu.br\/progep\/wp-json\/wp\/v2\/pages"}],"about":[{"href":"https:\/\/wp.ufpel.edu.br\/progep\/wp-json\/wp\/v2\/types\/page"}],"author":[{"embeddable":true,"href":"https:\/\/wp.ufpel.edu.br\/progep\/wp-json\/wp\/v2\/users\/21"}],"replies":[{"embeddable":true,"href":"https:\/\/wp.ufpel.edu.br\/progep\/wp-json\/wp\/v2\/comments?post=13165"}],"version-history":[{"count":8,"href":"https:\/\/wp.ufpel.edu.br\/progep\/wp-json\/wp\/v2\/pages\/13165\/revisions"}],"predecessor-version":[{"id":33836,"href":"https:\/\/wp.ufpel.edu.br\/progep\/wp-json\/wp\/v2\/pages\/13165\/revisions\/33836"}],"wp:attachment":[{"href":"https:\/\/wp.ufpel.edu.br\/progep\/wp-json\/wp\/v2\/media?parent=13165"}],"curies":[{"name":"wp","href":"https:\/\/api.w.org\/{rel}","templated":true}]}}

Capacitação: Oficina de Raciocínio Lógico e Analítico para ANPAD

<p style="background: white"><span style="font-size: 12pt;font-family: georgia, palatino, serif;color: #808080"><strong>Modalidade</strong>: presencial</span></p>
<p style="background: white"><span style="font-size: 12pt;font-family: georgia, palatino, serif;color: #808080"><strong>Carga horária</strong>: 20 horas</span></p>
<p style="background: white"><span style="font-size: 12pt;font-family: georgia, palatino, serif;color: #808080"><strong>Súmula do programa</strong>: </span><span style="color: #808080">Lógica e Raciocínio Lógico; Proposições/Conectivos; Operações Lógicas sobre Proposições; Tabelas-Verdade de Proposições Compostas; Tautologias e Contradições; Equivalência Lógica e Implicação Lógica; Álgebra das Proposições;Argumentos; Sentenças Abertas; Operações Lógicas sobre Sentenças Abertas; Quantificadores;Raciocínio Analítico.</span></p>
<p style="background: white"><span style="font-size: 12pt;font-family: georgia, palatino, serif;color: #808080"><strong>Público alvo</strong>: servidores em geral, sendo que os temas a serem desenvolvidos nessa ação terão como base o teste da ANPAD, requisito do processo seletivo de ingresso ao PROFIAP – Mestrado Profissional em Administração Pública.</span></p>
<p style="background: white"><span style="font-size: 12pt;font-family: georgia, palatino, serif;color: #808080"><strong>Número de vagas</strong>: 35</span></p>
<p style="background: white"><span style="color: #999999">Observação: 25% das vagas serão destinadas aos servidores do HE, ou seja, 09 vagas.</span></p>
<p style="background: white"><span style="font-size: 12pt;font-family: georgia, palatino, serif;color: #808080"><strong>Ministrante</strong>: Samantha Pinto da Silva</span></p>
<p><span style="font-family: georgia, palatino, serif;font-size: 12pt;color: #808080"><strong>Período</strong>: de 13/02 a 06/03 somente às quartas-feiras, exceto no dia 25/02 (segunda-feira).</span></p>
<p style="background: white"><span style="font-size: 12pt;font-family: georgia, palatino, serif;color: #808080"><strong>Horário</strong>: das 14h às 18h</span></p>
<p style="background: white"><span style="font-size: 12pt;font-family: georgia, palatino, serif;color: #808080"><strong>Local</strong>: Sala <del>246</del> 112 do Campus Anglo (Rua Gomes Carneiro, 01)</span></p>
<p style="background: white"><span style="font-size: 12pt;font-family: georgia, palatino, serif;color: #808080"><strong>Período de inscrição</strong>: de 28/01 a 10/02</span></p>
<p style="background: white"><span style="font-size: 12pt;font-family: georgia, palatino, serif;color: #808080"><strong>Publicação das inscrições homologadas</strong>: 11 de fevereiro de 2019</span></p>
<p>&nbsp;</p>
<p><strong><span style="color: #ff6600"><a style="color: #ff6600" href="https://wp.ufpel.edu.br/progep/files/2019/02/homologa_inscritos_oficina-lingua-portuguesa-1.pdf">Inscrições Homologadas AQUI!</a></span></strong></p>

<p>Modalidade: presencial Carga horária: 20 horas Súmula do programa: Lógica e Raciocínio Lógico; Proposições/Conectivos; Operações Lógicas sobre Proposições; Tabelas-Verdade de Proposições Compostas; Tautologias e Contradições; Equivalência Lógica e Implicação Lógica; Álgebra das Proposições;Argumentos; Sentenças Abertas; Operações Lógicas sobre Sentenças Abertas; Quantificadores;Raciocínio Analítico. Público alvo: servidores em geral, sendo que os temas a serem desenvolvidos nessa ação terão como [&hellip;]</p>
