{"id":13159,"date":"2019-01-28T10:22:39","date_gmt":"2019-01-28T12:22:39","guid":{"rendered":"https:\/\/wp.ufpel.edu.br\/progep\/?page_id=13159"},"modified":"2025-06-30T13:28:05","modified_gmt":"2025-06-30T16:28:05","slug":"oficina-de-leitura-instrumental-em-lingua-inglesa-para-anpad-2","status":"publish","type":"page","link":"https:\/\/wp.ufpel.edu.br\/progep\/oficina-de-leitura-instrumental-em-lingua-inglesa-para-anpad-2\/","title":{"rendered":"Capacita\u00e7\u00e3o: Oficina de Leitura Instrumental em L\u00edngua Inglesa para ANPAD"},"content":{"rendered":"<p><span style=\"font-family: georgia, palatino, serif\"><strong>Modalidade<\/strong>: Presencial<\/span><\/p>\n<p><span style=\"font-family: georgia, palatino, serif\"><strong>Carga Hor\u00e1ria<\/strong>: 20 horas<\/span><\/p>\n<p><span style=\"font-family: georgia, palatino, serif\"><strong>Per\u00edodo<\/strong>: De 07 de fevereiro a 7 de mar\u00e7o de 2019, somente \u00e0s quintas-feiras.<\/span><\/p>\n<p><span style=\"font-family: georgia, palatino, serif\"><strong>Hor\u00e1rio<\/strong>: Das 14h \u00e0s 18h<\/span><\/p>\n<p><span style=\"font-family: georgia, palatino, serif\"><strong>Local<\/strong>: Sala 112 do campus Anglo (Rua Gomes Carneiro, 01)<\/span><\/p>\n<p><span style=\"font-family: georgia, palatino, serif\"><strong>Ementa<\/strong>:\u00a01- Infer\u00eancia, atrav\u00e9s do contexto e dos mecanismos de forma\u00e7\u00e3o de palavras, do significado de voc\u00e1bulos desconhecidos; 2 &#8211; Identifica\u00e7\u00e3o de marcadores expl\u00edcitos de coes\u00e3o, conseguindo, assim, estabelecer conex\u00f5es de sentido entre per\u00edodos e par\u00e1grafos; 3 &#8211; Interpreta\u00e7\u00e3o de afirma\u00e7\u00f5es no texto, visando acompanhar a argumenta\u00e7\u00e3o oferecida pelo autor; 4 \u2013 Reconhecimento de recursos de argumenta\u00e7\u00e3o t\u00edpicos de textos acad\u00eamicos e jornal\u00edsticos sobre t\u00f3picos relacionados com os campos disciplinares das \u00e1reas contempladas pelo TESTE ANPAD.<\/span><\/p>\n<p><span style=\"font-family: georgia, palatino, serif\"><strong>P\u00fablico alvo<\/strong>: servidores em geral, sendo que os temas a serem desenvolvidos nessa a\u00e7\u00e3o ter\u00e3o como base o teste da ANPAD, requisito no processo seletivo de ingresso ao PROFIAP \u2013 Mestrado Profissional em Administra\u00e7\u00e3o P\u00fablica.<\/span><\/p>\n<p><span style=\"font-family: georgia, palatino, serif\"><strong>N\u00famero de vagas<\/strong>: 35<\/span><\/p>\n<p><span style=\"color: #999999\">Observa\u00e7\u00e3o: 25% das vagas ser\u00e3o destinadas aos servidores do HE, ou seja, 09 vagas.<\/span><\/p>\n<p><span style=\"font-family: georgia, palatino, serif\"><strong>Ministrante<\/strong>: M\u00e1rcia Morales Klee<\/span><\/p>\n<p><span style=\"font-family: georgia, palatino, serif\"><strong>Per\u00edodo de inscri\u00e7\u00f5es<\/strong>: De 28\/01 a 04\/02<\/span><\/p>\n<p><span style=\"font-family: georgia, palatino, serif\"><strong>Divulga\u00e7\u00e3o das inscri\u00e7\u00f5es homologadas<\/strong>: 05 de fevereiro de 2019<\/span><\/p>\n<p><strong><span style=\"color: #ff6600\"><a style=\"color: #ff6600\" href=\"https:\/\/wp.ufpel.edu.br\/progep\/files\/2019\/02\/homologa_inscritos_oficina-Ingles-1.pdf\">Listagem das inscri\u00e7\u00f5es homologadas AQUI!<\/a><\/span><\/strong><\/p>\n","protected":false},"excerpt":{"rendered":"<p>Modalidade: Presencial Carga Hor\u00e1ria: 20 horas Per\u00edodo: De 07 de fevereiro a 7 de mar\u00e7o de 2019, somente \u00e0s quintas-feiras. Hor\u00e1rio: Das 14h \u00e0s 18h Local: Sala 112 do campus Anglo (Rua Gomes Carneiro, 01) Ementa:\u00a01- Infer\u00eancia, atrav\u00e9s do contexto e dos mecanismos de forma\u00e7\u00e3o de palavras, do significado de voc\u00e1bulos desconhecidos; 2 &#8211; Identifica\u00e7\u00e3o [&hellip;]<\/p>\n","protected":false},"author":21,"featured_media":0,"parent":0,"menu_order":0,"comment_status":"closed","ping_status":"closed","template":"","meta":{"footnotes":""},"class_list":["post-13159","page","type-page","status-publish","hentry"],"_links":{"self":[{"href":"https:\/\/wp.ufpel.edu.br\/progep\/wp-json\/wp\/v2\/pages\/13159","targetHints":{"allow":["GET"]}}],"collection":[{"href":"https:\/\/wp.ufpel.edu.br\/progep\/wp-json\/wp\/v2\/pages"}],"about":[{"href":"https:\/\/wp.ufpel.edu.br\/progep\/wp-json\/wp\/v2\/types\/page"}],"author":[{"embeddable":true,"href":"https:\/\/wp.ufpel.edu.br\/progep\/wp-json\/wp\/v2\/users\/21"}],"replies":[{"embeddable":true,"href":"https:\/\/wp.ufpel.edu.br\/progep\/wp-json\/wp\/v2\/comments?post=13159"}],"version-history":[{"count":9,"href":"https:\/\/wp.ufpel.edu.br\/progep\/wp-json\/wp\/v2\/pages\/13159\/revisions"}],"predecessor-version":[{"id":33835,"href":"https:\/\/wp.ufpel.edu.br\/progep\/wp-json\/wp\/v2\/pages\/13159\/revisions\/33835"}],"wp:attachment":[{"href":"https:\/\/wp.ufpel.edu.br\/progep\/wp-json\/wp\/v2\/media?parent=13159"}],"curies":[{"name":"wp","href":"https:\/\/api.w.org\/{rel}","templated":true}]}}