{"id":12768,"date":"2018-09-18T14:43:59","date_gmt":"2018-09-18T17:43:59","guid":{"rendered":"https:\/\/wp.ufpel.edu.br\/progep\/?page_id=12768"},"modified":"2025-05-16T09:54:16","modified_gmt":"2025-05-16T12:54:16","slug":"ciclo-de-palestras-para-servidores-setembro-amarelo-do-que-estamos-falando","status":"publish","type":"page","link":"https:\/\/wp.ufpel.edu.br\/progep\/ciclo-de-palestras-para-servidores-setembro-amarelo-do-que-estamos-falando\/","title":{"rendered":"Capacita\u00e7\u00e3o: Ciclo de Palestras para Servidores &#8211; Setembro Amarelo: do que estamos falando?"},"content":{"rendered":"<p><span style=\"color: #808080\"><strong>Data:<\/strong> 27 de setembro de 2018\u00a0 <span style=\"color: #ff0000\">(A palestra foi cancelada, haja vista que o n\u00famero de inscritos n\u00e3o atingiu o m\u00ednimo de metade das vagas oferecidas)<\/span><\/span><\/p>\n<p><span style=\"color: #808080\"><strong>Hora:<\/strong> 8h 30min<\/span><\/p>\n<p><span style=\"color: #808080\"><strong>Local:<\/strong> Audit\u00f3rio do Campus II \u2013 3\u00ba andar &#8211; Rua Alm. Barroso n\u00ba 1202<\/span><\/p>\n<p><span style=\"color: #808080\"><strong>Palestrantes:<\/strong>\u00a0Juliana Antunes Souza (Psic\u00f3loga) e Maria Ang\u00e9lica Scheidemandel Sieburger (M\u00e9dica Psiquiatra)<\/span><\/p>\n<p><strong><span style=\"color: #808080\">Ementa:\u00a0<\/span><\/strong><span style=\"color: #808080\"><em>Setembro Amarelo\u00a0<\/em><\/span><span style=\"color: #808080\">\u00e9 uma campanha brasileira\u00a0de preven\u00e7\u00e3o ao suic\u00eddio, iniciada em 2015. \u00c9 uma iniciativa do\u00a0Centro de Valoriza\u00e7\u00e3o da Vida\u00a0(CVV), do Conselho Federal de Medicina\u00a0(CFM) e da Associa\u00e7\u00e3o Brasileira de Psiquiatria\u00a0(ABP). O m\u00eas de setembro foi escolhido para a campanha porque internacionalmente o dia 10 de setembro \u00e9 o Dia Mundial de Preven\u00e7\u00e3o ao Suic\u00eddio.\u00a0A ideia \u00e9 promover eventos que abram espa\u00e7o para debates sobre suic\u00eddio e divulgar o tema alertando a popula\u00e7\u00e3o sobre a import\u00e2ncia de sua discuss\u00e3o e preven\u00e7\u00e3o.<\/span><\/p>\n<p><strong style=\"color: #808080\">P\u00fablico alvo:<\/strong><span style=\"color: #808080\"> servidores em geral\u00a0<\/span><\/p>\n<p><span style=\"color: #808080\"><strong>N\u00famero de vagas:<\/strong>\u00a050<\/span><\/p>\n<p><span style=\"color: #808080\"><strong>Per\u00edodo de inscri\u00e7\u00e3o:\u00a0<\/strong>18 a 25 de setembro de 2018<\/span><\/p>\n<p><span style=\"color: #808080\"><strong>Divulga\u00e7\u00e3o das inscri\u00e7\u00f5es homologadas:<\/strong>\u00a026\/09\/2018, nesta p\u00e1gina.<\/span><\/p>\n<p>&nbsp;<\/p>\n<p>&nbsp;<\/p>\n","protected":false},"excerpt":{"rendered":"<p>Data: 27 de setembro de 2018\u00a0 (A palestra foi cancelada, haja vista que o n\u00famero de inscritos n\u00e3o atingiu o m\u00ednimo de metade das vagas oferecidas) Hora: 8h 30min Local: Audit\u00f3rio do Campus II \u2013 3\u00ba andar &#8211; Rua Alm. Barroso n\u00ba 1202 Palestrantes:\u00a0Juliana Antunes Souza (Psic\u00f3loga) e Maria Ang\u00e9lica Scheidemandel Sieburger (M\u00e9dica Psiquiatra) Ementa:\u00a0Setembro [&hellip;]<\/p>\n","protected":false},"author":21,"featured_media":0,"parent":0,"menu_order":0,"comment_status":"closed","ping_status":"closed","template":"","meta":{"footnotes":""},"class_list":["post-12768","page","type-page","status-publish","hentry"],"_links":{"self":[{"href":"https:\/\/wp.ufpel.edu.br\/progep\/wp-json\/wp\/v2\/pages\/12768","targetHints":{"allow":["GET"]}}],"collection":[{"href":"https:\/\/wp.ufpel.edu.br\/progep\/wp-json\/wp\/v2\/pages"}],"about":[{"href":"https:\/\/wp.ufpel.edu.br\/progep\/wp-json\/wp\/v2\/types\/page"}],"author":[{"embeddable":true,"href":"https:\/\/wp.ufpel.edu.br\/progep\/wp-json\/wp\/v2\/users\/21"}],"replies":[{"embeddable":true,"href":"https:\/\/wp.ufpel.edu.br\/progep\/wp-json\/wp\/v2\/comments?post=12768"}],"version-history":[{"count":6,"href":"https:\/\/wp.ufpel.edu.br\/progep\/wp-json\/wp\/v2\/pages\/12768\/revisions"}],"predecessor-version":[{"id":32597,"href":"https:\/\/wp.ufpel.edu.br\/progep\/wp-json\/wp\/v2\/pages\/12768\/revisions\/32597"}],"wp:attachment":[{"href":"https:\/\/wp.ufpel.edu.br\/progep\/wp-json\/wp\/v2\/media?parent=12768"}],"curies":[{"name":"wp","href":"https:\/\/api.w.org\/{rel}","templated":true}]}}

Capacitação: Ciclo de Palestras para Servidores &#8211; Setembro Amarelo: do que estamos falando?

<p><span style="color: #808080"><strong>Data:</strong> 27 de setembro de 2018  <span style="color: #ff0000">(A palestra foi cancelada, haja vista que o número de inscritos não atingiu o mínimo de metade das vagas oferecidas)</span></span></p>
<p><span style="color: #808080"><strong>Hora:</strong> 8h 30min</span></p>
<p><span style="color: #808080"><strong>Local:</strong> Auditório do Campus II – 3º andar &#8211; Rua Alm. Barroso nº 1202</span></p>
<p><span style="color: #808080"><strong>Palestrantes:</strong> Juliana Antunes Souza (Psicóloga) e Maria Angélica Scheidemandel Sieburger (Médica Psiquiatra)</span></p>
<p><strong><span style="color: #808080">Ementa: </span></strong><span style="color: #808080"><em>Setembro Amarelo </em></span><span style="color: #808080">é uma campanha brasileira de prevenção ao suicídio, iniciada em 2015. É uma iniciativa do Centro de Valorização da Vida (CVV), do Conselho Federal de Medicina (CFM) e da Associação Brasileira de Psiquiatria (ABP). O mês de setembro foi escolhido para a campanha porque internacionalmente o dia 10 de setembro é o Dia Mundial de Prevenção ao Suicídio. A ideia é promover eventos que abram espaço para debates sobre suicídio e divulgar o tema alertando a população sobre a importância de sua discussão e prevenção.</span></p>
<p><strong style="color: #808080">Público alvo:</strong><span style="color: #808080"> servidores em geral </span></p>
<p><span style="color: #808080"><strong>Número de vagas:</strong> 50</span></p>
<p><span style="color: #808080"><strong>Período de inscrição: </strong>18 a 25 de setembro de 2018</span></p>
<p><span style="color: #808080"><strong>Divulgação das inscrições homologadas:</strong> 26/09/2018, nesta página.</span></p>
<p>&nbsp;</p>
<p>&nbsp;</p>

<p>Data: 27 de setembro de 2018  (A palestra foi cancelada, haja vista que o número de inscritos não atingiu o mínimo de metade das vagas oferecidas) Hora: 8h 30min Local: Auditório do Campus II – 3º andar &#8211; Rua Alm. Barroso nº 1202 Palestrantes: Juliana Antunes Souza (Psicóloga) e Maria Angélica Scheidemandel Sieburger (Médica Psiquiatra) Ementa: Setembro [&hellip;]</p>
