{"id":12353,"date":"2018-04-18T15:09:20","date_gmt":"2018-04-18T18:09:20","guid":{"rendered":"https:\/\/wp.ufpel.edu.br\/progep\/?page_id=12353"},"modified":"2025-06-30T13:23:19","modified_gmt":"2025-06-30T16:23:19","slug":"curso-formacao-de-professores-para-o-sistema-moodle-3","status":"publish","type":"page","link":"https:\/\/wp.ufpel.edu.br\/progep\/curso-formacao-de-professores-para-o-sistema-moodle-3\/","title":{"rendered":"Capacita\u00e7\u00e3o: Curso: Forma\u00e7\u00e3o de Professores para o Sistema Moodle"},"content":{"rendered":"<p><span style=\"color: #808080\"><strong>Modalidade:<\/strong>\u00a0semi-presencial<\/span><\/p>\n<p><span style=\"color: #808080\"><strong>Carga Hor\u00e1ria:<\/strong>\u00a040 horas<\/span><\/p>\n<p><span style=\"color: #808080\"><strong>Per\u00edodo:<\/strong> 16 de maio a 13 de junho<\/span><\/p>\n<p><span style=\"color: #808080\"><strong>P\u00fablico alvo:<\/strong>\u00a0servidores em geral.<\/span><\/p>\n<p><span style=\"color: #808080\"><strong>N\u00famero de Vagas:<\/strong>\u00a020<\/span><\/p>\n<p><span style=\"color: #808080\"><strong>Ministrantes:<\/strong>\u00a0Jer\u00f4nimo Madruga e Rodrigo Padilha Silveira<\/span><\/p>\n<p><span style=\"color: #808080\"><strong>Per\u00edodo dos encontros presenciais:<\/strong>\u00a0somente \u00e0s quartas-feiras<\/span><\/p>\n<p><span style=\"color: #808080\"><strong>Hor\u00e1rio:<\/strong>\u00a0das 08 \u00e0s 12 horas<\/span><\/p>\n<p><span style=\"color: #808080\"><strong>Local:<\/strong>\u00a0Sala 307 \u2013 Andar 3A \u2013 Pr\u00e9dio Cotada, Laborat\u00f3rio CPED, Rua Benjamim Constant, 989<\/span><\/p>\n<p><span style=\"color: #808080\"><strong>Per\u00edodo de inscri\u00e7\u00e3o:<\/strong>\u00a018 de abril a 10 de maio<\/span><\/p>\n<p><span style=\"color: #808080\"><strong>Publica\u00e7\u00e3o das inscri\u00e7\u00f5es homologadas:<\/strong>\u00a011 de maio de 2018<\/span><\/p>\n<p><strong><span style=\"color: #ff6600\"><a style=\"color: #ff6600\" href=\"https:\/\/wp.ufpel.edu.br\/progep\/files\/2018\/05\/homologa_inscritos_MOODLE.pdf\">Listagem das Inscri\u00e7\u00f5es Homologadas AQUI!<\/a><\/span><\/strong><\/p>\n","protected":false},"excerpt":{"rendered":"<p>Modalidade:\u00a0semi-presencial Carga Hor\u00e1ria:\u00a040 horas Per\u00edodo: 16 de maio a 13 de junho P\u00fablico alvo:\u00a0servidores em geral. N\u00famero de Vagas:\u00a020 Ministrantes:\u00a0Jer\u00f4nimo Madruga e Rodrigo Padilha Silveira Per\u00edodo dos encontros presenciais:\u00a0somente \u00e0s quartas-feiras Hor\u00e1rio:\u00a0das 08 \u00e0s 12 horas Local:\u00a0Sala 307 \u2013 Andar 3A \u2013 Pr\u00e9dio Cotada, Laborat\u00f3rio CPED, Rua Benjamim Constant, 989 Per\u00edodo de inscri\u00e7\u00e3o:\u00a018 de abril [&hellip;]<\/p>\n","protected":false},"author":21,"featured_media":0,"parent":0,"menu_order":0,"comment_status":"closed","ping_status":"closed","template":"","meta":{"footnotes":""},"class_list":["post-12353","page","type-page","status-publish","hentry"],"_links":{"self":[{"href":"https:\/\/wp.ufpel.edu.br\/progep\/wp-json\/wp\/v2\/pages\/12353","targetHints":{"allow":["GET"]}}],"collection":[{"href":"https:\/\/wp.ufpel.edu.br\/progep\/wp-json\/wp\/v2\/pages"}],"about":[{"href":"https:\/\/wp.ufpel.edu.br\/progep\/wp-json\/wp\/v2\/types\/page"}],"author":[{"embeddable":true,"href":"https:\/\/wp.ufpel.edu.br\/progep\/wp-json\/wp\/v2\/users\/21"}],"replies":[{"embeddable":true,"href":"https:\/\/wp.ufpel.edu.br\/progep\/wp-json\/wp\/v2\/comments?post=12353"}],"version-history":[{"count":4,"href":"https:\/\/wp.ufpel.edu.br\/progep\/wp-json\/wp\/v2\/pages\/12353\/revisions"}],"predecessor-version":[{"id":33815,"href":"https:\/\/wp.ufpel.edu.br\/progep\/wp-json\/wp\/v2\/pages\/12353\/revisions\/33815"}],"wp:attachment":[{"href":"https:\/\/wp.ufpel.edu.br\/progep\/wp-json\/wp\/v2\/media?parent=12353"}],"curies":[{"name":"wp","href":"https:\/\/api.w.org\/{rel}","templated":true}]}}