{"id":12308,"date":"2018-04-04T16:52:15","date_gmt":"2018-04-04T19:52:15","guid":{"rendered":"https:\/\/wp.ufpel.edu.br\/progep\/?page_id=12308"},"modified":"2025-06-30T13:22:46","modified_gmt":"2025-06-30T16:22:46","slug":"introducao-a-libras","status":"publish","type":"page","link":"https:\/\/wp.ufpel.edu.br\/progep\/introducao-a-libras\/","title":{"rendered":"Capacita\u00e7\u00e3o: Introdu\u00e7\u00e3o \u00e0 Libras"},"content":{"rendered":"<p><span style=\"color: #999999\"><strong>Modalidade:<\/strong> presencial<\/span><\/p>\n<p><span style=\"color: #999999\"><strong>Carga Hor\u00e1ria<\/strong>: 60 horas<\/span><\/p>\n<p><span style=\"color: #999999\"><strong>S\u00famula do Programa: <\/strong>Identidade e cultura surda; Artefatos culturais que constituem a cultura surda; Nomenclaturas na \u00e1rea da surdez; Hist\u00f3ria da L\u00edngua de Sinais no Brasil; Legisla\u00e7\u00e3o; Alfabeto manual e sinais b\u00e1sicos para apresenta\u00e7\u00e3o pessoal; Aspectos gramaticais da l\u00edngua; Plural; Classificadores; N\u00fameros; Sauda\u00e7\u00f5es<strong>; <\/strong>Sinais ic\u00f4nicos e arbitr\u00e1rios; Adjetivos; Pronomes &#8211; possessivos e de tratamento, demonstrativos e interrogativos; Sinais relacionados ao atendimento ao p\u00fablico; Locais da Universidade; Pr\u00e9dios, unidades e setores da Universidade; Documentos: materiais de expediente e documentos pessoais; Sinais da \u00e1rea da inform\u00e1tica e tecnologias; Calend\u00e1rio; Horas; Adv\u00e9rbio de tempo; Grupo familiar e g\u00eanero na Libras; Di\u00e1logos; Situa\u00e7\u00f5es do cotidiano; Material escolar\/escrit\u00f3rio; Verbos; Profiss\u00f5es; Cursos da institui\u00e7\u00e3o; Filmes\/document\u00e1rios.<\/span><\/p>\n<p><span style=\"color: #999999\"><strong>P\u00fablico alvo:<\/strong> servidores em geral<\/span><\/p>\n<p><span style=\"color: #999999\"><strong>N\u00famero de Vagas<\/strong>: 25<\/span><\/p>\n<p><span style=\"color: #999999\"><strong>Ministrantes:<\/strong> Crisiane de Freitas Soares e Daiana San Martins Goulart<\/span><\/p>\n<p><span style=\"color: #999999\"><strong>Per\u00edodo:<\/strong> de 23 de abril a 30 de julho de 2018 (somente \u00e0s segundas-feiras)<\/span><\/p>\n<p><span style=\"color: #999999\"><strong>Hor\u00e1rio:<\/strong> das 14h \u00e0s 18h<\/span><\/p>\n<p><span style=\"color: #999999\"><strong>Local:<\/strong> Sala 203 no antigo pr\u00e9dio da Justi\u00e7a do Trabalho (Rua Lobo da Costa, 585)<\/span><\/p>\n<p><span style=\"color: #999999\"><strong>Per\u00edodo de inscri\u00e7\u00e3o:<\/strong> 04 a 18 de abril de 2018<\/span><\/p>\n<p><span style=\"color: #999999\"><strong>Publica\u00e7\u00e3o das inscri\u00e7\u00f5es homologadas:<\/strong> 19 de abril, nesta p\u00e1gina.<\/span><\/p>\n<p><strong><span style=\"color: #ff6600\"><a style=\"color: #ff6600\" href=\"https:\/\/wp.ufpel.edu.br\/progep\/files\/2018\/04\/homologa_inscritos_.pdf\">Inscri\u00e7\u00f5es Homologadas AQUI!<\/a><\/span><\/strong><\/p>\n","protected":false},"excerpt":{"rendered":"<p>Modalidade: presencial Carga Hor\u00e1ria: 60 horas S\u00famula do Programa: Identidade e cultura surda; Artefatos culturais que constituem a cultura surda; Nomenclaturas na \u00e1rea da surdez; Hist\u00f3ria da L\u00edngua de Sinais no Brasil; Legisla\u00e7\u00e3o; Alfabeto manual e sinais b\u00e1sicos para apresenta\u00e7\u00e3o pessoal; Aspectos gramaticais da l\u00edngua; Plural; Classificadores; N\u00fameros; Sauda\u00e7\u00f5es; Sinais ic\u00f4nicos e arbitr\u00e1rios; Adjetivos; Pronomes [&hellip;]<\/p>\n","protected":false},"author":21,"featured_media":0,"parent":0,"menu_order":0,"comment_status":"closed","ping_status":"closed","template":"","meta":{"footnotes":""},"class_list":["post-12308","page","type-page","status-publish","hentry"],"_links":{"self":[{"href":"https:\/\/wp.ufpel.edu.br\/progep\/wp-json\/wp\/v2\/pages\/12308","targetHints":{"allow":["GET"]}}],"collection":[{"href":"https:\/\/wp.ufpel.edu.br\/progep\/wp-json\/wp\/v2\/pages"}],"about":[{"href":"https:\/\/wp.ufpel.edu.br\/progep\/wp-json\/wp\/v2\/types\/page"}],"author":[{"embeddable":true,"href":"https:\/\/wp.ufpel.edu.br\/progep\/wp-json\/wp\/v2\/users\/21"}],"replies":[{"embeddable":true,"href":"https:\/\/wp.ufpel.edu.br\/progep\/wp-json\/wp\/v2\/comments?post=12308"}],"version-history":[{"count":3,"href":"https:\/\/wp.ufpel.edu.br\/progep\/wp-json\/wp\/v2\/pages\/12308\/revisions"}],"predecessor-version":[{"id":33810,"href":"https:\/\/wp.ufpel.edu.br\/progep\/wp-json\/wp\/v2\/pages\/12308\/revisions\/33810"}],"wp:attachment":[{"href":"https:\/\/wp.ufpel.edu.br\/progep\/wp-json\/wp\/v2\/media?parent=12308"}],"curies":[{"name":"wp","href":"https:\/\/api.w.org\/{rel}","templated":true}]}}