{"id":11637,"date":"2017-09-12T16:58:31","date_gmt":"2017-09-12T19:58:31","guid":{"rendered":"https:\/\/wp.ufpel.edu.br\/progep\/?page_id=11637"},"modified":"2025-06-30T13:20:31","modified_gmt":"2025-06-30T16:20:31","slug":"curso-sistema-eletronico-de-informacoes-sei-nova-turma","status":"publish","type":"page","link":"https:\/\/wp.ufpel.edu.br\/progep\/curso-sistema-eletronico-de-informacoes-sei-nova-turma\/","title":{"rendered":"Capacita\u00e7\u00e3o: Curso: Sistema Eletr\u00f4nico de Informa\u00e7\u00f5es &#8211; SEI &#8211; Novas Turmas!"},"content":{"rendered":"<p><span style=\"color: #ff0000\"><em><strong>AVISO<\/strong>: A CDP\/PROGEP comunica que as capacita\u00e7\u00f5es sobre o Sistema Eletr\u00f4nico de Informa\u00e7\u00f5es (SEI) est\u00e3o SUSPENSAS devido \u00e0 deflagra\u00e7\u00e3o do movimento grevista dos T\u00e9cnico-administrativos em Educa\u00e7\u00e3o em 10 de novembro pr\u00f3ximo.<\/em><\/span><\/p>\n<p>&nbsp;<\/p>\n<p><span style=\"color: #000000\"><strong>Modalidade: <\/strong>presencial<\/span><\/p>\n<p><span style=\"color: #000000\"><strong>Carga Hor\u00e1ria:<\/strong> 4 horas<\/span><\/p>\n<p><span style=\"color: #000000\"><strong>P\u00fablico alvo:<\/strong> servidores em geral<\/span><\/p>\n<p>&nbsp;<\/p>\n<p><em><span style=\"color: #0000ff\"><strong>Aten\u00e7\u00e3o:<\/strong> Servidor, voc\u00ea poder\u00e1 se inscrever em apenas uma turma. Caso n\u00e3o possa comparecer, ap\u00f3s homologada sua inscri\u00e7\u00e3o, envie e-mail para cdp.capacita@ufpel.edu.br com a devida justificativa.\u00a0<\/span><\/em><\/p>\n<p><span style=\"color: #ff6600\"><strong>Turma 10<\/strong><\/span><\/p>\n<p><strong>Data:<\/strong>\u00a013\/11\/2017<\/p>\n<p><strong>Hor\u00e1rio:\u00a0<\/strong>8h \u00e0s 12h<\/p>\n<p><strong>Local:<\/strong> Laborat\u00f3rio do CLC \u2013 sala 117 \u2013 <strong>Campus Anglo<\/strong><\/p>\n<p><strong>N\u00famero de Vagas:<\/strong>\u00a024<\/p>\n<p><strong>Per\u00edodo de Inscri\u00e7\u00f5es:<\/strong>\u00a023 de outubro a 7 de novembro<\/p>\n<p><strong>Divulga\u00e7\u00e3o das inscri\u00e7\u00f5es homologadas:<\/strong>\u00a08 de novembro, nesta p\u00e1gina.<\/p>\n<p>&nbsp;<\/p>\n<p><span style=\"color: #ff6600\"><strong>Turma 11<\/strong><\/span><\/p>\n<p><strong>Data:<\/strong>\u00a014\/11\/2017<\/p>\n<p><strong>Hor\u00e1rio:\u00a0<\/strong>8h \u00e0s 12h<\/p>\n<p><strong>Local: <\/strong>Laborat\u00f3rio de Bioinform\u00e1tica, pr\u00e9dio 19, Biotecnologia &#8211;\u00a0<strong> Campus\u00a0Cap\u00e3o do Le\u00e3o<\/strong><\/p>\n<p><strong>N\u00famero de Vagas:<\/strong>\u00a015<\/p>\n<p><strong>Per\u00edodo de Inscri\u00e7\u00f5es:<\/strong>\u00a023 de outubro a 7 de novembro<\/p>\n<p><strong>Divulga\u00e7\u00e3o das inscri\u00e7\u00f5es homologadas:<\/strong>\u00a08 de novembro, nesta p\u00e1gina.<\/p>\n<p>&nbsp;<\/p>\n<p><span style=\"color: #ff6600\"><strong>Turma 12<\/strong><\/span><\/p>\n<p><strong>Data:<\/strong>\u00a016\/11\/2017<\/p>\n<p><strong>Hor\u00e1rio:\u00a0<\/strong>8h \u00e0s 12h<\/p>\n<p><strong>Local: <\/strong>Laborat\u00f3rio de Bioinform\u00e1tica, pr\u00e9dio 19, Biotecnologia &#8211;\u00a0 <strong>Campus\u00a0Cap\u00e3o do Le\u00e3o<\/strong><\/p>\n<p><strong>N\u00famero de Vagas:<\/strong>\u00a015<\/p>\n<p><strong>Per\u00edodo de Inscri\u00e7\u00f5es:<\/strong>\u00a023 de outubro a 7 de novembro<\/p>\n<p><strong>Divulga\u00e7\u00e3o das inscri\u00e7\u00f5es homologadas:<\/strong>\u00a08 de novembro, nesta p\u00e1gina.<\/p>\n<p>&nbsp;<\/p>\n<p><span style=\"color: #ff6600\"><strong>Turma 13<\/strong><\/span><\/p>\n<p><strong>Data:<\/strong>\u00a017\/11\/2017<\/p>\n<p><strong>Hor\u00e1rio:\u00a0<\/strong>8h \u00e0s 12h<\/p>\n<p><strong>Local: <\/strong>Laborat\u00f3rio do CLC &#8211; sala 117 &#8211; <strong>Campus Anglo<\/strong><\/p>\n<p><strong>N\u00famero de Vagas:<\/strong>\u00a024<\/p>\n<p><strong>Per\u00edodo de Inscri\u00e7\u00f5es:<\/strong>\u00a023 de outubro a 7 de novembro<\/p>\n<p><strong>Divulga\u00e7\u00e3o das inscri\u00e7\u00f5es homologadas:<\/strong>\u00a08 de novembro, nesta p\u00e1gina.<\/p>\n<p>&nbsp;<\/p>\n<p><span style=\"color: #ff6600\"><strong>Turma 14<\/strong><\/span><\/p>\n<p><strong>Data:<\/strong>\u00a020\/11\/2017<\/p>\n<p><strong>Hor\u00e1rio:\u00a0<\/strong>8h \u00e0s 12h<\/p>\n<p><strong>Local:\u00a0<\/strong>Laborat\u00f3rio do CLC &#8211; sala 117 &#8211; <strong>Campus Anglo<\/strong><\/p>\n<p><strong>N\u00famero de Vagas:<\/strong>\u00a024<\/p>\n<p><strong>Per\u00edodo de Inscri\u00e7\u00f5es:<\/strong>\u00a023 de outubro a 14 de novembro<\/p>\n<p><strong>Divulga\u00e7\u00e3o das inscri\u00e7\u00f5es homologadas:<\/strong>\u00a016 de novembro, nesta p\u00e1gina.<\/p>\n<p>&nbsp;<\/p>\n<p><span style=\"color: #ff6600\"><strong>Turma 15<\/strong><\/span><\/p>\n<p><strong>Data:<\/strong>\u00a021\/11\/2017<\/p>\n<p><strong>Hor\u00e1rio:\u00a0<\/strong>8h \u00e0s 12h<\/p>\n<p><strong>Local:\u00a0<\/strong>Laborat\u00f3rio do CLC &#8211; sala 117 &#8211; <strong>Campus Anglo<\/strong><\/p>\n<p><strong>N\u00famero de Vagas:<\/strong>\u00a024<\/p>\n<p><strong>Per\u00edodo de Inscri\u00e7\u00f5es:<\/strong>\u00a023 de outubro a 14 de novembro<\/p>\n<p><strong>Divulga\u00e7\u00e3o das inscri\u00e7\u00f5es homologadas:<\/strong>\u00a016 de novembro, nesta p\u00e1gina.<\/p>\n<p>&nbsp;<\/p>\n<p><span style=\"color: #ff6600\"><strong>Turma 16<\/strong><\/span><\/p>\n<p><strong>Data:<\/strong>\u00a022\/11\/2017<\/p>\n<p><strong>Hor\u00e1rio:\u00a0<\/strong>8h \u00e0s 12h<\/p>\n<p><strong>Local: <\/strong>Laborat\u00f3rio do IFM &#8211; sala 113 do pr\u00e9dio 16 &#8211; <strong>Campus Cap\u00e3o do Le\u00e3o<\/strong><\/p>\n<p><strong>N\u00famero de Vagas:<\/strong>\u00a020<\/p>\n<p><strong>Per\u00edodo de Inscri\u00e7\u00f5es:<\/strong>\u00a023 de outubro a 14 de novembro<\/p>\n<p><strong>Divulga\u00e7\u00e3o das inscri\u00e7\u00f5es homologadas:<\/strong>\u00a016 de novembro, nesta p\u00e1gina.<\/p>\n<p>&nbsp;<\/p>\n<p><span style=\"color: #ff6600\"><strong>Turma 17<\/strong><\/span><\/p>\n<p><strong>Data:<\/strong>\u00a023\/11\/2017<\/p>\n<p><strong>Hor\u00e1rio:\u00a0<\/strong>8h \u00e0s 12h<\/p>\n<p><strong>Local:\u00a0<\/strong>Laborat\u00f3rio do CLC &#8211; sala 117 &#8211; <strong>Campus Anglo<\/strong><\/p>\n<p><strong>N\u00famero de Vagas:<\/strong>\u00a024<\/p>\n<p><strong>Per\u00edodo de Inscri\u00e7\u00f5es:<\/strong>\u00a023 de outubro a 14 de novembro<\/p>\n<p><strong>Divulga\u00e7\u00e3o das inscri\u00e7\u00f5es homologadas:<\/strong>\u00a016 de novembro, nesta p\u00e1gina.<\/p>\n<p>&nbsp;<\/p>\n<p><span style=\"color: #ff6600\"><strong>Turma 18<\/strong><\/span><\/p>\n<p><strong>Data:<\/strong>\u00a024\/11\/2017<\/p>\n<p><strong>Hor\u00e1rio:\u00a0<\/strong>8h \u00e0s 12h<\/p>\n<p><strong>Local: <\/strong>Laborat\u00f3rio do IFM &#8211; sala 113 do pr\u00e9dio 16 &#8211; <strong>Campus Cap\u00e3o do Le\u00e3o<\/strong><\/p>\n<p><strong>N\u00famero de Vagas:<\/strong>\u00a020<\/p>\n<p><strong>Per\u00edodo de Inscri\u00e7\u00f5es:<\/strong>\u00a020 de outubro a 14 de novembro<\/p>\n<p><strong>Divulga\u00e7\u00e3o das inscri\u00e7\u00f5es homologadas:<\/strong>\u00a016 de novembro, nesta p\u00e1gina.<\/p>\n<p>&nbsp;<\/p>\n","protected":false},"excerpt":{"rendered":"<p>AVISO: A CDP\/PROGEP comunica que as capacita\u00e7\u00f5es sobre o Sistema Eletr\u00f4nico de Informa\u00e7\u00f5es (SEI) est\u00e3o SUSPENSAS devido \u00e0 deflagra\u00e7\u00e3o do movimento grevista dos T\u00e9cnico-administrativos em Educa\u00e7\u00e3o em 10 de novembro pr\u00f3ximo. &nbsp; Modalidade: presencial Carga Hor\u00e1ria: 4 horas P\u00fablico alvo: servidores em geral &nbsp; Aten\u00e7\u00e3o: Servidor, voc\u00ea poder\u00e1 se inscrever em apenas uma turma. Caso [&hellip;]<\/p>\n","protected":false},"author":21,"featured_media":0,"parent":0,"menu_order":0,"comment_status":"closed","ping_status":"closed","template":"","meta":{"footnotes":""},"class_list":["post-11637","page","type-page","status-publish","hentry"],"_links":{"self":[{"href":"https:\/\/wp.ufpel.edu.br\/progep\/wp-json\/wp\/v2\/pages\/11637","targetHints":{"allow":["GET"]}}],"collection":[{"href":"https:\/\/wp.ufpel.edu.br\/progep\/wp-json\/wp\/v2\/pages"}],"about":[{"href":"https:\/\/wp.ufpel.edu.br\/progep\/wp-json\/wp\/v2\/types\/page"}],"author":[{"embeddable":true,"href":"https:\/\/wp.ufpel.edu.br\/progep\/wp-json\/wp\/v2\/users\/21"}],"replies":[{"embeddable":true,"href":"https:\/\/wp.ufpel.edu.br\/progep\/wp-json\/wp\/v2\/comments?post=11637"}],"version-history":[{"count":40,"href":"https:\/\/wp.ufpel.edu.br\/progep\/wp-json\/wp\/v2\/pages\/11637\/revisions"}],"predecessor-version":[{"id":33803,"href":"https:\/\/wp.ufpel.edu.br\/progep\/wp-json\/wp\/v2\/pages\/11637\/revisions\/33803"}],"wp:attachment":[{"href":"https:\/\/wp.ufpel.edu.br\/progep\/wp-json\/wp\/v2\/media?parent=11637"}],"curies":[{"name":"wp","href":"https:\/\/api.w.org\/{rel}","templated":true}]}}