{"id":11530,"date":"2017-08-15T11:59:21","date_gmt":"2017-08-15T14:59:21","guid":{"rendered":"https:\/\/wp.ufpel.edu.br\/progep\/?page_id=11530"},"modified":"2025-05-16T09:54:21","modified_gmt":"2025-05-16T12:54:21","slug":"ciclo-de-palestras-vinha-de-sonhos","status":"publish","type":"page","link":"https:\/\/wp.ufpel.edu.br\/progep\/ciclo-de-palestras-vinha-de-sonhos\/","title":{"rendered":"Capacita\u00e7\u00e3o: Ciclo de Palestras para Servidores: &#8220;Vinha de Sonhos&#8221;"},"content":{"rendered":"<p><strong>Palestrante:<\/strong>\u00a0Alex Cardoso de Melo<\/p>\n<p><strong>Ementa:\u00a0<\/strong>A\u00a0palestra de conscientiza\u00e7\u00e3o e motiva\u00e7\u00e3o &#8220;Vinha de Sonhos&#8221; tem como tema principal o legado e exemplo de vida de vinte e quatro &#8220;grandes sonhadores&#8221;, associando-os a vinte e quatro virtudes distintas, como a cidadania de Betinho, a compaix\u00e3o de Mahatma Gandhi, a coragem de Martin Luther King, a fraternidade de Dom H\u00e9lder C\u00e2mara, a humanidade de S\u00e3o Francisco, a humildade de Albert Einstein,\u00a0o otimismo de Charles Chaplin, a perseveran\u00e7a de Ludwig van Beethoven, a supera\u00e7\u00e3o de Stephen Hawking, dentre outros; informa\u00e7\u00f5es sobre a ONG \u201cMeu sonho n\u00e3o tem fim\u201d, pequenos v\u00eddeos da TV Meu Sonho e algumas par\u00e1bolas que comp\u00f5em o trabalho da organiza\u00e7\u00e3o. O intuito \u00e9 motivar e conscientizar os participantes a acreditarem em seus sonhos, serem mais otimistas, perseverantes e solid\u00e1rios, uma vez que nossa sociedade clama por mudan\u00e7as, mas que devem partir de dentro de n\u00f3s para al\u00e7ar voos maiores.\u00a0Site: http:\/\/www.meusonhonaotemfim.org.br<\/p>\n<p><strong>P\u00fablico alvo:<\/strong>\u00a0servidores em geral<\/p>\n<p><strong>N\u00famero de Vagas:<\/strong>\u00a0150<\/p>\n<p><strong>Data:<\/strong>\u00a029 de agosto de 2017<\/p>\n<p><strong>Hor\u00e1rio:<\/strong>\u00a08h30min<\/p>\n<p><strong>Local: <\/strong>Audit\u00f3rio do Centro de Artes (Rua \u00c1lvaro Chaves, 62 \u2013 esquina Rua conde de Porto Alegre)<\/p>\n<p><strong>Per\u00edodo de inscri\u00e7\u00e3o:<\/strong>\u00a015 a 27 de agosto de 2017<\/p>\n<p><strong>Publica\u00e7\u00e3o das inscri\u00e7\u00f5es homologadas:<\/strong>\u00a028 de agosto de 2017<\/p>\n<p><span style=\"color: #ff6600\"><a href=\"https:\/\/wp.ufpel.edu.br\/progep\/files\/2017\/08\/homologa_inscritos-.pdf\"><strong><span style=\"color: #ff6600\">Listagem de Inscri\u00e7\u00f5es Homologadas AQUI!<\/span><\/strong><\/a><\/span><\/p>\n","protected":false},"excerpt":{"rendered":"<p>Palestrante:\u00a0Alex Cardoso de Melo Ementa:\u00a0A\u00a0palestra de conscientiza\u00e7\u00e3o e motiva\u00e7\u00e3o &#8220;Vinha de Sonhos&#8221; tem como tema principal o legado e exemplo de vida de vinte e quatro &#8220;grandes sonhadores&#8221;, associando-os a vinte e quatro virtudes distintas, como a cidadania de Betinho, a compaix\u00e3o de Mahatma Gandhi, a coragem de Martin Luther King, a fraternidade de Dom [&hellip;]<\/p>\n","protected":false},"author":21,"featured_media":0,"parent":0,"menu_order":0,"comment_status":"closed","ping_status":"closed","template":"","meta":{"_crdt_document":"","footnotes":""},"class_list":["post-11530","page","type-page","status-publish","hentry"],"_links":{"self":[{"href":"https:\/\/wp.ufpel.edu.br\/progep\/wp-json\/wp\/v2\/pages\/11530","targetHints":{"allow":["GET"]}}],"collection":[{"href":"https:\/\/wp.ufpel.edu.br\/progep\/wp-json\/wp\/v2\/pages"}],"about":[{"href":"https:\/\/wp.ufpel.edu.br\/progep\/wp-json\/wp\/v2\/types\/page"}],"author":[{"embeddable":true,"href":"https:\/\/wp.ufpel.edu.br\/progep\/wp-json\/wp\/v2\/users\/21"}],"replies":[{"embeddable":true,"href":"https:\/\/wp.ufpel.edu.br\/progep\/wp-json\/wp\/v2\/comments?post=11530"}],"version-history":[{"count":6,"href":"https:\/\/wp.ufpel.edu.br\/progep\/wp-json\/wp\/v2\/pages\/11530\/revisions"}],"predecessor-version":[{"id":32598,"href":"https:\/\/wp.ufpel.edu.br\/progep\/wp-json\/wp\/v2\/pages\/11530\/revisions\/32598"}],"wp:attachment":[{"href":"https:\/\/wp.ufpel.edu.br\/progep\/wp-json\/wp\/v2\/media?parent=11530"}],"curies":[{"name":"wp","href":"https:\/\/api.w.org\/{rel}","templated":true}]}}