{"id":1118,"date":"2010-06-28T13:26:38","date_gmt":"2010-06-28T16:26:38","guid":{"rendered":"https:\/\/wp.ufpel.edu.br\/prgrh\/?page_id=1118"},"modified":"2012-03-26T09:31:37","modified_gmt":"2012-03-26T12:31:37","slug":"legislacao","status":"publish","type":"page","link":"https:\/\/wp.ufpel.edu.br\/progep\/cdp\/legislacao\/","title":{"rendered":"Legisla\u00e7\u00e3o"},"content":{"rendered":"<p><a href=\"http:\/\/www.planalto.gov.br\/ccivil_03\/Leis\/L8112cons.htm\" target=\"_blank\">Lei n\u00ba8.112 de 11\/12\/90 &#8211; RJU<\/a><br \/>\n<a href=\"http:\/\/www.planalto.gov.br\/ccivil_03\/decreto\/D1171.htm\" target=\"_blank\">Decreto  n\u00ba1.171 de 22\/06\/94 &#8211; C\u00f3digo de \u00c9tica<\/a><br \/>\n<a href=\"..\/dpdp\/files\/2010\/04\/parecer_agu_mc_01_2004_220404.pdf\" target=\"_blank\">Parecer  AGU\/MC 01\/04 &#8211; Est\u00e1gio Probat\u00f3rio<br \/>\n<\/a><a href=\"http:\/\/www.planalto.gov.br\/ccivil_03\/_Ato2004-2006\/2005\/Lei\/L11091.htm\" target=\"_blank\">Lei  n\u00ba11.091 de 12\/01\/05 &#8211; PCCTAE <\/a><br \/>\n<a href=\"http:\/\/www.planalto.gov.br\/ccivil_03\/_Ato2004-2006\/2006\/Decreto\/D5707.htm\" target=\"_blank\">Decreto  n\u00ba5.707 de 23\/02\/06 &#8211; Pol\u00edtica Nacional de  Desenvolvimento de Pessoal<\/a><br \/>\n<a href=\"http:\/\/www.planalto.gov.br\/ccivil_03\/_Ato2004-2006\/2006\/Decreto\/D5824.htm\" target=\"_blank\">Decreto  n\u00ba5.824 de 29\/06\/06 &#8211; Incentivo \u00e0 Qualifica\u00e7\u00e3o<\/a><br \/>\n<a href=\"http:\/\/www.planalto.gov.br\/ccivil_03\/_Ato2004-2006\/2006\/Decreto\/D5825.htm\" target=\"_blank\">Decreto  n\u00ba5.825 de 29\/06\/06  &#8211; Estabelece as regras para o PDIC<br \/>\n<\/a> <a href=\"http:\/\/portal.mec.gov.br\/arquivos\/pdf\/canalcggp\/portarias\/pt09_2006.pdf\" target=\"_blank\">Portaria  MEC n\u00ba09 de 29\/06\/06 &#8211; Cursos de Capacita\u00e7\u00e3o<\/a><br \/>\n<a href=\"http:\/\/www.planalto.gov.br\/ccivil_03\/_Ato2007-2010\/2007\/Decreto\/D6114.htm\" target=\"_blank\">Decreto  n\u00ba6.114 de 15\/05\/07 &#8211; Remunera\u00e7\u00e3o de  Instrutores<\/a><\/p>\n<p>Normas UFPEL:<\/p>\n<p><a href=\"https:\/\/wp.ufpel.edu.br\/prgrh\/files\/2010\/04\/CONSUN-Resolu%C3%A7%C3%A3o-n%C2%BA-03-2006.pdf\" target=\"_blank\">Resolu\u00e7\u00e3o CONSUN n\u00ba03 de 22\/09\/06 &#8211; PDIC<\/a><br \/>\n<a href=\"..\/dpdp\/files\/2010\/03\/CONSUN_02_2008.doc\" target=\"_blank\"><\/a><a href=\"https:\/\/wp.ufpel.edu.br\/prgrh\/files\/2010\/06\/CONSUN_02_2008.pdf\" target=\"_blank\">Resolu\u00e7\u00e3o CONSUN n\u00ba02 de 30\/12\/08 \u2013 Programa de Capacita\u00e7\u00e3o<\/a><br \/>\n<a href=\"..\/dpdp\/files\/2010\/03\/PORTARIA-N%C2%BA-147-DE-03-DE-FEVEREIRO-DE-2009-LICEN%C3%87A-CAPACITA%C3%87%C3%83O.pdf\" target=\"_blank\">Portaria UFPEL n\u00ba147 de 03\/02\/2009 &#8211; Licen\u00e7a para   Capacita\u00e7\u00e3o<\/a><br \/>\n<a href=\"..\/dpdp\/files\/2010\/03\/Portaria-610-Remo%C3%A7%C3%B5es.pdf\" target=\"_blank\">Portaria  UFPEL n\u00ba610 de\u00a0 29\/04\/09 &#8211; Remo\u00e7\u00e3o de T.A<\/a><br \/>\n<a href=\"http:\/\/reitoria.ufpel.edu.br\/portarias\/arquivos\/0740_2009.doc\" target=\"_blank\"><\/a><a href=\"https:\/\/wp.ufpel.edu.br\/prgrh\/files\/2010\/06\/0740_2009.pdf\" target=\"_blank\">Portaria UFPEL n\u00ba740 de 15\/05\/09 &#8211; Normas Complementares do Programa de Capacita\u00e7\u00e3o<\/a><br \/>\n<a href=\"http:\/\/reitoria.ufpel.edu.br\/portarias\/arquivos\/0773_2009.pdf\" target=\"_blank\">Portaria  UFPEL n\u00ba773 de 18\/05\/09 &#8211; Retifica\u00e7\u00e3o da   Portaria n\u00ba147\/09<\/a><br \/>\n<a href=\"..\/files\/2010\/04\/Portaria_787-09_Estagio_Probatorio.pdf\" target=\"_blank\">Portaria UFPEL n\u00ba787 de 22\/05\/09 &#8211; Est\u00e1gio Probat\u00f3rio<\/a><br \/>\n<a href=\"..\/dpdp\/files\/2010\/03\/Instru%C3%A7%C3%A3o-Normativa-PRGRH-01-092.pdf\" target=\"_blank\">Instru\u00e7\u00e3o  Normativa PRGRH 01 de 20\/07\/09 &#8211; Cadastro de   Instrutores<\/a><br \/>\n<a href=\"..\/files\/2010\/04\/0474_2010.pdf\" target=\"_blank\">Portaria UFPEL   n\u00ba474 de 30\/04\/10 &#8211; Retifica\u00e7\u00e3o da  Portaria n\u00ba740\/09<\/a><\/p>\n<p><a href=\"http:\/\/www.planalto.gov.br\/ccivil_03\/Leis\/L8112cons.htm\" target=\"_blank\"><br \/>\n<\/a><\/p>\n","protected":false},"excerpt":{"rendered":"<p>Lei n\u00ba8.112 de 11\/12\/90 &#8211; RJU Decreto n\u00ba1.171 de 22\/06\/94 &#8211; C\u00f3digo de \u00c9tica Parecer AGU\/MC 01\/04 &#8211; Est\u00e1gio Probat\u00f3rio Lei n\u00ba11.091 de 12\/01\/05 &#8211; PCCTAE Decreto n\u00ba5.707 de 23\/02\/06 &#8211; Pol\u00edtica Nacional de Desenvolvimento de Pessoal Decreto n\u00ba5.824 de 29\/06\/06 &#8211; Incentivo \u00e0 Qualifica\u00e7\u00e3o Decreto n\u00ba5.825 de 29\/06\/06 &#8211; Estabelece as regras para o [&hellip;]<\/p>\n","protected":false},"author":21,"featured_media":0,"parent":296,"menu_order":13,"comment_status":"closed","ping_status":"closed","template":"","meta":{"footnotes":""},"class_list":["post-1118","page","type-page","status-publish","hentry"],"_links":{"self":[{"href":"https:\/\/wp.ufpel.edu.br\/progep\/wp-json\/wp\/v2\/pages\/1118","targetHints":{"allow":["GET"]}}],"collection":[{"href":"https:\/\/wp.ufpel.edu.br\/progep\/wp-json\/wp\/v2\/pages"}],"about":[{"href":"https:\/\/wp.ufpel.edu.br\/progep\/wp-json\/wp\/v2\/types\/page"}],"author":[{"embeddable":true,"href":"https:\/\/wp.ufpel.edu.br\/progep\/wp-json\/wp\/v2\/users\/21"}],"replies":[{"embeddable":true,"href":"https:\/\/wp.ufpel.edu.br\/progep\/wp-json\/wp\/v2\/comments?post=1118"}],"version-history":[{"count":18,"href":"https:\/\/wp.ufpel.edu.br\/progep\/wp-json\/wp\/v2\/pages\/1118\/revisions"}],"predecessor-version":[{"id":1134,"href":"https:\/\/wp.ufpel.edu.br\/progep\/wp-json\/wp\/v2\/pages\/1118\/revisions\/1134"}],"up":[{"embeddable":true,"href":"https:\/\/wp.ufpel.edu.br\/progep\/wp-json\/wp\/v2\/pages\/296"}],"wp:attachment":[{"href":"https:\/\/wp.ufpel.edu.br\/progep\/wp-json\/wp\/v2\/media?parent=1118"}],"curies":[{"name":"wp","href":"https:\/\/api.w.org\/{rel}","templated":true}]}}