{"id":10979,"date":"2017-04-07T11:41:22","date_gmt":"2017-04-07T14:41:22","guid":{"rendered":"https:\/\/wp.ufpel.edu.br\/progep\/?page_id=10979"},"modified":"2025-06-30T13:16:12","modified_gmt":"2025-06-30T16:16:12","slug":"oficina-ler-e-interpretar-um-olhar-sobre-as-questoes-de-lingua-portuguesa-do-teste-anpad-2","status":"publish","type":"page","link":"https:\/\/wp.ufpel.edu.br\/progep\/oficina-ler-e-interpretar-um-olhar-sobre-as-questoes-de-lingua-portuguesa-do-teste-anpad-2\/","title":{"rendered":"Capacita\u00e7\u00e3o: Oficina Ler e Interpretar: um olhar sobre as quest\u00f5es de L\u00edngua Portuguesa do teste ANPAD"},"content":{"rendered":"<p><span style=\"color: #333333\"><strong>Modalidade<\/strong>: presencial<\/span><\/p>\n<p><span style=\"color: #333333\"><strong>Carga hor\u00e1ria<\/strong>: 12 horas<\/span><\/p>\n<p><span style=\"color: #333333\"><strong>S\u00famula do programa<\/strong>: An\u00e1lise e interpreta\u00e7\u00e3o de diversos g\u00eaneros textuais; Quest\u00f5es de m\u00faltipla escolha; como interpretar?; Sem\u00e2ntica; Coes\u00e3o e Coer\u00eancia; Compreens\u00e3o textual: infer\u00eancia, intertextualidade, extratextualidade; Resumo; Par\u00e1frase.<\/span><\/p>\n<p><span style=\"color: #333333\"><strong>P\u00fablico alvo<\/strong>: servidores em geral, sendo que os temas a serem desenvolvidos nessa a\u00e7\u00e3o ter\u00e3o como base o teste da ANPAD, requisito do processo seletivo de ingresso ao PROFIAP \u2013 Mestrado Profissional em Administra\u00e7\u00e3o P\u00fablica.<\/span><\/p>\n<p><span style=\"color: #333333\"><strong>N\u00famero de vagas<\/strong>: 30<\/span><\/p>\n<p><span style=\"color: #333333\"><strong>Ministrante<\/strong>: Vanessa Doumid Damasceno<\/span><\/p>\n<p><span style=\"color: #333333\"><strong>Per\u00edodo<\/strong>: 9, 16 e 30 de maio de 2017 (ter\u00e7as-feiras)<\/span><\/p>\n<p><span style=\"color: #333333\"><strong>Hor\u00e1rio<\/strong>: das 8 \u00e0s 12 horas<\/span><\/p>\n<p><span style=\"color: #333333\"><strong>Local<\/strong>:\u00a0Sala 102\u00a0Salis\u00a0Goulart (Rua F\u00e9lix da Cunha, n\u00ba 510 \/ Entrada pela Rua Tiradentes)<\/span><\/p>\n<p><span style=\"color: #333333\"><strong>Per\u00edodo de inscri\u00e7\u00e3o<\/strong>: 7 a 24 de abril de 2017<\/span><\/p>\n<p><span style=\"color: #333333\"><strong>Publica\u00e7\u00e3o das inscri\u00e7\u00f5es homologadas<\/strong>: 25 de abril de 2017, nesta p\u00e1gina.<\/span><\/p>\n<p><span style=\"color: #ff6600\"><strong><span style=\"color: #ff6600\"><a style=\"color: #ff6600\" href=\"https:\/\/wp.ufpel.edu.br\/progep\/files\/2017\/04\/homologa_inscritos-portugues.pdf\">Listagem Inscri\u00e7\u00f5es Homologadas AQUI!<\/a><\/span><\/strong><b><br \/>\n<\/b><\/span><\/p>\n","protected":false},"excerpt":{"rendered":"<p>Modalidade: presencial Carga hor\u00e1ria: 12 horas S\u00famula do programa: An\u00e1lise e interpreta\u00e7\u00e3o de diversos g\u00eaneros textuais; Quest\u00f5es de m\u00faltipla escolha; como interpretar?; Sem\u00e2ntica; Coes\u00e3o e Coer\u00eancia; Compreens\u00e3o textual: infer\u00eancia, intertextualidade, extratextualidade; Resumo; Par\u00e1frase. P\u00fablico alvo: servidores em geral, sendo que os temas a serem desenvolvidos nessa a\u00e7\u00e3o ter\u00e3o como base o teste da ANPAD, requisito [&hellip;]<\/p>\n","protected":false},"author":21,"featured_media":0,"parent":0,"menu_order":0,"comment_status":"closed","ping_status":"closed","template":"","meta":{"footnotes":""},"class_list":["post-10979","page","type-page","status-publish","hentry"],"_links":{"self":[{"href":"https:\/\/wp.ufpel.edu.br\/progep\/wp-json\/wp\/v2\/pages\/10979","targetHints":{"allow":["GET"]}}],"collection":[{"href":"https:\/\/wp.ufpel.edu.br\/progep\/wp-json\/wp\/v2\/pages"}],"about":[{"href":"https:\/\/wp.ufpel.edu.br\/progep\/wp-json\/wp\/v2\/types\/page"}],"author":[{"embeddable":true,"href":"https:\/\/wp.ufpel.edu.br\/progep\/wp-json\/wp\/v2\/users\/21"}],"replies":[{"embeddable":true,"href":"https:\/\/wp.ufpel.edu.br\/progep\/wp-json\/wp\/v2\/comments?post=10979"}],"version-history":[{"count":5,"href":"https:\/\/wp.ufpel.edu.br\/progep\/wp-json\/wp\/v2\/pages\/10979\/revisions"}],"predecessor-version":[{"id":33786,"href":"https:\/\/wp.ufpel.edu.br\/progep\/wp-json\/wp\/v2\/pages\/10979\/revisions\/33786"}],"wp:attachment":[{"href":"https:\/\/wp.ufpel.edu.br\/progep\/wp-json\/wp\/v2\/media?parent=10979"}],"curies":[{"name":"wp","href":"https:\/\/api.w.org\/{rel}","templated":true}]}}