{"id":632,"date":"2017-10-27T16:50:41","date_gmt":"2017-10-27T18:50:41","guid":{"rendered":"https:\/\/wp.ufpel.edu.br\/profiap\/?page_id=632"},"modified":"2025-06-17T09:16:36","modified_gmt":"2025-06-17T12:16:36","slug":"formularios","status":"publish","type":"page","link":"https:\/\/wp.ufpel.edu.br\/profiap\/formularios\/","title":{"rendered":"Formul\u00e1rios"},"content":{"rendered":"<p><a href=\"https:\/\/wp.ufpel.edu.br\/profiap\/files\/2025\/06\/Cadastramento-Membro-Externo.doc\"><span style=\"color: #0000ff;\"><span style=\"font-size: 13.3333px;\">Cadastramento de Membro Externo <\/span><\/span><\/a><\/p>\n<p><span style=\"font-size: 10pt; color: #0000ff;\"><a style=\"color: #0000ff;\" href=\"https:\/\/wp.ufpel.edu.br\/profiap\/files\/2023\/03\/af02b6e020.doc\">Aproveitamento de Disciplinas<\/a><\/span><\/p>\n<p><span style=\"font-size: 10pt; color: #0000ff;\"><a style=\"color: #0000ff;\" href=\"https:\/\/wp.ufpel.edu.br\/profiap\/files\/2017\/10\/Cancelamento-de-Disciplina.doc\" target=\"_blank\" rel=\"noopener noreferrer\">Cancelamento de Disciplina<\/a><\/span><\/p>\n<p><span style=\"font-size: 10pt; color: #0000ff;\"><a style=\"color: #0000ff;\" href=\"https:\/\/wp.ufpel.edu.br\/profiap\/files\/2017\/10\/Trancamento-de-Matr\u00edcula.doc\" target=\"_blank\" rel=\"noopener noreferrer\">Trancamento de Matr\u00edcula<\/a><\/span><\/p>\n<p><span style=\"font-size: 10pt; color: #0000ff;\"><a style=\"color: #0000ff;\" href=\"https:\/\/wp.ufpel.edu.br\/profiap\/files\/2018\/12\/Solicita\u00e7\u00e3o-de-Defesa-PROFIAP.doc\" target=\"_blank\" rel=\"noopener noreferrer\">Solicita\u00e7\u00e3o de Defesa<\/a><\/span><\/p>\n<p><span style=\"font-size: 10pt; color: #0000ff;\"><a style=\"color: #0000ff;\" href=\"https:\/\/wp.ufpel.edu.br\/bibcp\/files\/2021\/03\/Termo-de-autorizacao-para-inserir-teses-e-dissertacoes-nas-bases-de-dados-da-UFPel-e-IBICT-Novo.pdf\" target=\"_blank\" rel=\"noopener noreferrer\">Termo de Autoriza\u00e7\u00e3o Biblioteca<\/a><\/span><\/p>\n<p><span style=\"font-size: 10pt; background-color: #ffffff; color: #0000ff;\"><a style=\"background-color: #ffffff; color: #0000ff;\" href=\"http:\/\/sisbi.ufpel.edu.br\/?p=reqFicha\">Solicita\u00e7\u00e3o de Ficha Catalogr\u00e1fica<\/a><\/span><\/p>\n<p><a href=\"https:\/\/wp.ufpel.edu.br\/profiap\/files\/2021\/03\/Formulario-de-qualificacao-PROFIAP.doc\"><span style=\"font-size: 10pt;\"><span style=\"color: #0000ff;\">Formul\u00e1rio de Qualifica\u00e7\u00e3o<\/span><\/span><\/a><\/p>\n<p><a href=\"https:\/\/wp.ufpel.edu.br\/profiap\/files\/2021\/03\/Ata-de-Correcoes-da-Qualificacao-PROFIAP.doc\"><span style=\"font-size: 10pt;\"><span style=\"color: #000080;\"><span style=\"color: #0000ff;\">Ata de Corre\u00e7\u00e3o de Qualifica\u00e7\u00e3o<\/span><\/span><\/span><\/a><\/p>\n<p><span style=\"color: #0000ff;\"><a style=\"color: #0000ff;\" href=\"https:\/\/wp.ufpel.edu.br\/profiap\/files\/2021\/03\/Fomulario-de-participacao-de-membro-externo-PROFIAP.docx\"><span style=\"font-size: 10pt;\">Formul\u00e1rio de Participa\u00e7\u00e3o de Membro Externo ao PROFIAP<\/span><\/a><\/span><\/p>\n<p><span style=\"font-size: 10pt; color: #0000ff;\"><a style=\"color: #0000ff;\" href=\"https:\/\/wp.ufpel.edu.br\/profiap\/files\/2023\/08\/Atestado-banca_remota.docx\">Atestado banca_remota<\/a><\/span><\/p>\n<p>&nbsp;<\/p>\n<p>&nbsp;<\/p>\n<p>&nbsp;<\/p>\n","protected":false},"excerpt":{"rendered":"<p>Cadastramento de Membro Externo Aproveitamento de Disciplinas Cancelamento de Disciplina Trancamento de Matr\u00edcula Solicita\u00e7\u00e3o de Defesa Termo de Autoriza\u00e7\u00e3o Biblioteca Solicita\u00e7\u00e3o de Ficha Catalogr\u00e1fica Formul\u00e1rio de Qualifica\u00e7\u00e3o Ata de Corre\u00e7\u00e3o de Qualifica\u00e7\u00e3o Formul\u00e1rio de Participa\u00e7\u00e3o de Membro Externo ao PROFIAP Atestado banca_remota &nbsp; &nbsp; &nbsp;<\/p>\n","protected":false},"author":664,"featured_media":0,"parent":0,"menu_order":0,"comment_status":"closed","ping_status":"closed","template":"","meta":{"footnotes":""},"class_list":["post-632","page","type-page","status-publish","hentry"],"_links":{"self":[{"href":"https:\/\/wp.ufpel.edu.br\/profiap\/wp-json\/wp\/v2\/pages\/632","targetHints":{"allow":["GET"]}}],"collection":[{"href":"https:\/\/wp.ufpel.edu.br\/profiap\/wp-json\/wp\/v2\/pages"}],"about":[{"href":"https:\/\/wp.ufpel.edu.br\/profiap\/wp-json\/wp\/v2\/types\/page"}],"author":[{"embeddable":true,"href":"https:\/\/wp.ufpel.edu.br\/profiap\/wp-json\/wp\/v2\/users\/664"}],"replies":[{"embeddable":true,"href":"https:\/\/wp.ufpel.edu.br\/profiap\/wp-json\/wp\/v2\/comments?post=632"}],"version-history":[{"count":29,"href":"https:\/\/wp.ufpel.edu.br\/profiap\/wp-json\/wp\/v2\/pages\/632\/revisions"}],"predecessor-version":[{"id":1939,"href":"https:\/\/wp.ufpel.edu.br\/profiap\/wp-json\/wp\/v2\/pages\/632\/revisions\/1939"}],"wp:attachment":[{"href":"https:\/\/wp.ufpel.edu.br\/profiap\/wp-json\/wp\/v2\/media?parent=632"}],"curies":[{"name":"wp","href":"https:\/\/api.w.org\/{rel}","templated":true}]}}