{"id":548,"date":"2017-08-09T19:42:36","date_gmt":"2017-08-09T22:42:36","guid":{"rendered":"https:\/\/wp.ufpel.edu.br\/profiap\/?page_id=548"},"modified":"2020-12-03T12:02:59","modified_gmt":"2020-12-03T15:02:59","slug":"publicacoes","status":"publish","type":"page","link":"https:\/\/wp.ufpel.edu.br\/profiap\/publicacoes\/","title":{"rendered":"Publica\u00e7\u00f5es"},"content":{"rendered":"<p><span style=\"font-size: 10pt;color: #000000\"><strong>2020<\/strong><\/span><\/p>\n<p><span style=\"font-size: 10pt;color: #0000ff\"><a href=\"http:\/\/bibliotecadigital.fgv.br\/ojs\/index.php\/rap\/article\/view\/82403\/78403\" target=\"_blank\" rel=\"noopener noreferrer\"><span style=\"color: #0000ff\">Hist\u00f3rias na agenda: uma aplica\u00e7\u00e3o do &#8220;Narrative Policy Framework&#8221;<\/span><\/a><\/span><br \/>\n<span style=\"color: #000000\"><span style=\"font-size: 13.3333px\">Damasio Duval Rodrigues Neto<\/span><\/span><br \/>\n<span style=\"font-size: 10pt;color: #000000\">M\u00e1rcio Barcelos<\/span><\/p>\n<p><span style=\"font-size: 10pt;color: #000000\"><strong>2019<\/strong><\/span><\/p>\n<p><span style=\"font-size: 10pt;color: #0000ff\"><a href=\"http:\/\/login.semead.com.br\/22semead\/anais\/arquivos\/1031.pdf\" target=\"_blank\" rel=\"noopener noreferrer\"><span style=\"color: #0000ff\">O Comprometimento Organizacional de Coordenadores Acad\u00eamicos de uma Universidade P\u00fablica<\/span><\/a><\/span><br \/>\n<span style=\"color: #000000\"><span style=\"font-size: 13.3333px\">Daniela Veira Amaral<\/span><\/span><br \/>\n<span style=\"font-size: 10pt;color: #000000\">Simone Portella Teixeira de Mello<\/span><\/p>\n<p><span style=\"font-size: 10pt;color: #0000ff\"><a href=\"http:\/\/login.semead.com.br\/22semead\/anais\/arquivos\/901.pdf\" target=\"_blank\" rel=\"noopener noreferrer\"><span style=\"color: #0000ff\">Constru\u00e7\u00e3o de problemas p\u00fablicos e processos de tomada de decis\u00e3o: uma tentativa de di\u00e1logo entre An\u00e1lise de Pol\u00edticas P\u00fablicas e Teorias Organizacionais<\/span><\/a><\/span><br \/>\n<span style=\"font-size: 10pt;color: #000000\">Damasio Duval Rodrigues Neto<\/span><br \/>\n<span style=\"font-size: 10pt;color: #000000\">M\u00e1rcio Barcelos<\/span><br \/>\n<span style=\"font-size: 10pt;color: #000000\">Rodrigo Serpa Pinto<\/span><\/p>\n<p><span style=\"font-size: 10pt;color: #000000\"><strong>2018<\/strong><\/span><\/p>\n<p><span style=\"font-size: 10pt;color: #0000ff\"><a href=\"http:\/\/www.anpad.org.br\/periodicos\/arq_pdf\/a_1862.pdf\" target=\"_blank\" rel=\"noopener noreferrer\"><span style=\"color: #0000ff\">Concursos P\u00fablicos Docentes em uma Universidade Federal: proposta de melhorias em <em>software<\/em><\/span><\/a><\/span><br \/>\n<span style=\"color: #000000\"><span style=\"font-size: 13.3333px\">Matheus Boni Barbosa<\/span><\/span><br \/>\n<span style=\"font-size: 10pt;color: #000000\"> Elvis Silveira Martins<\/span><\/p>\n<p><span style=\"font-size: 10pt;color: #0000ff\"><a href=\"http:\/\/recc.cra-pr.org.br\/index.php\/recc\/article\/view\/103\/97\" target=\"_blank\" rel=\"noopener noreferrer\"><span style=\"color: #0000ff\">A adequa\u00e7\u00e3o das Institui\u00e7\u00f5es Federais de Ensino Superior Ga\u00fachas \u00e0 Lei de Acesso \u00e0 Informa\u00e7\u00e3o<\/span><\/a><\/span><br \/>\n<span style=\"color: #000000\"><span style=\"font-size: 13.3333px\">Darko Rodrigues Bufolin<\/span><\/span><br \/>\n<span style=\"font-size: 10pt;color: #000000\">Elvis Silveira Martins<\/span><br \/>\n<span style=\"font-size: 10pt;color: #000000\">Rafael Peres Machado<\/span><br \/>\n<span style=\"font-size: 10pt;color: #000000\">Rodrigo Serpa Pinto<\/span><\/p>\n<p><span style=\"font-size: 10pt;color: #0000ff\"><a href=\"http:\/\/cidesp.com.br\/index.php\/Icidesp\/2cidesp\/paper\/view\/441\" target=\"_blank\" rel=\"noopener noreferrer\"><span style=\"color: #0000ff\">An\u00e1lise da situa\u00e7\u00e3o or\u00e7ament\u00e1ria, financeira e patrimonial da Uni\u00e3o nos anos 2015 e 2016<\/span><\/a><\/span><br \/>\n<span style=\"color: #000000\"><span style=\"font-size: 13.3333px\">Rafael Peres Machado<\/span><\/span><br \/>\n<span style=\"color: #000000\"><span style=\"font-size: 13.3333px\">Rodrigo Serpa Pinto<\/span><\/span><\/p>\n<p><span style=\"font-size: 10pt;color: #0000ff\"><a href=\"http:\/\/cidesp.com.br\/index.php\/Icidesp\/2cidesp\/paper\/view\/491\" target=\"_blank\" rel=\"noopener noreferrer\"><span style=\"color: #0000ff\">A estrat\u00e9gia de governan\u00e7a digital do governo federal sob a \u00f3tica da inova\u00e7\u00e3o social e da participa\u00e7\u00e3o cidad\u00e3<\/span><\/a><\/span><br \/>\n<span style=\"color: #000000\"><span style=\"font-size: 13.3333px\">Matheus Boni Barbosa<\/span><\/span><br \/>\n<span style=\"color: #000000\"><span style=\"font-size: 13.3333px\">Fabiane Bergmann Xavier<\/span><\/span><br \/>\n<span style=\"color: #000000\"><span style=\"font-size: 13.3333px\">Rodrigo Serpa Pinto<\/span><\/span><br \/>\n<span style=\"color: #000000\"><span style=\"font-size: 13.3333px\">Janaina Mendes de Oliveira<\/span><\/span><\/p>\n<p><span style=\"font-size: 10pt;color: #0000ff\"><a href=\"http:\/\/cidesp.com.br\/index.php\/Icidesp\/2cidesp\/paper\/view\/555\" target=\"_blank\" rel=\"noopener noreferrer\"><span style=\"color: #0000ff\">An\u00e1lise da constru\u00e7\u00e3o da accountability nos portais eletr\u00f4nicos de c\u00e2maras municipais dos maiores munic\u00edpios do Rio Grande do Sul<\/span><\/a><\/span><br \/>\n<span style=\"color: #000000\"><span style=\"font-size: 13.3333px\">Ingrid Moreno da Silva<\/span><\/span><br \/>\n<span style=\"color: #000000\"><span style=\"font-size: 13.3333px\">Luciana Nunes Ferreira<\/span><\/span><br \/>\n<span style=\"color: #000000\"><span style=\"font-size: 13.3333px\">Simone Portella Teixeira de Mello<\/span><\/span><br \/>\n<span style=\"color: #000000\"><span style=\"font-size: 13.3333px\">Joice Pereira da Silva Carvalho<\/span><\/span><\/p>\n<p><span style=\"font-size: 10pt;color: #0000ff\"><a href=\"http:\/\/cti.ufpel.edu.br\/siepe\/arquivos\/2018\/SA_02924.pdf\" target=\"_blank\" rel=\"noopener noreferrer\"><span style=\"color: #0000ff\">A evas\u00e3o na Universidade P\u00fablica Federal: motivos e estrat\u00e9gias de supera\u00e7\u00e3o<\/span><\/a><\/span><br \/>\n<span style=\"color: #000000\"><span style=\"font-size: 13.3333px\">Joice Pereira da Silva Carvalho<\/span><\/span><br \/>\n<span style=\"color: #000000\"><span style=\"font-size: 13.3333px\">Simone Portella Teixeira de Mello<\/span><\/span><\/p>\n<p><span style=\"font-size: 10pt;color: #0000ff\"><a href=\"http:\/\/cti.ufpel.edu.br\/siepe\/arquivos\/2018\/SA_03957.pdf\" target=\"_blank\" rel=\"noopener noreferrer\"><span style=\"color: #0000ff\">Conflitos entre Servidores P\u00fablicos: proposta para o diagn\u00f3stico de conflitos entre docentes e t\u00e9cnico-administrativos na UFPEL<\/span><\/a><\/span><br \/>\n<span style=\"color: #000000\"><span style=\"font-size: 13.3333px\">Ot\u00e1vio Augusto Zanin Delevedove<\/span><\/span><br \/>\n<span style=\"color: #000000\"><span style=\"font-size: 13.3333px\">Elvis Silveira Martins<\/span><\/span><\/p>\n<p><span style=\"font-size: 10pt;color: #0000ff\"><a href=\"http:\/\/congressocasi.com.br\/edicoes-anais-casi\/\" target=\"_blank\" rel=\"noopener noreferrer\"><span style=\"color: #0000ff\">A contribui\u00e7\u00e3o do PRONAF para o desenvolvimento local: uma an\u00e1lise de doze munic\u00edpios do Rio Grande do Sul<\/span><\/a><\/span><br \/>\n<span style=\"font-family: georgia, palatino, serif;font-size: 10pt;color: #000000\">Ign\u00e1cio Gomes de Nunes<\/span><br \/>\n<span style=\"font-family: georgia, palatino, serif;font-size: 10pt;color: #000000\">Simone Portella Teixeira de Mello<\/span><br \/>\n<span style=\"font-family: georgia, palatino, serif;font-size: 10pt;color: #000000\">Gabrielito R. Menezes<\/span><br \/>\n<span style=\"font-family: georgia, palatino, serif;font-size: 10pt;color: #000000\">Eliane Moreira S\u00e1 de Souza<\/span><\/p>\n<p><span style=\"font-size: 10pt;color: #000000\"><strong>2017<\/strong><\/span><\/p>\n<p><span style=\"font-size: 10pt;color: #0000ff\"><a href=\"http:\/\/www.convibra.org\/upload\/paper\/2017\/38\/2017_38_13732.pdf\" target=\"_blank\" rel=\"noopener noreferrer\"><span style=\"color: #0000ff\">Uma an\u00e1lise sobre o processo de implanta\u00e7\u00e3o de uma nova agenda de compras na Universidade Federal de Pelotas<\/span><\/a><\/span><br \/>\n<span style=\"font-size: 10pt;color: #000000\"> Danielle Nolasco Zaffalon<\/span><br \/>\n<span style=\"font-size: 10pt;color: #000000\"> Elvis Silveira Martins<\/span><\/p>\n<p><span style=\"font-size: 10pt;color: #0000ff\"><a href=\"http:\/\/www.convibra.org\/upload\/paper\/2017\/30\/2017_30_13700.pdf\" target=\"_blank\" rel=\"noopener noreferrer\"><span style=\"color: #0000ff\">Pol\u00edticas P\u00fablicas para a Agricultura Familiar: a experi\u00eancia do sindicato dos trabalhadores rurais de Cangu\u00e7u como correspondente banc\u00e1rio<\/span><\/a><\/span><br \/>\n<span style=\"font-size: 10pt;color: #000000\"> Ign\u00e1cio Nunes de Gomes<\/span><br \/>\n<span style=\"font-size: 10pt;color: #000000\"> Elvis Silveira Martins<\/span><\/p>\n<p><span style=\"font-size: 10pt;color: #0000ff\"><a href=\"http:\/\/cidesp.com.br\/index.php\/Icidesp\/1cidesp\/paper\/view\/269\/155\" target=\"_blank\" rel=\"noopener noreferrer\"><span style=\"color: #0000ff\">Sistemas Integrados de Gest\u00e3o: a implanta\u00e7\u00e3o do Cobalto na Universidade Federal de Pelotas<\/span><\/a><\/span><br \/>\n<span style=\"font-size: 10pt;color: #000000\"> Daiane do Amaral<\/span><br \/>\n<span style=\"font-size: 10pt;color: #000000\"> Elvis Silveira Martins<\/span><\/p>\n<p><span style=\"font-size: 10pt;color: #0000ff\"><a href=\"http:\/\/cidesp.com.br\/index.php\/Icidesp\/1cidesp\/paper\/view\/156\/142\" target=\"_blank\" rel=\"noopener noreferrer\"><span style=\"color: #0000ff\">Concursos P\u00fablicos Docentes em uma Universidade Federal: proposta de melhorias em software<\/span><\/a><\/span><br \/>\n<span style=\"font-size: 10pt;color: #000000\"> Matheus Boni Barbosa<\/span><br \/>\n<span style=\"font-size: 10pt;color: #000000\"> Elvis Silveira Martins<\/span><\/p>\n<p><span style=\"font-size: 10pt;color: #000000\"><a href=\"https:\/\/repositorio.ufsc.br\/bitstream\/handle\/123456789\/179321\/101_00686%20-%20ok.pdf?sequence=1&amp;isAllowed=y\" target=\"_blank\" rel=\"noopener noreferrer\"><span style=\"color: #0000ff\">A atua\u00e7\u00e3o das Comiss\u00f5es Pr\u00f3prias de Avalia\u00e7\u00e3o nas Institui\u00e7\u00f5es P\u00fablicas Federais: o que se produz sobre<\/span><\/a><\/span><br \/>\n<span style=\"font-size: 10pt;color: #000000\"> Joice Pereira Carvalho da Silva<\/span><br \/>\n<span style=\"font-size: 10pt;color: #000000\"> Simone Portella Teixeira de Mello<\/span><\/p>\n<p><span style=\"color: #000000\"><span style=\"font-size: 10pt;color: #0000ff\"><a href=\"https:\/\/repositorio.ufsc.br\/xmlui\/bitstream\/handle\/123456789\/179298\/101_00693%20-%20ok.pdf?sequence=1&amp;isAllowed=y\" target=\"_blank\" rel=\"noopener noreferrer\"><span style=\"color: #0000ff\">Avalia\u00e7\u00e3o dos Cursos de Gradua\u00e7\u00e3o da Universidade Federal de Pelotas: uma an\u00e1lise do per\u00edodo p\u00f3s-REUNI<\/span><\/a><\/span><\/span><br \/>\n<span style=\"font-size: 10pt;color: #000000\"> Paula de Oliveira Moitinho Rippel<\/span><br \/>\n<span style=\"font-size: 10pt;color: #000000\"> Rodrigo Serpa Pinto<\/span><\/p>\n<p><span style=\"color: #000000;font-size: 10pt\"><a href=\"http:\/\/incubadora.periodicos.ifsc.edu.br\/index.php\/ReCAT\/article\/view\/354\/pdf%2057-66\" target=\"_blank\" rel=\"noopener noreferrer\"><span style=\"color: #0000ff\">Efetividade a partir de Conflitos: contribui\u00e7\u00f5es \u00e0 Gest\u00e3o do Desempenho de uma Institui\u00e7\u00e3o Federal de Ensino Superior<\/span><\/a><br \/>\nOt\u00e1vio Augusto Zanin Delevedove<br \/>\nElvis Silveira Martins<\/span><\/p>\n<p><span style=\"color: #000000;font-size: 10pt\"><a href=\"http:\/\/login.semead.com.br\/20semead\/anais\/arquivos\/393.pdf\" target=\"_blank\" rel=\"noopener noreferrer\"><span style=\"color: #0000ff\">A Inova\u00e7\u00e3o na Gest\u00e3o P\u00fablica: um estudo de caso sobre o processo de ado\u00e7\u00e3o de um modelo de Governan\u00e7a na Assembl\u00e9ia Legislativa do RS<\/span><\/a><br \/>\n<span style=\"font-family: georgia, palatino, serif;font-size: 10pt;color: #000000\">Sandro Trescastro Bergue<\/span><br \/>\n<span style=\"font-family: georgia, palatino, serif;font-size: 10pt;color: #000000\">Janaina Mendes de Oliveria<\/span><br \/>\n<span style=\"font-family: georgia, palatino, serif;font-size: 10pt;color: #000000\">Matheus Boni Barbosa<\/span><\/span><\/p>\n<p><span style=\"color: #000000;font-size: 10pt\"><a href=\"http:\/\/www.revistagep.org\/ojs\/index.php\/gep\/article\/view\/582\/pdf\" target=\"_blank\" rel=\"noopener noreferrer\"><span style=\"color: #0000ff\">Project Offices and the Federal Universities: a study on project management in the context of the higher education institutions<\/span><\/a><br \/>\n<span style=\"font-family: georgia, palatino, serif;font-size: 10pt;color: #000000\">Janaina Mendes de Oliveira<\/span><br \/>\n<span style=\"font-family: georgia, palatino, serif;font-size: 10pt;color: #000000\">Graziela de Almeida Jurach<\/span><br \/>\n<span style=\"font-family: georgia, palatino, serif;font-size: 10pt;color: #000000\">Rodrigo Serpa Pinto<\/span><br \/>\n<span style=\"font-family: georgia, palatino, serif;font-size: 10pt;color: #000000\">Lisandra Machado Kerchirne<\/span><\/span><\/p>\n","protected":false},"excerpt":{"rendered":"<p>2020 Hist\u00f3rias na agenda: uma aplica\u00e7\u00e3o do &#8220;Narrative Policy Framework&#8221; Damasio Duval Rodrigues Neto M\u00e1rcio Barcelos 2019 O Comprometimento Organizacional de Coordenadores Acad\u00eamicos de uma Universidade P\u00fablica Daniela Veira Amaral Simone Portella Teixeira de Mello Constru\u00e7\u00e3o de problemas p\u00fablicos e processos de tomada de decis\u00e3o: uma tentativa de di\u00e1logo entre An\u00e1lise de Pol\u00edticas P\u00fablicas e [&hellip;]<\/p>\n","protected":false},"author":664,"featured_media":0,"parent":0,"menu_order":0,"comment_status":"closed","ping_status":"closed","template":"","meta":{"footnotes":""},"class_list":["post-548","page","type-page","status-publish","hentry"],"_links":{"self":[{"href":"https:\/\/wp.ufpel.edu.br\/profiap\/wp-json\/wp\/v2\/pages\/548","targetHints":{"allow":["GET"]}}],"collection":[{"href":"https:\/\/wp.ufpel.edu.br\/profiap\/wp-json\/wp\/v2\/pages"}],"about":[{"href":"https:\/\/wp.ufpel.edu.br\/profiap\/wp-json\/wp\/v2\/types\/page"}],"author":[{"embeddable":true,"href":"https:\/\/wp.ufpel.edu.br\/profiap\/wp-json\/wp\/v2\/users\/664"}],"replies":[{"embeddable":true,"href":"https:\/\/wp.ufpel.edu.br\/profiap\/wp-json\/wp\/v2\/comments?post=548"}],"version-history":[{"count":35,"href":"https:\/\/wp.ufpel.edu.br\/profiap\/wp-json\/wp\/v2\/pages\/548\/revisions"}],"predecessor-version":[{"id":1052,"href":"https:\/\/wp.ufpel.edu.br\/profiap\/wp-json\/wp\/v2\/pages\/548\/revisions\/1052"}],"wp:attachment":[{"href":"https:\/\/wp.ufpel.edu.br\/profiap\/wp-json\/wp\/v2\/media?parent=548"}],"curies":[{"name":"wp","href":"https:\/\/api.w.org\/{rel}","templated":true}]}}