{"id":367,"date":"2017-03-20T17:58:36","date_gmt":"2017-03-20T20:58:36","guid":{"rendered":"https:\/\/wp.ufpel.edu.br\/profiap\/?page_id=367"},"modified":"2026-04-01T18:17:56","modified_gmt":"2026-04-01T21:17:56","slug":"horarios-e-calendario","status":"publish","type":"page","link":"https:\/\/wp.ufpel.edu.br\/profiap\/horarios-e-calendario\/","title":{"rendered":"Hor\u00e1rios e Calend\u00e1rio"},"content":{"rendered":"<p><span style=\"font-size: 18pt;\"><strong>HOR\u00c1RIOS 2026\/1 DO PROFIAP<\/strong><\/span><\/p>\n<table style=\"border-collapse: collapse; width: 100%;\" border=\"1\">\n<tbody>\n<tr style=\"height: 24px;\">\n<td style=\"width: 9.50398%; height: 24px; text-align: center;\">Dia<\/td>\n<td style=\"width: 16.6003%; height: 24px; text-align: center;\">Turno e hor\u00e1rio<\/td>\n<td style=\"width: 43.8993%; height: 24px; text-align: center;\">Disciplina<\/td>\n<td style=\"width: 15.1521%; height: 24px; text-align: center;\">Professor(a)<\/td>\n<\/tr>\n<tr style=\"height: 24px;\">\n<td style=\"width: 9.50398%; height: 24px; text-align: center;\">Quartas-feiras<\/td>\n<td style=\"width: 16.6003%; height: 24px; text-align: center;\">Tarde, das 13h30 \u00e0s 16h50<\/td>\n<td style=\"width: 43.8993%; height: 24px; text-align: center;\">M\u00c9TODOS E T\u00c9CNICAS DE PESQUISA APLICADAS \u00c0 ADMINISTRA\u00c7\u00c3O P\u00daBLICA<\/td>\n<td style=\"width: 15.1521%; height: 24px; text-align: center;\">P\u00e2mela Amado Trist\u00e3o<\/td>\n<\/tr>\n<tr style=\"height: 24px;\">\n<td style=\"width: 9.50398%; height: 24px; text-align: center;\">Quartas-feiras <span style=\"text-decoration: underline;\"><strong>(in\u00edcio em 20 de maio de 2026)<\/strong><\/span><\/td>\n<td style=\"width: 16.6003%; height: 24px; text-align: center;\">Noite, das 19h \u00e0s 22h20<\/td>\n<td style=\"width: 43.8993%; height: 24px; text-align: center;\">OFICINA DE ELABORA\u00c7\u00c3O DE PROJETO, DISSERTA\u00c7\u00c3O, PRODUTO T\u00c9CNICO E ARTIGO CIENT\u00cdFICO<\/td>\n<td style=\"width: 15.1521%; height: 24px; text-align: center;\">Francielle Molon da Silva e Isabel Cristina Rosa Barros Rasia<\/td>\n<\/tr>\n<tr style=\"height: 24px;\">\n<td style=\"width: 9.50398%; height: 24px; text-align: center;\">Quintas-feiras<\/td>\n<td style=\"width: 16.6003%; height: 24px; text-align: center;\">Tarde, das 13h30 \u00e0s 16h50<\/td>\n<td style=\"width: 43.8993%; height: 24px; text-align: center;\">POL\u00cdTICAS P\u00daBLICAS<\/td>\n<td style=\"width: 15.1521%; height: 24px; text-align: center;\">Marcio Barcelos<\/td>\n<\/tr>\n<tr style=\"height: 24px;\">\n<td style=\"width: 9.50398%; height: 24px; text-align: center;\">Quintas-feiras<\/td>\n<td style=\"width: 16.6003%; height: 24px; text-align: center;\">Noite, das 19h \u00e0s 22h20<\/td>\n<td style=\"width: 43.8993%; height: 24px; text-align: center;\">GEST\u00c3O OR\u00c7AMENT\u00c1RIA E GOVERNAN\u00c7A P\u00daBLICA<\/td>\n<td style=\"width: 15.1521%; height: 24px; text-align: center;\">Everton Anger Cavalheiro<\/td>\n<\/tr>\n<tr style=\"height: 24px;\">\n<td style=\"width: 9.50398%; height: 24px; text-align: center;\">Sextas-feiras<\/td>\n<td style=\"width: 16.6003%; height: 24px; text-align: center;\">Tarde, das 13h30 \u00e0s 16h50<\/td>\n<td style=\"width: 43.8993%; height: 24px; text-align: center;\">TEORIA DAS ORGANIZA\u00c7\u00d5ES<\/td>\n<td style=\"width: 15.1521%; height: 24px; text-align: center;\">Simone Portella Teixeira de Mello<\/td>\n<\/tr>\n<\/tbody>\n<\/table>\n<p>&nbsp;<\/p>\n<p data-start=\"202\" data-end=\"254\"><strong data-start=\"205\" data-end=\"220\">Matr\u00edculas: <\/strong>16 a 20 de mar\u00e7o de 2026<\/p>\n<p data-start=\"256\" data-end=\"358\"><strong data-start=\"259\" data-end=\"280\">In\u00edcio das Aulas: <\/strong>23 de mar\u00e7o de 2026 <strong data-start=\"226\" data-end=\"254\">(<\/strong><span style=\"text-decoration: underline;\">EXCETO OFICINA DE ELABORA\u00c7\u00c3O DE PROJETO, DISSERTA\u00c7\u00c3O, PRODUTO T\u00c9CNICO E ARTIGO CIENT\u00cdFICO, QUE TER\u00c1 IN\u00cdCIO EM 20\/05\/2026<\/span><strong data-start=\"226\" data-end=\"254\">)<\/strong><\/p>\n<p data-start=\"360\" data-end=\"413\"><strong data-start=\"363\" data-end=\"385\">T\u00e9rmino das Aulas: <\/strong>3 de julho de 2026<\/p>\n<p>&nbsp;<\/p>\n<p>*A matr\u00edcula e escolha das disciplinas voc\u00eas realizar\u00e3o de forma on-line pelo cobalto.\u00a0 Aluno -&gt; Cadastro -&gt; Solicita\u00e7\u00e3o de matr\u00edcula (P\u00f3s).<\/p>\n<p>&nbsp;<\/p>\n<p><a href=\"https:\/\/wp.ufpel.edu.br\/profiap\/files\/2026\/03\/cronograma-de-aulas-profiap-2026.pdf\">Cronograma de aulas &#8211; PROFIAP 2026\/1<\/a><\/p>\n<p>___________________________________________________________________________<\/p>\n<p>&nbsp;<\/p>\n<p><span style=\"color: #000000; font-size: 10pt;\">O Mestrado Profissional em Administra\u00e7\u00e3o P\u00fablica em Rede Nacional &#8211; PROFIAP, \u00e9 um curso semipresencial; contudo, a carga hor\u00e1ria dos encontros presenciais n\u00e3o poder\u00e1 ser inferior a 50% da carga hor\u00e1ria\u00a0total das disciplinas.\u00a0<\/span><span style=\"color: #000000; font-size: 10pt;\">Cabe ao Professor de cada disciplina determinar o dia e a frequ\u00eancia dos encontros presenciais.<\/span><\/p>\n<p class=\"my-0\"><strong>Per\u00edodo letivo:<\/strong>\u00a0de 8 de setembro a 20 de dezembro de 2025.<br \/>\n<strong>Per\u00edodo de matr\u00edculas:<\/strong>\u00a0de 1\u00ba a 5 de setembro de 2025.<\/p>\n<p>*A matr\u00edcula e escolha das disciplinas voc\u00eas realizar\u00e3o de forma on-line pelo cobalto.\u00a0 Aluno -&gt; Cadastro -&gt; Solicita\u00e7\u00e3o de matr\u00edcula (P\u00f3s).<\/p>\n<h2 id=\"disciplinas-ofertadas\" class=\"mb-2 mt-6 text-base font-[500] first:mt-0 md:text-lg dark:font-[475] [hr+&amp;]:mt-4\">Disciplinas Ofertadas<\/h2>\n<div class=\"group relative\">\n<div class=\"w-full overflow-x-auto md:max-w-[90vw] border-borderMain\/50 ring-borderMain\/50 divide-borderMain\/50 dark:divide-borderMainDark\/50 dark:ring-borderMainDark\/50 dark:border-borderMainDark\/50 bg-transparent\">\n<table class=\"border-borderMain my-[1em] w-full table-auto border\">\n<thead class=\"bg-offset\">\n<tr>\n<th class=\"border-borderMain px-sm py-sm dark:border-borderMainDark break-normal border text-left align-top\">Dia<\/th>\n<th class=\"border-borderMain px-sm py-sm dark:border-borderMainDark break-normal border text-left align-top\">Turno<\/th>\n<th class=\"border-borderMain px-sm py-sm dark:border-borderMainDark break-normal border text-left align-top\">Disciplina<\/th>\n<th class=\"border-borderMain px-sm py-sm dark:border-borderMainDark break-normal border text-left align-top\">Professor(a)<\/th>\n<\/tr>\n<\/thead>\n<tbody>\n<tr>\n<td class=\"border-borderMain px-sm dark:border-borderMainDark min-w-[48px] break-normal border\">Quarta<\/td>\n<td class=\"border-borderMain px-sm dark:border-borderMainDark min-w-[48px] break-normal border\">Noite (19h-22h)<\/td>\n<td class=\"border-borderMain px-sm dark:border-borderMainDark min-w-[48px] break-normal border\">Estado, Governo e Administra\u00e7\u00e3o P\u00fablica<\/td>\n<td class=\"border-borderMain px-sm dark:border-borderMainDark min-w-[48px] break-normal border\">Prof. Rodrigo Serpa<\/td>\n<\/tr>\n<tr>\n<td class=\"border-borderMain px-sm dark:border-borderMainDark min-w-[48px] break-normal border\">Quinta<\/td>\n<td class=\"border-borderMain px-sm dark:border-borderMainDark min-w-[48px] break-normal border\">Tarde (13h30-17h30)<\/td>\n<td class=\"border-borderMain px-sm dark:border-borderMainDark min-w-[48px] break-normal border\">Semin\u00e1rios em Administra\u00e7\u00e3o P\u00fablica<\/td>\n<td class=\"border-borderMain px-sm dark:border-borderMainDark min-w-[48px] break-normal border\">Prof\u00aa. Pamela Amado<\/td>\n<\/tr>\n<tr>\n<td class=\"border-borderMain px-sm dark:border-borderMainDark min-w-[48px] break-normal border\">Quinta<\/td>\n<td class=\"border-borderMain px-sm dark:border-borderMainDark min-w-[48px] break-normal border\">Noite (19h-22h)<\/td>\n<td class=\"border-borderMain px-sm dark:border-borderMainDark min-w-[48px] break-normal border\">M\u00e9todos Qualitativos Aplicados \u00e0 Administra\u00e7\u00e3o P\u00fablica<\/td>\n<td class=\"border-borderMain px-sm dark:border-borderMainDark min-w-[48px] break-normal border\">Prof. Alisson Maehler<\/td>\n<\/tr>\n<tr>\n<td class=\"border-borderMain px-sm dark:border-borderMainDark min-w-[48px] break-normal border\">Sexta<\/td>\n<td class=\"border-borderMain px-sm dark:border-borderMainDark min-w-[48px] break-normal border\">Tarde (13h30-17h30)<\/td>\n<td class=\"border-borderMain px-sm dark:border-borderMainDark min-w-[48px] break-normal border\">Gest\u00e3o Socioambiental Sustent\u00e1vel<\/td>\n<td class=\"border-borderMain px-sm dark:border-borderMainDark min-w-[48px] break-normal border\">Prof\u00aa. Priscila Nesello<\/td>\n<\/tr>\n<\/tbody>\n<\/table>\n<p>*Hor\u00e1rios podem variar de acordo com o professor.<\/p>\n<p>Local das aulas: sala da p\u00f3s-gradua\u00e7\u00e3o 2<\/p>\n<\/div>\n<\/div>\n<p><a href=\"https:\/\/wp.ufpel.edu.br\/profiap\/files\/2025\/08\/cronograma-Profiap-1.pdf\">Cronograma PROFIAP 2025\/2<\/a><\/p>\n<p>&nbsp;<\/p>\n<p><a href=\"https:\/\/institucional.ufpel.edu.br\/cursos\/cod\/7070\"><span style=\"color: #0000ff; font-size: 10pt;\">Hor\u00e1rio das Aulas [2025\/1]<\/span><\/a><\/p>\n<p><span style=\"font-family: arial, helvetica, sans-serif;\">Hor\u00e1rios passados:<\/span><\/p>\n<p><a href=\"https:\/\/wp.ufpel.edu.br\/profiap\/files\/2021\/07\/2021-2-1.pdf\"><span style=\"color: #0000ff; font-size: 10pt;\">Hor\u00e1rio das Aulas e Calend\u00e1rio Letivo [2021\/2]<\/span><\/a><\/p>\n<p><span style=\"font-size: 10pt; color: #0000ff;\"><a style=\"color: #0000ff;\" href=\"https:\/\/wp.ufpel.edu.br\/profiap\/files\/2021\/03\/CALENDA\u0301RIO-2021-1-PROFIAP.pdf\">Hor\u00e1rio das Aulas e Calend\u00e1rio Letivo [2021\/1]<\/a><\/span><\/p>\n<p><span style=\"color: #0000ff; font-size: 10pt;\"><a style=\"color: #0000ff;\" href=\"https:\/\/wp.ufpel.edu.br\/profiap\/files\/2019\/12\/Calend\u00e1rio-Profiap-UFPel-2020_1-2.pdf\" target=\"_blank\" rel=\"noopener noreferrer\">Hor\u00e1rio das Aulas e Calend\u00e1rio Letivo [2020\/1]<\/a><\/span><\/p>\n<p><span style=\"font-size: 10pt; color: #0000ff;\"><a style=\"color: #0000ff;\" href=\"https:\/\/wp.ufpel.edu.br\/profiap\/files\/2019\/06\/Calend\u00e1rio-Letivo-Profiap-UFPel-2019_2.pdf\" target=\"_blank\" rel=\"noopener noreferrer\">H0r\u00e1rio das Aulas e Calend\u00e1rio Letivo [2019\/2]<\/a><\/span><\/p>\n<p><span style=\"color: #0000ff; font-size: 10pt;\"><a style=\"color: #0000ff;\" href=\"https:\/\/wp.ufpel.edu.br\/profiap\/files\/2018\/04\/Calend\u00e1rio-Profiap-UFPel-2018_1.pdf\" target=\"_blank\" rel=\"noopener noreferrer\">Hor\u00e1rio das Aulas e Calend\u00e1rio Letivo [2018\/1]<\/a><\/span><\/p>\n<p><span style=\"font-size: 10pt; color: #0000ff;\"><a style=\"color: #0000ff;\" href=\"https:\/\/wp.ufpel.edu.br\/profiap\/files\/2017\/03\/Calend\u00e1rio-Profiap-UFPel-2017_2.pdf\" target=\"_blank\" rel=\"noopener noreferrer\">Hor\u00e1rio das Aulas e Calend\u00e1rio Letivo [2017\/2]<\/a><\/span><\/p>\n<p><span style=\"background-color: #ffffff; font-size: 10pt; color: #0000ff;\"><a style=\"background-color: #ffffff; color: #0000ff;\" href=\"https:\/\/wp.ufpel.edu.br\/profiap\/files\/2017\/03\/Calend\u00e1rio-Profiap-UFPel-2017_1.pdf\" target=\"_blank\" rel=\"noopener noreferrer\"><span style=\"color: #0000ff;\">Hor\u00e1rio das Aulas e Calend\u00e1rio Letivo [2017<\/span>\/1]<\/a><\/span><\/p>\n<p><span style=\"color: #0000ff; font-size: 10pt;\"><a style=\"color: #0000ff;\" href=\"https:\/\/wp.ufpel.edu.br\/profiap\/files\/2016\/06\/Calend\u00e1rio-Profiap-Ufpel-Turma-2016_2.pdf\" target=\"_blank\" rel=\"noopener noreferrer\">Hor\u00e1rio das Aulas e Calend\u00e1rio Letivo [2016\/2]<\/a><\/span><\/p>\n","protected":false},"excerpt":{"rendered":"<p>HOR\u00c1RIOS 2026\/1 DO PROFIAP Dia Turno e hor\u00e1rio Disciplina Professor(a) Quartas-feiras Tarde, das 13h30 \u00e0s 16h50 M\u00c9TODOS E T\u00c9CNICAS DE PESQUISA APLICADAS \u00c0 ADMINISTRA\u00c7\u00c3O P\u00daBLICA P\u00e2mela Amado Trist\u00e3o Quartas-feiras (in\u00edcio em 20 de maio de 2026) Noite, das 19h \u00e0s 22h20 OFICINA DE ELABORA\u00c7\u00c3O DE PROJETO, DISSERTA\u00c7\u00c3O, PRODUTO T\u00c9CNICO E ARTIGO CIENT\u00cdFICO Francielle Molon da [&hellip;]<\/p>\n","protected":false},"author":664,"featured_media":0,"parent":0,"menu_order":0,"comment_status":"closed","ping_status":"closed","template":"","meta":{"footnotes":""},"class_list":["post-367","page","type-page","status-publish","hentry"],"_links":{"self":[{"href":"https:\/\/wp.ufpel.edu.br\/profiap\/wp-json\/wp\/v2\/pages\/367","targetHints":{"allow":["GET"]}}],"collection":[{"href":"https:\/\/wp.ufpel.edu.br\/profiap\/wp-json\/wp\/v2\/pages"}],"about":[{"href":"https:\/\/wp.ufpel.edu.br\/profiap\/wp-json\/wp\/v2\/types\/page"}],"author":[{"embeddable":true,"href":"https:\/\/wp.ufpel.edu.br\/profiap\/wp-json\/wp\/v2\/users\/664"}],"replies":[{"embeddable":true,"href":"https:\/\/wp.ufpel.edu.br\/profiap\/wp-json\/wp\/v2\/comments?post=367"}],"version-history":[{"count":4,"href":"https:\/\/wp.ufpel.edu.br\/profiap\/wp-json\/wp\/v2\/pages\/367\/revisions"}],"predecessor-version":[{"id":2114,"href":"https:\/\/wp.ufpel.edu.br\/profiap\/wp-json\/wp\/v2\/pages\/367\/revisions\/2114"}],"wp:attachment":[{"href":"https:\/\/wp.ufpel.edu.br\/profiap\/wp-json\/wp\/v2\/media?parent=367"}],"curies":[{"name":"wp","href":"https:\/\/api.w.org\/{rel}","templated":true}]}}