{"id":27,"date":"2016-06-30T18:28:26","date_gmt":"2016-06-30T21:28:26","guid":{"rendered":"https:\/\/wp.ufpel.edu.br\/profiap\/?page_id=27"},"modified":"2024-10-31T13:58:54","modified_gmt":"2024-10-31T16:58:54","slug":"contato","status":"publish","type":"page","link":"https:\/\/wp.ufpel.edu.br\/profiap\/contato\/","title":{"rendered":"Contato"},"content":{"rendered":"<p><span style=\"color: #000000; font-size: 10pt;\">Universidade Federal de Pelotas \u2013 UFPel<\/span><br \/>\n<span style=\"color: #000000;\"><span style=\"font-size: 13.3333px;\">Centro de Ci\u00eancias Socio-Organizacionais <span style=\"color: #000000; font-size: 10pt;\">\u2013 CCSO<\/span><\/span><\/span><br \/>\n<span style=\"color: #000000; font-size: 10pt;\"> Mestrado Profissional em Administra\u00e7\u00e3o P\u00fablica \u2013 Profiap<\/span><\/p>\n<p><span style=\"color: #000000; font-size: 10pt;\">Rua Gomes Carneiro, n\u00ba 1 &#8211;\u00a04\u00ba andar &#8211; Campus Porto<\/span><br \/>\n<span style=\"color: #000000; font-size: 10pt;\"> CEP: 96.010-610<\/span><br \/>\n<span style=\"font-size: 10pt; color: #000000;\"> Pelotas\/RS.<\/span><\/p>\n<p><span style=\"color: #000000; font-size: 10pt;\">Telefone: (53) 3284.3857<\/span><\/p>\n<p><span style=\"color: #000000; font-size: 10pt;\"> E-mail: coordenacao.profiap@ufpel.edu.br<span style=\"color: #0000ff;\">\u00a0\/ profiap.ufpel@gmail.com<\/span><\/span><\/p>\n<p><span style=\"color: #000000; font-size: 10pt;\">Prof. Dr.\u00a0Alisson Eduardo Maehler<\/span><br \/>\n<span style=\"color: #000000; font-size: 10pt;\"> Coordenador Local \u2013 Profiap\/UFPel<\/span><\/p>\n","protected":false},"excerpt":{"rendered":"<p>Universidade Federal de Pelotas \u2013 UFPel Centro de Ci\u00eancias Socio-Organizacionais \u2013 CCSO Mestrado Profissional em Administra\u00e7\u00e3o P\u00fablica \u2013 Profiap Rua Gomes Carneiro, n\u00ba 1 &#8211;\u00a04\u00ba andar &#8211; Campus Porto CEP: 96.010-610 Pelotas\/RS. Telefone: (53) 3284.3857 E-mail: coordenacao.profiap@ufpel.edu.br\u00a0\/ profiap.ufpel@gmail.com Prof. Dr.\u00a0Alisson Eduardo Maehler Coordenador Local \u2013 Profiap\/UFPel<\/p>\n","protected":false},"author":664,"featured_media":0,"parent":0,"menu_order":0,"comment_status":"closed","ping_status":"closed","template":"","meta":{"footnotes":""},"class_list":["post-27","page","type-page","status-publish","hentry"],"_links":{"self":[{"href":"https:\/\/wp.ufpel.edu.br\/profiap\/wp-json\/wp\/v2\/pages\/27","targetHints":{"allow":["GET"]}}],"collection":[{"href":"https:\/\/wp.ufpel.edu.br\/profiap\/wp-json\/wp\/v2\/pages"}],"about":[{"href":"https:\/\/wp.ufpel.edu.br\/profiap\/wp-json\/wp\/v2\/types\/page"}],"author":[{"embeddable":true,"href":"https:\/\/wp.ufpel.edu.br\/profiap\/wp-json\/wp\/v2\/users\/664"}],"replies":[{"embeddable":true,"href":"https:\/\/wp.ufpel.edu.br\/profiap\/wp-json\/wp\/v2\/comments?post=27"}],"version-history":[{"count":19,"href":"https:\/\/wp.ufpel.edu.br\/profiap\/wp-json\/wp\/v2\/pages\/27\/revisions"}],"predecessor-version":[{"id":1733,"href":"https:\/\/wp.ufpel.edu.br\/profiap\/wp-json\/wp\/v2\/pages\/27\/revisions\/1733"}],"wp:attachment":[{"href":"https:\/\/wp.ufpel.edu.br\/profiap\/wp-json\/wp\/v2\/media?parent=27"}],"curies":[{"name":"wp","href":"https:\/\/api.w.org\/{rel}","templated":true}]}}