{"id":1582,"date":"2024-06-24T14:27:47","date_gmt":"2024-06-24T17:27:47","guid":{"rendered":"https:\/\/wp.ufpel.edu.br\/profiap\/?page_id=1582"},"modified":"2024-06-25T09:18:28","modified_gmt":"2024-06-25T12:18:28","slug":"estrutura-do-relatorio-tecnico-ptt-derivado-do-tcc","status":"publish","type":"page","link":"https:\/\/wp.ufpel.edu.br\/profiap\/estrutura-do-relatorio-tecnico-ptt-derivado-do-tcc\/","title":{"rendered":"Estrutura do Relat\u00f3rio T\u00e9cnico (PTT) derivado do TCC"},"content":{"rendered":"<p>O Produto t\u00e9cnico-tecnol\u00f3gico deve seguir as orienta\u00e7\u00f5es previstas e ser elaborado utilizando o<br \/>\nmodelo edit\u00e1vel preparado pela Diretoria de Comunica\u00e7\u00e3o do Comit\u00ea Gestor Nacional.<\/p>\n<p><a href=\"https:\/\/drive.google.com\/drive\/u\/6\/folders\/1I2lh3_FHaqX88T0yj3S9dv_-EeVnVZ7n\" target=\"_blank\" rel=\"noopener\">Orienta\u00e7\u00f5es<\/a><\/p>\n<p><a href=\"https:\/\/www.canva.com\/design\/DAFrnBqpnmU\/icPLamJfN432O3RJ9DNogQ\/view\" target=\"_blank\" rel=\"noopener\">Modelo do documento edit\u00e1vel<\/a><\/p>\n","protected":false},"excerpt":{"rendered":"<p>O Produto t\u00e9cnico-tecnol\u00f3gico deve seguir as orienta\u00e7\u00f5es previstas e ser elaborado utilizando o modelo edit\u00e1vel preparado pela Diretoria de Comunica\u00e7\u00e3o do Comit\u00ea Gestor Nacional. Orienta\u00e7\u00f5es Modelo do documento edit\u00e1vel<\/p>\n","protected":false},"author":664,"featured_media":0,"parent":0,"menu_order":0,"comment_status":"closed","ping_status":"closed","template":"","meta":{"footnotes":""},"class_list":["post-1582","page","type-page","status-publish","hentry"],"_links":{"self":[{"href":"https:\/\/wp.ufpel.edu.br\/profiap\/wp-json\/wp\/v2\/pages\/1582","targetHints":{"allow":["GET"]}}],"collection":[{"href":"https:\/\/wp.ufpel.edu.br\/profiap\/wp-json\/wp\/v2\/pages"}],"about":[{"href":"https:\/\/wp.ufpel.edu.br\/profiap\/wp-json\/wp\/v2\/types\/page"}],"author":[{"embeddable":true,"href":"https:\/\/wp.ufpel.edu.br\/profiap\/wp-json\/wp\/v2\/users\/664"}],"replies":[{"embeddable":true,"href":"https:\/\/wp.ufpel.edu.br\/profiap\/wp-json\/wp\/v2\/comments?post=1582"}],"version-history":[{"count":3,"href":"https:\/\/wp.ufpel.edu.br\/profiap\/wp-json\/wp\/v2\/pages\/1582\/revisions"}],"predecessor-version":[{"id":1587,"href":"https:\/\/wp.ufpel.edu.br\/profiap\/wp-json\/wp\/v2\/pages\/1582\/revisions\/1587"}],"wp:attachment":[{"href":"https:\/\/wp.ufpel.edu.br\/profiap\/wp-json\/wp\/v2\/media?parent=1582"}],"curies":[{"name":"wp","href":"https:\/\/api.w.org\/{rel}","templated":true}]}}