{"id":1087,"date":"2021-03-12T09:55:15","date_gmt":"2021-03-12T12:55:15","guid":{"rendered":"https:\/\/wp.ufpel.edu.br\/profiap\/?page_id=1087"},"modified":"2025-07-09T10:23:37","modified_gmt":"2025-07-09T13:23:37","slug":"procedimentos-para-qualificacao","status":"publish","type":"page","link":"https:\/\/wp.ufpel.edu.br\/profiap\/procedimentos-para-qualificacao\/","title":{"rendered":"Procedimentos para qualifica\u00e7\u00e3o"},"content":{"rendered":"<p style=\"text-align: center;\"><strong>Procedimentos para Qualifica\u00e7\u00e3o:<\/strong><\/p>\n<p>&nbsp;<\/p>\n<p style=\"text-align: justify;\"><strong><u>PASSO 1 \u2013 Composi\u00e7\u00e3o da Banca:<\/u><\/strong><\/p>\n<p style=\"text-align: justify;\"><strong>Respons\u00e1vel:<\/strong><\/p>\n<p style=\"text-align: justify;\">Orientador<\/p>\n<p style=\"text-align: justify;\"><strong>O que:<\/strong><\/p>\n<p style=\"text-align: justify;\">Comporta a banca de qualifica\u00e7\u00e3o. A banca dever\u00e1 ser composta, pelo menos, pelo Orientador, um membro da Rede PROFIAP (externo ao PROFIAP\/UFPel) e um membro externo. O membro externo dever\u00e1 estar, preferencialmente, vinculado a um curso stricto senso.<\/p>\n<p style=\"text-align: justify;\">O Orientador dever\u00e1 atentar se o projeto de pesquisa envolve seres humanos, pois todos os projetos de pesquisa envolvendo seres humanos devem ser submetidos a aprecia\u00e7\u00e3o de um comit\u00ea de \u00e9tica em pesquisa (CEP) <strong>previamente ao seu in\u00edcio<\/strong>.\u00a0Considerando a Resolu\u00e7\u00e3o 466\/12, que aprova as \u201cdiretrizes e normas regulamentadoras de pesquisas envolvendo seres humanos\u201d\u00a0Define-se pesquisa envolvendo seres humanos (item II.14), como \u201cpesquisa que, individual ou coletivamente, tenha como participante o ser humano, em sua totalidade ou partes dele, e o envolva de forma direta ou indireta, incluindo o manejo de seus dados, informa\u00e7\u00f5es ou materiais biol\u00f3gicos\u201d.<\/p>\n<p style=\"text-align: justify;\"><strong>\u00a0<\/strong><strong>Quando:<\/strong><\/p>\n<p style=\"text-align: justify;\">Antes da formaliza\u00e7\u00e3o da banca. A banca de qualifica\u00e7\u00e3o dever\u00e1 ser, preferencialmente, realizada um ano ap\u00f3s o ingresso do mestrando no PROFIAP\/UFPel.<\/p>\n<p style=\"text-align: justify;\"><strong>\u00a0<\/strong><\/p>\n<p style=\"text-align: justify;\"><strong><u>PASSO 2 \u2013 Formaliza\u00e7\u00e3o da Banca:<\/u><\/strong><\/p>\n<p style=\"text-align: justify;\"><strong>\u00a0<\/strong><strong>Respons\u00e1vel:<\/strong><\/p>\n<p style=\"text-align: justify;\">Orientador<\/p>\n<p style=\"text-align: justify;\"><strong>\u00a0<\/strong><strong>O que:<\/strong><\/p>\n<p style=\"text-align: justify;\">Preencher os formul\u00e1rios:<\/p>\n<p style=\"text-align: justify;\">&#8211; Solicita\u00e7\u00e3o de Defesa (<a href=\"https:\/\/wp.ufpel.edu.br\/profiap\/formularios\/\">https:\/\/wp.ufpel.edu.br\/profiap\/formularios\/<\/a>)<\/p>\n<p>-Solicita\u00e7\u00e3o Comit\u00ea Gestor Nacional (<a href=\"https:\/\/profiap.org.br\/questionario\/index.php\/585526?lang=pt-BR\">https:\/\/profiap.org.br\/questionario\/index.php\/585526?lang=pt-BR<\/a>)<\/p>\n<p>&#8211; Formul\u00e1rio de Participa\u00e7\u00e3o de Membro Externo ao PROFIAP\/UFPel (<a href=\"https:\/\/wp.ufpel.edu.br\/profiap\/files\/2021\/09\/Fomulario-de-participacao-de-membro-externo-PROFIAP-atualizado-2021.docx\">https:\/\/wp.ufpel.edu.br\/profiap\/files\/2021\/09\/Fomulario-de-participacao-de-membro-externo-PROFIAP-atualizado-2021.docx<\/a>)<\/p>\n<p>O formul\u00e1rio \u201cSolicita\u00e7\u00e3o de Defesa\u201d ser\u00e1 o documento comprobat\u00f3rio da banca. Desta forma, ap\u00f3s preenchido dever\u00e1 ser encaminhado para a a Secretaria do PROFIAP (profiap.ufpel@gmail.com) que ap\u00f3s aprova\u00e7\u00e3o do Comit\u00ea Gestor Nacional ser\u00e1 criada a portaria e enviada para o Orientador encaminhar para os membros da banca.<\/p>\n<p style=\"text-align: justify;\"><strong>\u00a0<\/strong><strong>Quando:<\/strong><\/p>\n<p style=\"text-align: justify;\">Ap\u00f3s a confirma\u00e7\u00e3o da banca, dia e hor\u00e1rio.<\/p>\n<p style=\"text-align: justify;\"><strong>\u00a0<\/strong><\/p>\n<p><strong><u>PASSO 3 \u2013 Realiza\u00e7\u00e3o da Banca:<\/u><\/strong><\/p>\n<p><strong>Respons\u00e1vel:<\/strong><\/p>\n<p>Orientador<\/p>\n<p><strong>O que:<\/strong><\/p>\n<p>Realiza\u00e7\u00e3o da banca de qualifica\u00e7\u00e3o. Durante o per\u00edodo de ensino remoto o orientador identificar\u00e1 qual o melhor mecanismo computacional para a realiza\u00e7\u00e3o mesma. Importante que sejam realizados registros (por exemplo fotografias, captura de imagens de tela) da realiza\u00e7\u00e3o da banca, em fun\u00e7\u00e3o da cria\u00e7\u00e3o e manuten\u00e7\u00e3o do hist\u00f3rico do curso.<\/p>\n<p><strong>Quando:<\/strong><\/p>\n<p>Em dia e hor\u00e1rio formalizados no Passo 2.<\/p>\n<p><strong>\u00a0<\/strong><\/p>\n<p><strong><u>PASSO 4 \u2013 P\u00f3s Banca:<\/u><\/strong><\/p>\n<p><strong>Respons\u00e1vel:<\/strong><\/p>\n<p>Orientador<\/p>\n<p><strong>O que:<\/strong><\/p>\n<p>Envio para a Secretaria do PROFIAP (profiap.ufpel@gmail.com) e a coordena\u00e7\u00e3o do curso dos seguintes formul\u00e1rios:<\/p>\n<p>&#8211; Uma via digitalizada do formul\u00e1rio de qualifica\u00e7\u00e3o \u2013 assinado por todos os membros<\/p>\n<p style=\"text-align: justify;\">\u00a0Formul\u00e1rio de Qualifica\u00e7\u00e3o (<a href=\"https:\/\/wp.ufpel.edu.br\/profiap\/formularios\/\">https:\/\/wp.ufpel.edu.br\/profiap\/formularios\/<\/a>)<\/p>\n<p>&#8211; Uma via digitalizada da Ata de corre\u00e7\u00e3o de qualifica\u00e7\u00e3o \u2013 assinada por todos os membros<\/p>\n<p>Ata de Corre\u00e7\u00e3o de Qualifica\u00e7\u00e3o (<a href=\"https:\/\/wp.ufpel.edu.br\/profiap\/formularios\/\">https:\/\/wp.ufpel.edu.br\/profiap\/formularios\/<\/a>)<\/p>\n<p><strong>\u00a0<\/strong><strong>Quando:<\/strong><\/p>\n<p>Imediatamente ap\u00f3s a conclus\u00e3o da banca<\/p>\n<p><strong>\u00a0<\/strong><\/p>\n<p><strong><u>PASSO 5 \u2013 Registro:<\/u><\/strong><\/p>\n<p><strong>Respons\u00e1vel:<\/strong><\/p>\n<p>Coordenador do Curso<\/p>\n<p><strong>O que:<\/strong><\/p>\n<p>Confer\u00eancia e inser\u00e7\u00e3o do conceito do mestrando no sistema Cobalto \u2013 disciplina de Trabalho de Conclus\u00e3o Final I.<\/p>\n<p><strong>\u00a0<\/strong><strong>Quando:<\/strong><\/p>\n<p>Imediatamente ao recebimento dos formul\u00e1rios de realiza\u00e7\u00e3o da banca<\/p>\n<p>&nbsp;<\/p>\n<p><strong><u>PASSO 6 \u2013Arquivo:<\/u><\/strong><\/p>\n<p><strong>Respons\u00e1vel:<\/strong><\/p>\n<p>Coordenador do Curso<\/p>\n<p><strong>O que:<\/strong><\/p>\n<p>Envio dos formul\u00e1rios para nova confer\u00eancia, digitaliza\u00e7\u00e3o e arquivo no registro do mestrando.<\/p>\n<p><strong>\u00a0<\/strong><strong>Quando:<\/strong><\/p>\n<p>Imediatamente os procedimentos do Passo 5.<\/p>\n<p>&nbsp;<\/p>\n","protected":false},"excerpt":{"rendered":"<p>Procedimentos para Qualifica\u00e7\u00e3o: &nbsp; PASSO 1 \u2013 Composi\u00e7\u00e3o da Banca: Respons\u00e1vel: Orientador O que: Comporta a banca de qualifica\u00e7\u00e3o. A banca dever\u00e1 ser composta, pelo menos, pelo Orientador, um membro da Rede PROFIAP (externo ao PROFIAP\/UFPel) e um membro externo. O membro externo dever\u00e1 estar, preferencialmente, vinculado a um curso stricto senso. O Orientador dever\u00e1 [&hellip;]<\/p>\n","protected":false},"author":664,"featured_media":0,"parent":0,"menu_order":0,"comment_status":"closed","ping_status":"closed","template":"","meta":{"footnotes":""},"class_list":["post-1087","page","type-page","status-publish","hentry"],"_links":{"self":[{"href":"https:\/\/wp.ufpel.edu.br\/profiap\/wp-json\/wp\/v2\/pages\/1087","targetHints":{"allow":["GET"]}}],"collection":[{"href":"https:\/\/wp.ufpel.edu.br\/profiap\/wp-json\/wp\/v2\/pages"}],"about":[{"href":"https:\/\/wp.ufpel.edu.br\/profiap\/wp-json\/wp\/v2\/types\/page"}],"author":[{"embeddable":true,"href":"https:\/\/wp.ufpel.edu.br\/profiap\/wp-json\/wp\/v2\/users\/664"}],"replies":[{"embeddable":true,"href":"https:\/\/wp.ufpel.edu.br\/profiap\/wp-json\/wp\/v2\/comments?post=1087"}],"version-history":[{"count":13,"href":"https:\/\/wp.ufpel.edu.br\/profiap\/wp-json\/wp\/v2\/pages\/1087\/revisions"}],"predecessor-version":[{"id":1948,"href":"https:\/\/wp.ufpel.edu.br\/profiap\/wp-json\/wp\/v2\/pages\/1087\/revisions\/1948"}],"wp:attachment":[{"href":"https:\/\/wp.ufpel.edu.br\/profiap\/wp-json\/wp\/v2\/media?parent=1087"}],"curies":[{"name":"wp","href":"https:\/\/api.w.org\/{rel}","templated":true}]}}