{"id":425,"date":"2014-04-07T02:50:57","date_gmt":"2014-04-07T02:50:57","guid":{"rendered":"http:\/\/festivaldevideo.wordpress.com\/?page_id=1"},"modified":"2018-06-22T15:18:34","modified_gmt":"2018-06-22T18:18:34","slug":"webserie","status":"publish","type":"page","link":"https:\/\/wp.ufpel.edu.br\/producaodevideo\/webserie\/","title":{"rendered":"WebS\u00e9rie"},"content":{"rendered":"<p>Aqui iremos apresentar programas de webs\u00e9ries realizadas pelo projeto de extens\u00e3o da UFPel para contribuir com que professores e alunos aprendam a realizar v\u00eddeos estudantis. \u00c9 um espa\u00e7o para capacita\u00e7\u00e3o docente e discente.<\/p>\n<p><a href=\"https:\/\/www.youtube.com\/watch?v=YS7zpLoHpNY&amp;list=PLNO6rIlMAel2ELhZB37C5U4H6ukPp6vqp\">Aprenda a Fazer V\u00eddeo<\/a> &#8211; O professor Josias Pereira apresenta nesta s\u00e9rie como o professor pode fazer v\u00eddeo com a sua turma de modo simples.<\/p>\n<p><a href=\"https:\/\/www.youtube.com\/watch?v=XYjeGoI6FTg&amp;list=PLNO6rIlMAel2ke1TgLwAfRoVrMtCqqsWl\">Cine Passo a Passo<\/a> &#8211; A atriz Lizi Fonseca ensina um pouco como fazer um v\u00eddeo. A linguagem \u00e9 simples e voltada para adolescente.<\/p>\n<p><a href=\"https:\/\/www.youtube.com\/watch?v=Ty1VKsKjgbs&amp;list=PLNO6rIlMAel2QL_OrOTx2r8WPgBVr_AsC\">Dire\u00e7\u00e3o de Atores para V\u00eddeo Estudantil<\/a> &#8211; O ator Vagner Vargas apresenta como o professor e aluno podem dirigir atores de forma simples e direta.<\/p>\n<p><a href=\"https:\/\/www.youtube.com\/watch?v=8NrO08A-V7E&amp;list=PLNO6rIlMAel0u4G2w0YAjBFMWlj78Ob9v\" target=\"_blank\" rel=\"noopener\">Dicas do J\u00f4<\/a> &#8211; O professor Josias Pereira d\u00e1 algumas dicas de como gravar v\u00eddeos de fic\u00e7\u00e3o.<\/p>\n<p><a href=\"https:\/\/www.youtube.com\/watch?v=h7puP0MUND8&amp;list=PLNO6rIlMAel169VZfyJ1BZA60dcOS0t_H\" target=\"_blank\" rel=\"noopener\">Vlog Primeiros Passos<\/a> &#8211; A cineasta Kelly apresenta algumas a\u00e7\u00f5es de como fazer v\u00eddeo estudantil.<\/p>\n<p><a href=\"https:\/\/www.youtube.com\/watch?v=J7jRQSjcpHA&amp;list=PLNO6rIlMAel3yAZk0txK9tuvGKoY4fjYL\" target=\"_blank\" rel=\"noopener\">Programa Como Foi Feito<\/a> &#8211; A cineasta Paty Custodio fala um pouco de como alguns curtas estudantis foram feitos.<\/p>\n","protected":false},"excerpt":{"rendered":"<p>Aqui iremos apresentar programas de webs\u00e9ries realizadas pelo projeto de extens\u00e3o da UFPel para contribuir com que professores e alunos aprendam a realizar v\u00eddeos estudantis. \u00c9 um espa\u00e7o para capacita\u00e7\u00e3o docente e discente. Aprenda a Fazer V\u00eddeo &#8211; O professor Josias Pereira apresenta nesta s\u00e9rie como o professor pode fazer v\u00eddeo com a sua turma&hellip;<\/p>\n","protected":false},"author":578,"featured_media":0,"parent":0,"menu_order":0,"comment_status":"closed","ping_status":"closed","template":"","meta":{"footnotes":""},"class_list":["post-425","page","type-page","status-publish","hentry"],"jetpack_sharing_enabled":true,"_links":{"self":[{"href":"https:\/\/wp.ufpel.edu.br\/producaodevideo\/wp-json\/wp\/v2\/pages\/425","targetHints":{"allow":["GET"]}}],"collection":[{"href":"https:\/\/wp.ufpel.edu.br\/producaodevideo\/wp-json\/wp\/v2\/pages"}],"about":[{"href":"https:\/\/wp.ufpel.edu.br\/producaodevideo\/wp-json\/wp\/v2\/types\/page"}],"author":[{"embeddable":true,"href":"https:\/\/wp.ufpel.edu.br\/producaodevideo\/wp-json\/wp\/v2\/users\/578"}],"replies":[{"embeddable":true,"href":"https:\/\/wp.ufpel.edu.br\/producaodevideo\/wp-json\/wp\/v2\/comments?post=425"}],"version-history":[{"count":8,"href":"https:\/\/wp.ufpel.edu.br\/producaodevideo\/wp-json\/wp\/v2\/pages\/425\/revisions"}],"predecessor-version":[{"id":966,"href":"https:\/\/wp.ufpel.edu.br\/producaodevideo\/wp-json\/wp\/v2\/pages\/425\/revisions\/966"}],"wp:attachment":[{"href":"https:\/\/wp.ufpel.edu.br\/producaodevideo\/wp-json\/wp\/v2\/media?parent=425"}],"curies":[{"name":"wp","href":"https:\/\/api.w.org\/{rel}","templated":true}]}}