{"id":89,"date":"2017-08-28T21:32:27","date_gmt":"2017-08-29T00:32:27","guid":{"rendered":"https:\/\/wp.ufpel.edu.br\/producao\/?page_id=89"},"modified":"2021-04-01T14:29:56","modified_gmt":"2021-04-01T17:29:56","slug":"processos-mecanicos","status":"publish","type":"page","link":"https:\/\/wp.ufpel.edu.br\/producao\/curso\/laboratorios\/processos-mecanicos\/","title":{"rendered":"Processos Mec\u00e2nicos"},"content":{"rendered":"<p><span style=\"color: #000000\">O Laborat\u00f3rio oferece suporte \u00e0s pr\u00e1ticas pedag\u00f3gicas destinadas ao ensino de conte\u00fados inerentes a f\u00edsica do processamento industrial e pr\u00e1ticas relacionadas com processos de transforma\u00e7\u00e3o. O laborat\u00f3rio apoia as atividades de ensino das disciplinas de Processos de Fabrica\u00e7\u00e3o Mec\u00e2nica; Gest\u00e3o da Manuten\u00e7\u00e3o, Engenharia do Produto 1, Engenharia do Produto 2. Al\u00e9m disso, o laborat\u00f3rio de processos mec\u00e2nicos atende aos demais cursos de gradua\u00e7\u00e3o e p\u00f3s-gradua\u00e7\u00e3o da UFPel.<\/span><\/p>\n","protected":false},"excerpt":{"rendered":"<p>O Laborat\u00f3rio oferece suporte \u00e0s pr\u00e1ticas pedag\u00f3gicas destinadas ao ensino de conte\u00fados inerentes a f\u00edsica do processamento industrial e pr\u00e1ticas relacionadas com processos de transforma\u00e7\u00e3o. O laborat\u00f3rio apoia as atividades de ensino das disciplinas de Processos de Fabrica\u00e7\u00e3o Mec\u00e2nica; Gest\u00e3o da Manuten\u00e7\u00e3o, Engenharia do Produto 1, Engenharia do Produto 2. Al\u00e9m disso, o laborat\u00f3rio de [&hellip;]<\/p>\n","protected":false},"author":62,"featured_media":0,"parent":21,"menu_order":1,"comment_status":"closed","ping_status":"closed","template":"","meta":{"footnotes":""},"class_list":["post-89","page","type-page","status-publish","hentry"],"_links":{"self":[{"href":"https:\/\/wp.ufpel.edu.br\/producao\/wp-json\/wp\/v2\/pages\/89","targetHints":{"allow":["GET"]}}],"collection":[{"href":"https:\/\/wp.ufpel.edu.br\/producao\/wp-json\/wp\/v2\/pages"}],"about":[{"href":"https:\/\/wp.ufpel.edu.br\/producao\/wp-json\/wp\/v2\/types\/page"}],"author":[{"embeddable":true,"href":"https:\/\/wp.ufpel.edu.br\/producao\/wp-json\/wp\/v2\/users\/62"}],"replies":[{"embeddable":true,"href":"https:\/\/wp.ufpel.edu.br\/producao\/wp-json\/wp\/v2\/comments?post=89"}],"version-history":[{"count":4,"href":"https:\/\/wp.ufpel.edu.br\/producao\/wp-json\/wp\/v2\/pages\/89\/revisions"}],"predecessor-version":[{"id":2192,"href":"https:\/\/wp.ufpel.edu.br\/producao\/wp-json\/wp\/v2\/pages\/89\/revisions\/2192"}],"up":[{"embeddable":true,"href":"https:\/\/wp.ufpel.edu.br\/producao\/wp-json\/wp\/v2\/pages\/21"}],"wp:attachment":[{"href":"https:\/\/wp.ufpel.edu.br\/producao\/wp-json\/wp\/v2\/media?parent=89"}],"curies":[{"name":"wp","href":"https:\/\/api.w.org\/{rel}","templated":true}]}}