{"id":54,"date":"2017-08-28T21:11:07","date_gmt":"2017-08-29T00:11:07","guid":{"rendered":"https:\/\/wp.ufpel.edu.br\/producao\/?page_id=54"},"modified":"2025-06-27T20:09:38","modified_gmt":"2025-06-27T23:09:38","slug":"fluxograma","status":"publish","type":"page","link":"https:\/\/wp.ufpel.edu.br\/producao\/curriculo\/fluxograma\/","title":{"rendered":"Fluxograma"},"content":{"rendered":"<p style=\"text-align: justify;\"><span style=\"color: #000000;\">O Fluxograma do Curso de Engenharia de Produ\u00e7\u00e3o encontra-se estruturado de forma a representar a distribui\u00e7\u00e3o e o sequenciamento durante o curso das seguintes componentes curriculares:<\/span><\/p>\n<ul>\n<li style=\"text-align: justify;\"><span style=\"color: #000000;\">as <strong>Disciplinas Obrigat\u00f3rias<\/strong> do curso, que totalizam 3225 horas (215 cr\u00e9ditos), e encontram-se divididas em<em> (i)<\/em> disciplinas da \u00e1rea b\u00e1sica e\u00a0<em>(ii)<\/em> disciplinas da \u00e1rea profissionalizante espec\u00edfica;<\/span><\/li>\n<li><span style=\"color: #000000; text-align: justify;\">o <strong>Trabalho de Conclus\u00e3o de Curso<\/strong>, que totaliza 165 horas (08 cr\u00e9ditos), e encontra-se dividido em Trabalho de Conclus\u00e3o de Curso I e Trabalho de Conclus\u00e3o de Curso II;<\/span><\/li>\n<li><span style=\"color: #000000; text-align: justify;\">o<strong> Est\u00e1gio Supervisionado<\/strong>, que totaliza 165 horas (11 cr\u00e9ditos);<\/span><\/li>\n<li><span style=\"color: #000000;\">as <strong>Disciplinas Optativas<\/strong> do curso, as quais os discentes devem cursar um m\u00ednimo de 90 horas (06 cr\u00e9ditos);<\/span><\/li>\n<li><span style=\"color: #000000;\">as <strong>Atividades Complementares de Ensino e Pesquisa <\/strong>, devem totalizar 90 horas (06 cr\u00e9ditos);<\/span><\/li>\n<li><span style=\"color: #000000;\">as <strong>Atividades Complementares de Extens\u00e3o <\/strong>, devem totalizar 120 horas (08 cr\u00e9ditos);<\/span><\/li>\n<\/ul>\n<p style=\"text-align: justify;\"><span style=\"color: #000000;\">O Fluxograma do Curso de Engenharia de Produ\u00e7\u00e3o \u00e9\u00a0apresentado a seguir:<\/span><\/p>\n<div id=\"attachment_4131\" style=\"width: 2570px\" class=\"wp-caption alignnone\"><img aria-describedby=\"caption-attachment-4131\" class=\"wp-image-4131 size-full\" src=\"https:\/\/wp.ufpel.edu.br\/producao\/files\/2025\/06\/Sem-Ti\u0301tulo-scaled.jpg\" alt=\"\" width=\"2560\" height=\"1409\" srcset=\"https:\/\/wp.ufpel.edu.br\/producao\/files\/2025\/06\/Sem-Ti\u0301tulo-scaled.jpg 2560w, https:\/\/wp.ufpel.edu.br\/producao\/files\/2025\/06\/Sem-Ti\u0301tulo-400x220.jpg 400w, https:\/\/wp.ufpel.edu.br\/producao\/files\/2025\/06\/Sem-Ti\u0301tulo-1024x564.jpg 1024w, https:\/\/wp.ufpel.edu.br\/producao\/files\/2025\/06\/Sem-Ti\u0301tulo-768x423.jpg 768w, https:\/\/wp.ufpel.edu.br\/producao\/files\/2025\/06\/Sem-Ti\u0301tulo-1536x846.jpg 1536w, https:\/\/wp.ufpel.edu.br\/producao\/files\/2025\/06\/Sem-Ti\u0301tulo-2048x1127.jpg 2048w\" sizes=\"(max-width: 2560px) 100vw, 2560px\" \/><p id=\"caption-attachment-4131\" class=\"wp-caption-text\">Screenshot<\/p><\/div>\n<p><span style=\"color: #000000;\">Para fazer o <em>download<\/em> do Fluxograma do Curso de Engenharia de Produ\u00e7\u00e3o, no formato PDF, clique abaixo:<\/span><\/p>\n<p><span style=\"color: #000000;\"><a href=\"https:\/\/wp.ufpel.edu.br\/producao\/files\/2025\/06\/Fluxograma-Engenharia-de-Produc\u0327a\u0303o.pdf\"><span style=\"color: #0000ff;\"><em>Fluxograma do Curso de Engenharia de Produ\u00e7\u00e3o<\/em><\/span><\/a>.<\/span><\/p>\n","protected":false},"excerpt":{"rendered":"<p>O Fluxograma do Curso de Engenharia de Produ\u00e7\u00e3o encontra-se estruturado de forma a representar a distribui\u00e7\u00e3o e o sequenciamento durante o curso das seguintes componentes curriculares: as Disciplinas Obrigat\u00f3rias do curso, que totalizam 3225 horas (215 cr\u00e9ditos), e encontram-se divididas em (i) disciplinas da \u00e1rea b\u00e1sica e\u00a0(ii) disciplinas da \u00e1rea profissionalizante espec\u00edfica; o Trabalho de [&hellip;]<\/p>\n","protected":false},"author":62,"featured_media":0,"parent":9,"menu_order":0,"comment_status":"closed","ping_status":"closed","template":"","meta":{"footnotes":""},"class_list":["post-54","page","type-page","status-publish","hentry"],"_links":{"self":[{"href":"https:\/\/wp.ufpel.edu.br\/producao\/wp-json\/wp\/v2\/pages\/54","targetHints":{"allow":["GET"]}}],"collection":[{"href":"https:\/\/wp.ufpel.edu.br\/producao\/wp-json\/wp\/v2\/pages"}],"about":[{"href":"https:\/\/wp.ufpel.edu.br\/producao\/wp-json\/wp\/v2\/types\/page"}],"author":[{"embeddable":true,"href":"https:\/\/wp.ufpel.edu.br\/producao\/wp-json\/wp\/v2\/users\/62"}],"replies":[{"embeddable":true,"href":"https:\/\/wp.ufpel.edu.br\/producao\/wp-json\/wp\/v2\/comments?post=54"}],"version-history":[{"count":15,"href":"https:\/\/wp.ufpel.edu.br\/producao\/wp-json\/wp\/v2\/pages\/54\/revisions"}],"predecessor-version":[{"id":4136,"href":"https:\/\/wp.ufpel.edu.br\/producao\/wp-json\/wp\/v2\/pages\/54\/revisions\/4136"}],"up":[{"embeddable":true,"href":"https:\/\/wp.ufpel.edu.br\/producao\/wp-json\/wp\/v2\/pages\/9"}],"wp:attachment":[{"href":"https:\/\/wp.ufpel.edu.br\/producao\/wp-json\/wp\/v2\/media?parent=54"}],"curies":[{"name":"wp","href":"https:\/\/api.w.org\/{rel}","templated":true}]}}