{"id":36,"date":"2017-08-28T20:48:31","date_gmt":"2017-08-28T23:48:31","guid":{"rendered":"https:\/\/wp.ufpel.edu.br\/producao\/?page_id=36"},"modified":"2026-04-13T11:52:10","modified_gmt":"2026-04-13T14:52:10","slug":"colegiado","status":"publish","type":"page","link":"https:\/\/wp.ufpel.edu.br\/producao\/curso\/colegiado\/","title":{"rendered":"Colegiado"},"content":{"rendered":"<p style=\"text-align: justify;\"><span style=\"color: #000000;\">O\u00a0<strong>Colegiado de Curso<\/strong> \u00e9 o \u00f3rg\u00e3o de coordena\u00e7\u00e3o did\u00e1tica que tem por finalidade superintender o ensino no \u00e2mbito do Curso de Engenharia de Produ\u00e7\u00e3o. \u00c9 dirigido por um Coordenador e um Coordenador Adjunto e dele fazem parte docentes das \u00e1reas b\u00e1sica, profissionalizante e espec\u00edfica, al\u00e9m de representa\u00e7\u00e3o discente. Entre suas atribui\u00e7\u00f5es, destacam-se: coordenar e supervisionar o curso; elaborar e\/ou rever o curr\u00edculo, submetendo-o aos \u00f3rg\u00e3os superiores da UFPel; emitir parecer sobre os processos relativos a aproveitamento de estudos e adapta\u00e7\u00e3o curricular; supervisionar a elabora\u00e7\u00e3o dos hor\u00e1rios; receber reclama\u00e7\u00f5es e recursos na \u00e1rea de ensino; apreciar os pedidos de transfer\u00eancia e estudar os casos de equival\u00eancia de disciplinas de outras Universidades para efeito de transfer\u00eancia.<\/span><\/p>\n<hr \/>\n<p><span style=\"color: #000000;\"><strong>Coordena\u00e7\u00e3o do Curso de Engenharia de Produ\u00e7\u00e3o<\/strong><\/span><\/p>\n<p><span style=\"color: #000000;\"><strong>Coordenador:\u00a0<\/strong> <strong>Professor GILSON SIMOES PORCIUNCULA<\/strong><\/span><\/p>\n<p>e-mail; gilson.porciuncula@gmail.com<\/p>\n<p>PORTARIA N\u00ba 50, DE 18 DE OUTUBRO DE 2024<\/p>\n<p><strong>Coordenadora Adjunta<span style=\"color: #000000;\">:\u00a0<\/span> Professora RENATA HEIDTMANN BEMVENUTI<\/strong><\/p>\n<p>e-mail; <span class=\"gI\"><span class=\"qu yKyxu\" tabindex=\"-1\" role=\"gridcell\" translate=\"no\"><span class=\"go\">reheidtmann@yahoo.com.br<\/span><\/span><\/span><\/p>\n<p>PORTARIA DE PESSOAL N\u00ba 6849\/UFPEL, DE 17 DE NOVEMBRO DE 2025<\/p>\n<p><span style=\"color: #000000;\">A atual composi\u00e7\u00e3o do Colegiado do Curso de Bacharelado em Engenharia de Produ\u00e7\u00e3o est\u00e1 definida pela Portaria 46, 2022 <a href=\"https:\/\/wp.ufpel.edu.br\/producao\/files\/2023\/08\/SEI_UFPel-1913262-Portaria-Interna-ULTIMA-PORTARIA.pdf\">SEI_UFPel &#8211; 191<\/a><a href=\"https:\/\/wp.ufpel.edu.br\/producao\/files\/2024\/10\/SEI_UFPel-2794225-Portaria-Interna-2024.pdf\">SEI_UFPel &#8211; 2794225 &#8211; Portaria Interna (2024)<\/a>\u00a0emitida pelo Centro de Engenharias da UFPel.<\/span><\/p>\n<p><span style=\"color: #000000;\">As reuni\u00f5es ordin\u00e1rias e extraordin\u00e1rias, do Colegiado do Curso de Engenharia de Produ\u00e7\u00e3o, mant\u00eam todos os seus registros de <strong>(<em>i<\/em>)<\/strong> convoca\u00e7\u00e3o, <strong>(<em>ii<\/em>)<\/strong> ata de presen\u00e7a, <strong>(<em>iii<\/em>)<\/strong> ata da reuni\u00e3o, e <strong>(<em>iv<\/em>)<\/strong> documentos anexos, inclu\u00eddos e disponibilizados no Sistema Eletr\u00f4nico de Informa\u00e7\u00f5es (SEI), o qual \u00e9 utilizado pela Universidade Federal de Pelotas.<\/span><\/p>\n<hr \/>\n<p><span style=\"color: #000000;\"><strong>Composi\u00e7\u00e3o do Colegiado do Curso de Engenharia de Produ\u00e7\u00e3o<\/strong><\/span><\/p>\n<p><strong>Coordenador<\/strong><\/p>\n<p>Prof. Gilson Sim\u00f5es Porci\u00fancula<\/p>\n<p><strong>Coordenadora Adjunta<\/strong><\/p>\n<p>Prof. Patr\u00edcia Costa Duarte<\/p>\n<p><strong>\u00c1rea Profissionalizante Espec\u00edfica<\/strong><\/p>\n<p>Prof\u00aa Aline Soares Pereira<br \/>\nProf\u00aa Ariane Ferreira Porto Rosa<br \/>\nProf. Everton Anger Cavalheiro<br \/>\nProf. Luis Ant\u00f4nio dos Santos Franz<br \/>\nProf\u00aa Renata Heidtmann Bemvenuti<br \/>\nProf. Rog\u00e9rio Royer<\/p>\n<p><strong>Profissionalizante<\/strong><\/p>\n<p>Prof. Alejandro Martins Rodriguez<br \/>\nProf\u00aa. Etiene Villela Marroni<br \/>\nProf. Daniel de Castro Maciel &#8211; Suplente<\/p>\n<p>\u00c1rea B\u00e1sica<\/p>\n<p>Prof. Leandro Sanzi Aquino<br \/>\nProf. Walter Ruben Iriondo Otero<\/p>\n<p><strong>Representa\u00e7\u00e3o T\u00e9cnico-Administrativo<\/strong><\/p>\n<p>T\u00e9cn. Adm. Patr\u00edcia de Oliveira Moitinho<\/p>\n<p><strong>Representa\u00e7\u00e3o Discente<\/strong><\/p>\n<p>Acad. Davi Est\u00e9fano Schumalfuss J\u00fanior<br \/>\nAcad. Rafaella Alves Santos<\/p>\n<p><strong><span style=\"color: #000000;\">Regimentos utilizados pelo Colegiado do Curso de Engenharia de Produ\u00e7\u00e3o<\/span><\/strong><\/p>\n<ul>\n<li><span style=\"color: #000000;\"><em><span style=\"color: #0000ff;\"><a style=\"color: #0000ff;\" href=\"https:\/\/wp.ufpel.edu.br\/scs\/regimento\/\" target=\"_blank\" rel=\"noopener noreferrer\">Regimento Geral da Universidade Federal de Pelotas<\/a><\/span><\/em> (22 de Abril de 1977)<\/span>\n<ul>\n<li><span style=\"color: #000000;\">T\u00cdTULO II &#8211; Da Administra\u00e7\u00e3o Superior<\/span><\/li>\n<li><span style=\"color: #000000;\">Cap\u00edtulo IV &#8211; Do funcionamento dos Conselhos Superiores (Artigo 43)<\/span><\/li>\n<li><span style=\"color: #000000;\">T\u00cdTULO V &#8211; Da Organiza\u00e7\u00e3o Did\u00e1tico-Cient\u00edfica<\/span><\/li>\n<li><span style=\"color: #000000;\">Cap\u00edtulo II &#8211; Dos Cursos de Gradua\u00e7\u00e3o (Artigos 105, 106 e 107)<\/span><\/li>\n<li><span style=\"color: #000000;\">Cap\u00edtulo VI &#8211; Dos Colegiados dos Cursos (Artigos 122, 123, 124, 125, 126 e 127)<\/span><\/li>\n<\/ul>\n<\/li>\n<li><span style=\"color: #000000;\"><span style=\"color: #0000ff;\"><em><a style=\"color: #0000ff;\" href=\"https:\/\/wp.ufpel.edu.br\/ceng\/files\/2020\/12\/SEI_UFPel-1145015-Resolucao.pdf\" target=\"_blank\" rel=\"noopener noreferrer\">Regimento Interno do Centro de Engenharias<\/a><\/em><\/span> (04 de Dezembro de 2020)<\/span>\n<ul>\n<li><span style=\"color: #000000;\">Cap\u00edtulo VII &#8211; Dos Cursos de Gradua\u00e7\u00e3o e P\u00f3s Gradua\u00e7\u00e3o (Artigos 17, 18, 19, 20, 21, 23, 25, 26 e 27)<\/span><\/li>\n<\/ul>\n<\/li>\n<li><span style=\"color: #000000;\"><span style=\"color: #0000ff;\"><em><a style=\"color: #0000ff;\" href=\"https:\/\/wp.ufpel.edu.br\/producao\/files\/2021\/03\/REGIMENTO-CURSO-de-EP.pdf\" target=\"_blank\" rel=\"noopener noreferrer\">Regimento do Colegiado do Curso de Engenharia de Produ\u00e7\u00e3o<\/a><\/em><\/span> (20 de Fevereiro de 2013)<\/span><\/li>\n<\/ul>\n","protected":false},"excerpt":{"rendered":"<p>O\u00a0Colegiado de Curso \u00e9 o \u00f3rg\u00e3o de coordena\u00e7\u00e3o did\u00e1tica que tem por finalidade superintender o ensino no \u00e2mbito do Curso de Engenharia de Produ\u00e7\u00e3o. \u00c9 dirigido por um Coordenador e um Coordenador Adjunto e dele fazem parte docentes das \u00e1reas b\u00e1sica, profissionalizante e espec\u00edfica, al\u00e9m de representa\u00e7\u00e3o discente. Entre suas atribui\u00e7\u00f5es, destacam-se: coordenar e supervisionar [&hellip;]<\/p>\n","protected":false},"author":62,"featured_media":0,"parent":2,"menu_order":4,"comment_status":"closed","ping_status":"closed","template":"","meta":{"footnotes":""},"class_list":["post-36","page","type-page","status-publish","hentry"],"_links":{"self":[{"href":"https:\/\/wp.ufpel.edu.br\/producao\/wp-json\/wp\/v2\/pages\/36","targetHints":{"allow":["GET"]}}],"collection":[{"href":"https:\/\/wp.ufpel.edu.br\/producao\/wp-json\/wp\/v2\/pages"}],"about":[{"href":"https:\/\/wp.ufpel.edu.br\/producao\/wp-json\/wp\/v2\/types\/page"}],"author":[{"embeddable":true,"href":"https:\/\/wp.ufpel.edu.br\/producao\/wp-json\/wp\/v2\/users\/62"}],"replies":[{"embeddable":true,"href":"https:\/\/wp.ufpel.edu.br\/producao\/wp-json\/wp\/v2\/comments?post=36"}],"version-history":[{"count":4,"href":"https:\/\/wp.ufpel.edu.br\/producao\/wp-json\/wp\/v2\/pages\/36\/revisions"}],"predecessor-version":[{"id":4301,"href":"https:\/\/wp.ufpel.edu.br\/producao\/wp-json\/wp\/v2\/pages\/36\/revisions\/4301"}],"up":[{"embeddable":true,"href":"https:\/\/wp.ufpel.edu.br\/producao\/wp-json\/wp\/v2\/pages\/2"}],"wp:attachment":[{"href":"https:\/\/wp.ufpel.edu.br\/producao\/wp-json\/wp\/v2\/media?parent=36"}],"curies":[{"name":"wp","href":"https:\/\/api.w.org\/{rel}","templated":true}]}}