{"id":33,"date":"2017-08-28T20:46:28","date_gmt":"2017-08-28T23:46:28","guid":{"rendered":"https:\/\/wp.ufpel.edu.br\/producao\/?page_id=33"},"modified":"2025-08-21T19:02:10","modified_gmt":"2025-08-21T22:02:10","slug":"projeto-pedagogico","status":"publish","type":"page","link":"https:\/\/wp.ufpel.edu.br\/producao\/curso\/projeto-pedagogico\/","title":{"rendered":"Projeto Pedag\u00f3gico"},"content":{"rendered":"<p><span class=\"citation-358\">O Projeto Pedag\u00f3gico \u00e9 um instrumento amplo e din\u00e2mico, cuja base \u00e9 a\u00a0<\/span><b><span class=\"citation-358\">Resolu\u00e7\u00e3o CNE\/CES 2, de 24 de abril de 2019<\/span><\/b><span class=\"citation-358 citation-end-358\">, que institui as Diretrizes Curriculares Nacionais para o Curso de Gradua\u00e7\u00e3o em Engenharia<\/span>. <span class=\"citation-357 citation-end-357\">Ele permite avaliar a proposta do curso e acompanhar sua implanta\u00e7\u00e3o, podendo sofrer os ajustes que se mostrarem necess\u00e1rios<\/span>.<\/p>\n<p><span class=\"citation-356 citation-end-356\">Esta vers\u00e3o do Projeto Pedag\u00f3gico, de mar\u00e7o de 2025, \u00e9 uma revis\u00e3o do instrumento elaborado pelo N\u00facleo Docente Estruturante (NDE) e aprovado pelo Colegiado do Curso de Engenharia de Produ\u00e7\u00e3o<\/span>. <span class=\"citation-355 citation-end-355\">Ela representa uma adequa\u00e7\u00e3o do curso para seguir as novas diretrizes das Engenharias, atualizando as vers\u00f5es anteriores de 2010, 2013, 2016 e 2019<\/span>.<\/p>\n<p><span class=\"citation-354 citation-end-354\">O texto foi organizado conforme o modelo de PPC da UFPel, e sua estrutura completa contempla os seguintes itens<\/span>:<\/p>\n<ul>\n<li><span class=\"citation-353 citation-end-353\">1. Contextualiza\u00e7\u00e3o <\/span><\/li>\n<li><span class=\"citation-352 citation-end-352\">2. Curso de Engenharia de Produ\u00e7\u00e3o <\/span><\/li>\n<li><span class=\"citation-351 citation-end-351\">3. Organiza\u00e7\u00e3o Did\u00e1tico-Pedag\u00f3gica <\/span><\/li>\n<li><span class=\"citation-350 citation-end-350\">4. Organiza\u00e7\u00e3o Curricular <\/span><\/li>\n<li><span class=\"citation-349 citation-end-349\">5. Metodologias de Ensino e Sistema de Avalia\u00e7\u00e3o <\/span><\/li>\n<li><span class=\"citation-348 citation-end-348\">6. Gest\u00e3o do Curso e Processos de Avalia\u00e7\u00e3o Interna e Externa <\/span><\/li>\n<li><span class=\"citation-347 citation-end-347\">7. Acompanhamento de Egressos <\/span><\/li>\n<li><span class=\"citation-346 citation-end-346\">8. Integra\u00e7\u00e3o entre Ensino, Pesquisa e Extens\u00e3o <\/span><\/li>\n<li><span class=\"citation-345 citation-end-345\">9. Integra\u00e7\u00e3o com outros Cursos e com a P\u00f3s-Gradua\u00e7\u00e3o <\/span><\/li>\n<li><span class=\"citation-344 citation-end-344\">10. Tecnologias de Informa\u00e7\u00e3o e Comunica\u00e7\u00e3o (TIC) no Processo de Ensino e Aprendizagem <\/span><\/li>\n<li><span class=\"citation-343 citation-end-343\">11. Ambiente Virtual de Aprendizagem (AVA) <\/span><\/li>\n<li><span class=\"citation-342 citation-end-342\">12. Conhecimentos, Habilidades e Atitudes Necess\u00e1rias \u00e0s Atividades de Tutoria <\/span><\/li>\n<li><span class=\"citation-341 citation-end-341\">13. Quadro Docente e T\u00e9cnico-Administrativo <\/span><\/li>\n<li><span class=\"citation-340 citation-end-340\">14. Infraestrutura <\/span><\/li>\n<li><span class=\"citation-339 citation-end-339\">Refer\u00eancias <\/span><\/li>\n<li><span class=\"citation-338 citation-end-338\">Ap\u00eandices <\/span><\/li>\n<\/ul>\n<p style=\"text-align: justify;\"><a href=\"https:\/\/wp.ufpel.edu.br\/producao\/files\/2025\/08\/PPC-V_julho_2025_compressed.pdf\">Projeto Pedag\u00f3gico do Curso de Engenharia de Produ\u00e7\u00e3o<\/a><\/p>\n","protected":false},"excerpt":{"rendered":"<p>O Projeto Pedag\u00f3gico \u00e9 um instrumento amplo e din\u00e2mico, cuja base \u00e9 a\u00a0Resolu\u00e7\u00e3o CNE\/CES 2, de 24 de abril de 2019, que institui as Diretrizes Curriculares Nacionais para o Curso de Gradua\u00e7\u00e3o em Engenharia. Ele permite avaliar a proposta do curso e acompanhar sua implanta\u00e7\u00e3o, podendo sofrer os ajustes que se mostrarem necess\u00e1rios. Esta vers\u00e3o [&hellip;]<\/p>\n","protected":false},"author":62,"featured_media":0,"parent":2,"menu_order":2,"comment_status":"closed","ping_status":"closed","template":"","meta":{"footnotes":""},"class_list":["post-33","page","type-page","status-publish","hentry"],"_links":{"self":[{"href":"https:\/\/wp.ufpel.edu.br\/producao\/wp-json\/wp\/v2\/pages\/33","targetHints":{"allow":["GET"]}}],"collection":[{"href":"https:\/\/wp.ufpel.edu.br\/producao\/wp-json\/wp\/v2\/pages"}],"about":[{"href":"https:\/\/wp.ufpel.edu.br\/producao\/wp-json\/wp\/v2\/types\/page"}],"author":[{"embeddable":true,"href":"https:\/\/wp.ufpel.edu.br\/producao\/wp-json\/wp\/v2\/users\/62"}],"replies":[{"embeddable":true,"href":"https:\/\/wp.ufpel.edu.br\/producao\/wp-json\/wp\/v2\/comments?post=33"}],"version-history":[{"count":4,"href":"https:\/\/wp.ufpel.edu.br\/producao\/wp-json\/wp\/v2\/pages\/33\/revisions"}],"predecessor-version":[{"id":4227,"href":"https:\/\/wp.ufpel.edu.br\/producao\/wp-json\/wp\/v2\/pages\/33\/revisions\/4227"}],"up":[{"embeddable":true,"href":"https:\/\/wp.ufpel.edu.br\/producao\/wp-json\/wp\/v2\/pages\/2"}],"wp:attachment":[{"href":"https:\/\/wp.ufpel.edu.br\/producao\/wp-json\/wp\/v2\/media?parent=33"}],"curies":[{"name":"wp","href":"https:\/\/api.w.org\/{rel}","templated":true}]}}