{"id":304,"date":"2017-09-04T01:14:01","date_gmt":"2017-09-04T04:14:01","guid":{"rendered":"https:\/\/wp.ufpel.edu.br\/producao\/?page_id=304"},"modified":"2020-11-04T19:36:05","modified_gmt":"2020-11-04T22:36:05","slug":"daepufpel","status":"publish","type":"page","link":"https:\/\/wp.ufpel.edu.br\/producao\/portal-do-aluno\/daepufpel\/","title":{"rendered":"DAEP &#8211; Diret\u00f3rio Acad\u00eamico do Curso de Engenharia de Produ\u00e7\u00e3o"},"content":{"rendered":"<p>&nbsp;<\/p>\n<p><span style=\"color: #000000\">O <strong>Diret\u00f3rio Acad\u00eamico da Engenharia de Produ\u00e7\u00e3o da UFPel<\/strong> (DAEP) possui as seguintes m\u00eddias de divulga\u00e7\u00e3o das suas atividades, assim como para contato:<\/span><\/p>\n<p><span style=\"color: #000000\"><strong>Facebook:<\/strong> <a href=\"https:\/\/www.facebook.com\/daeprodufpel\"><em><span style=\"color: #0000ff\">https:\/\/www.facebook.com\/daeprodufpel<\/span><\/em><\/a><\/span><\/p>\n<p><span style=\"color: #000000\"><strong>Instagram:<\/strong> <a href=\"https:\/\/www.instagram.com\/daep_ufpel\/\"><span style=\"color: #0000ff\"><em>https:\/\/www.instagram.com\/daep_ufpel\/<\/em><\/span><\/a><\/span><\/p>\n<p><span style=\"color: #000000\"><strong>e-mail:<\/strong> <a href=\"mailto:caep@ufpel.edu.br\"><em><span style=\"color: #0000ff\">caep@ufpel.edu.br<\/span><\/em><\/a><\/span><\/p>\n<p><span style=\"color: #000000\"><strong>Endere\u00e7o:<\/strong>\u00a0<\/span><\/p>\n<p><span style=\"color: #000000\">DAEP &#8211; Diret\u00f3rio Acad\u00eamico da Engenharia de Produ\u00e7\u00e3o da UFPel<\/span><\/p>\n<p><span style=\"color: #000000\">Pr\u00e9dio do Centro de Engenharias (COTADA) &#8211;\u00a0<\/span><span style=\"color: #000000\">1<sup>o<\/sup> andar, Sala 106.1<\/span><\/p>\n<p><span style=\"color: #000000\">Rua Benjamin Constant, 989,\u00a0Bairro Centro &#8211; Pelotas &#8211; RS &#8211; Brasil<\/span><\/p>\n<p><span style=\"color: #000000\">CEP: 96010-020<\/span><\/p>\n<p><a href=\"https:\/\/wp.ufpel.edu.br\/producao\/files\/2020\/11\/DAEP.jpg\"><img class=\"aligncenter size-full wp-image-1832\" src=\"https:\/\/wp.ufpel.edu.br\/producao\/files\/2020\/11\/DAEP.jpg\" alt=\"\" width=\"446\" height=\"446\" srcset=\"https:\/\/wp.ufpel.edu.br\/producao\/files\/2020\/11\/DAEP.jpg 446w, https:\/\/wp.ufpel.edu.br\/producao\/files\/2020\/11\/DAEP-400x400.jpg 400w, https:\/\/wp.ufpel.edu.br\/producao\/files\/2020\/11\/DAEP-200x200.jpg 200w\" sizes=\"(max-width: 446px) 100vw, 446px\" \/><\/a><\/p>\n","protected":false},"excerpt":{"rendered":"<p>&nbsp; O Diret\u00f3rio Acad\u00eamico da Engenharia de Produ\u00e7\u00e3o da UFPel (DAEP) possui as seguintes m\u00eddias de divulga\u00e7\u00e3o das suas atividades, assim como para contato: Facebook: https:\/\/www.facebook.com\/daeprodufpel Instagram: https:\/\/www.instagram.com\/daep_ufpel\/ e-mail: caep@ufpel.edu.br Endere\u00e7o:\u00a0 DAEP &#8211; Diret\u00f3rio Acad\u00eamico da Engenharia de Produ\u00e7\u00e3o da UFPel Pr\u00e9dio do Centro de Engenharias (COTADA) &#8211;\u00a01o andar, Sala 106.1 Rua Benjamin Constant, 989,\u00a0Bairro [&hellip;]<\/p>\n","protected":false},"author":62,"featured_media":0,"parent":24,"menu_order":7,"comment_status":"closed","ping_status":"closed","template":"","meta":{"footnotes":""},"class_list":["post-304","page","type-page","status-publish","hentry"],"_links":{"self":[{"href":"https:\/\/wp.ufpel.edu.br\/producao\/wp-json\/wp\/v2\/pages\/304","targetHints":{"allow":["GET"]}}],"collection":[{"href":"https:\/\/wp.ufpel.edu.br\/producao\/wp-json\/wp\/v2\/pages"}],"about":[{"href":"https:\/\/wp.ufpel.edu.br\/producao\/wp-json\/wp\/v2\/types\/page"}],"author":[{"embeddable":true,"href":"https:\/\/wp.ufpel.edu.br\/producao\/wp-json\/wp\/v2\/users\/62"}],"replies":[{"embeddable":true,"href":"https:\/\/wp.ufpel.edu.br\/producao\/wp-json\/wp\/v2\/comments?post=304"}],"version-history":[{"count":5,"href":"https:\/\/wp.ufpel.edu.br\/producao\/wp-json\/wp\/v2\/pages\/304\/revisions"}],"predecessor-version":[{"id":1842,"href":"https:\/\/wp.ufpel.edu.br\/producao\/wp-json\/wp\/v2\/pages\/304\/revisions\/1842"}],"up":[{"embeddable":true,"href":"https:\/\/wp.ufpel.edu.br\/producao\/wp-json\/wp\/v2\/pages\/24"}],"wp:attachment":[{"href":"https:\/\/wp.ufpel.edu.br\/producao\/wp-json\/wp\/v2\/media?parent=304"}],"curies":[{"name":"wp","href":"https:\/\/api.w.org\/{rel}","templated":true}]}}