{"id":43,"date":"2013-07-30T13:06:19","date_gmt":"2013-07-30T13:06:19","guid":{"rendered":"https:\/\/wp.ufpel.edu.br\/processosgerenciais\/?page_id=43"},"modified":"2023-12-08T15:29:30","modified_gmt":"2023-12-08T18:29:30","slug":"componentes-curriculares","status":"publish","type":"page","link":"https:\/\/wp.ufpel.edu.br\/processosgerenciais\/componentes-curriculares\/","title":{"rendered":"Componentes Curriculares"},"content":{"rendered":"<p><strong>1\u00ba SEMESTRE<\/strong>:<\/p>\n<ul>\n<li>Modelos de Gest\u00e3o;<\/li>\n<li>Sistemas de Informa\u00e7\u00e3o Gerencial;<\/li>\n<li>Din\u00e2mica das Rela\u00e7\u00f5es Interpessoais;<\/li>\n<li>Contabilidade Gerencial;<\/li>\n<li>\u00c9tica e Direitos Humanos.<\/li>\n<\/ul>\n<p><strong>2\u00ba SEMESTRE<\/strong>:<\/p>\n<ul>\n<li>Gest\u00e3o Estrat\u00e9gica;<\/li>\n<li>Gest\u00e3o da Cadeia de Suprimentos;<\/li>\n<li>Administra\u00e7\u00e3o de Marketing;<\/li>\n<li>An\u00e1lise de Investimentos;<\/li>\n<li>Optativa 1.<\/li>\n<\/ul>\n<p><strong>3\u00ba SEMESTRE<\/strong>:<\/p>\n<ul>\n<li>Administra\u00e7\u00e3o de Recursos Humanos;<\/li>\n<li>Administra\u00e7\u00e3o da Produ\u00e7\u00e3o e Opera\u00e7\u00f5es;<\/li>\n<li>Pr\u00e1tica da Pesquisa;<\/li>\n<li>Empreendedorismo;<\/li>\n<li>Optativa 2.<\/li>\n<\/ul>\n<p><strong>4\u00ba SEMESTRE<\/strong>:<\/p>\n<ul>\n<li>Gest\u00e3o de Projetos;<\/li>\n<li>Plano de Neg\u00f3cios;<\/li>\n<li>Trabalho de Conclus\u00e3o de Curso;<\/li>\n<li>Com\u00e9rcio Internacional e Eletr\u00f4nico;<\/li>\n<li>Optativa 3.<\/li>\n<\/ul>\n<p><strong>DISCIPLINAS OPTATIVAS<\/strong>:<\/p>\n<ul>\n<li>Administra\u00e7\u00e3o de custos<\/li>\n<li>An\u00e1lise de Dados para Tomada de Decis\u00e3o<\/li>\n<li>Estudos Avan\u00e7ados em Desenvolvimento Gerencial<\/li>\n<li>Gest\u00e3o ambiental<\/li>\n<li>Gest\u00e3o da Inova\u00e7\u00e3o<\/li>\n<li>Gest\u00e3o de Higiene e Seguran\u00e7a no Trabalho<\/li>\n<li>Gest\u00e3o de Vendas<\/li>\n<li>Gest\u00e3o por compet\u00eancias<\/li>\n<li>Inform\u00e1tica Aplicada a Processos Gerenciais<\/li>\n<li>Institui\u00e7\u00f5es de Direito P\u00fablico<\/li>\n<li>Institui\u00e7\u00f5es de Direito Privado<\/li>\n<li>Libras I<\/li>\n<\/ul>\n","protected":false},"excerpt":{"rendered":"<p>1\u00ba SEMESTRE: Modelos de Gest\u00e3o; Sistemas de Informa\u00e7\u00e3o Gerencial; Din\u00e2mica das Rela\u00e7\u00f5es Interpessoais; Contabilidade Gerencial; \u00c9tica e Direitos Humanos. 2\u00ba SEMESTRE: Gest\u00e3o Estrat\u00e9gica; Gest\u00e3o da Cadeia de Suprimentos; Administra\u00e7\u00e3o de Marketing; An\u00e1lise de Investimentos; Optativa 1. 3\u00ba SEMESTRE: Administra\u00e7\u00e3o de Recursos Humanos; Administra\u00e7\u00e3o da Produ\u00e7\u00e3o e Opera\u00e7\u00f5es; Pr\u00e1tica da Pesquisa; Empreendedorismo; Optativa 2. 4\u00ba SEMESTRE: [&hellip;]<\/p>\n","protected":false},"author":99,"featured_media":0,"parent":0,"menu_order":0,"comment_status":"closed","ping_status":"closed","template":"","meta":{"footnotes":""},"class_list":["post-43","page","type-page","status-publish","hentry"],"_links":{"self":[{"href":"https:\/\/wp.ufpel.edu.br\/processosgerenciais\/wp-json\/wp\/v2\/pages\/43","targetHints":{"allow":["GET"]}}],"collection":[{"href":"https:\/\/wp.ufpel.edu.br\/processosgerenciais\/wp-json\/wp\/v2\/pages"}],"about":[{"href":"https:\/\/wp.ufpel.edu.br\/processosgerenciais\/wp-json\/wp\/v2\/types\/page"}],"author":[{"embeddable":true,"href":"https:\/\/wp.ufpel.edu.br\/processosgerenciais\/wp-json\/wp\/v2\/users\/99"}],"replies":[{"embeddable":true,"href":"https:\/\/wp.ufpel.edu.br\/processosgerenciais\/wp-json\/wp\/v2\/comments?post=43"}],"version-history":[{"count":7,"href":"https:\/\/wp.ufpel.edu.br\/processosgerenciais\/wp-json\/wp\/v2\/pages\/43\/revisions"}],"predecessor-version":[{"id":1282,"href":"https:\/\/wp.ufpel.edu.br\/processosgerenciais\/wp-json\/wp\/v2\/pages\/43\/revisions\/1282"}],"wp:attachment":[{"href":"https:\/\/wp.ufpel.edu.br\/processosgerenciais\/wp-json\/wp\/v2\/media?parent=43"}],"curies":[{"name":"wp","href":"https:\/\/api.w.org\/{rel}","templated":true}]}}