{"id":2,"date":"2011-03-10T13:29:52","date_gmt":"2011-03-10T13:29:52","guid":{"rendered":"https:\/\/wp.ufpel.edu.br\/processosgerenciais\/?page_id=2"},"modified":"2013-07-30T12:49:17","modified_gmt":"2013-07-30T12:49:17","slug":"sobre","status":"publish","type":"page","link":"https:\/\/wp.ufpel.edu.br\/processosgerenciais\/sobre\/","title":{"rendered":"Sobre"},"content":{"rendered":"<p>O Curso Superior de Tecnologia em Processos Gerenciais tem uma proposta inovadora na \u00e1rea de gest\u00e3o e neg\u00f3cios e total aproxima\u00e7\u00e3o com o mercado. Palestras com profissionais que ocupam lugares de destaque em diversos setores, assim como cursos de extens\u00e3o  s\u00e3o pr\u00e1ticas constantes no curso. O curso tem foco, tem profissionais qualificados e se desenvolve em 2,5 anos. Com o curso, nossos alunos conhecem o mercado por meio de visitas t\u00e9cnicas dentre outras a\u00e7\u00f5es de ensino, e o mercado vem at\u00e9 n\u00f3s com seus profissionais palestrando em nossos eventos. Nossos professores possuem forte experi\u00eancia no ensino superior aliada \u00e0 pr\u00e1tica profissional em suas \u00e1reas de atua\u00e7\u00e3o.<br \/>\nO Tecn\u00f3logo em Processos Gerenciais atua com uma postura empreendedora, desenvolve plano de neg\u00f3cios, tem vis\u00e3o sist\u00eamica e estrat\u00e9gica e se utiliza de tecnologias de gest\u00e3o para aux\u00edlio no processo de tomada de decis\u00e3o. Assumir fun\u00e7\u00f5es administrativas e ter um olhar gerencial reflete a proposta do curso. <\/p>\n","protected":false},"excerpt":{"rendered":"<p>O Curso Superior de Tecnologia em Processos Gerenciais tem uma proposta inovadora na \u00e1rea de gest\u00e3o e neg\u00f3cios e total aproxima\u00e7\u00e3o com o mercado. Palestras com profissionais que ocupam lugares de destaque em diversos setores, assim como cursos de extens\u00e3o s\u00e3o pr\u00e1ticas constantes no curso. O curso tem foco, tem profissionais qualificados e se desenvolve [&hellip;]<\/p>\n","protected":false},"author":99,"featured_media":0,"parent":0,"menu_order":0,"comment_status":"closed","ping_status":"open","template":"","meta":{"footnotes":""},"class_list":["post-2","page","type-page","status-publish","hentry"],"_links":{"self":[{"href":"https:\/\/wp.ufpel.edu.br\/processosgerenciais\/wp-json\/wp\/v2\/pages\/2","targetHints":{"allow":["GET"]}}],"collection":[{"href":"https:\/\/wp.ufpel.edu.br\/processosgerenciais\/wp-json\/wp\/v2\/pages"}],"about":[{"href":"https:\/\/wp.ufpel.edu.br\/processosgerenciais\/wp-json\/wp\/v2\/types\/page"}],"author":[{"embeddable":true,"href":"https:\/\/wp.ufpel.edu.br\/processosgerenciais\/wp-json\/wp\/v2\/users\/99"}],"replies":[{"embeddable":true,"href":"https:\/\/wp.ufpel.edu.br\/processosgerenciais\/wp-json\/wp\/v2\/comments?post=2"}],"version-history":[{"count":2,"href":"https:\/\/wp.ufpel.edu.br\/processosgerenciais\/wp-json\/wp\/v2\/pages\/2\/revisions"}],"predecessor-version":[{"id":31,"href":"https:\/\/wp.ufpel.edu.br\/processosgerenciais\/wp-json\/wp\/v2\/pages\/2\/revisions\/31"}],"wp:attachment":[{"href":"https:\/\/wp.ufpel.edu.br\/processosgerenciais\/wp-json\/wp\/v2\/media?parent=2"}],"curies":[{"name":"wp","href":"https:\/\/api.w.org\/{rel}","templated":true}]}}

<p>O Curso Superior de Tecnologia em Processos Gerenciais tem uma proposta inovadora na área de gestão e negócios e total aproximação com o mercado. Palestras com profissionais que ocupam lugares de destaque em diversos setores, assim como cursos de extensão  são práticas constantes no curso. O curso tem foco, tem profissionais qualificados e se desenvolve em 2,5 anos. Com o curso, nossos alunos conhecem o mercado por meio de visitas técnicas dentre outras ações de ensino, e o mercado vem até nós com seus profissionais palestrando em nossos eventos. Nossos professores possuem forte experiência no ensino superior aliada à prática profissional em suas áreas de atuação.<br />
O Tecnólogo em Processos Gerenciais atua com uma postura empreendedora, desenvolve plano de negócios, tem visão sistêmica e estratégica e se utiliza de tecnologias de gestão para auxílio no processo de tomada de decisão. Assumir funções administrativas e ter um olhar gerencial reflete a proposta do curso. </p>

<p>O Curso Superior de Tecnologia em Processos Gerenciais tem uma proposta inovadora na área de gestão e negócios e total aproximação com o mercado. Palestras com profissionais que ocupam lugares de destaque em diversos setores, assim como cursos de extensão são práticas constantes no curso. O curso tem foco, tem profissionais qualificados e se desenvolve [&hellip;]</p>
