{"id":8059,"date":"2017-07-15T16:37:07","date_gmt":"2017-07-15T19:37:07","guid":{"rendered":"https:\/\/wp.ufpel.edu.br\/proben\/?page_id=8059"},"modified":"2026-01-31T14:33:24","modified_gmt":"2026-01-31T17:33:24","slug":"barroso-antiga-ucpel-campus-ii","status":"publish","type":"page","link":"https:\/\/wp.ufpel.edu.br\/proben\/proben-educacao\/transparencia-de-contas-3\/barroso-antiga-ucpel-campus-ii\/","title":{"rendered":"Barroso, Antiga UCPel &#8211; Campus II"},"content":{"rendered":"<p style=\"text-align: center;\"><strong>Barroso, Antiga UCPel &#8211; Campus II<\/strong><\/p>\n<p><img loading=\"lazy\" decoding=\"async\" class=\"aligncenter wp-image-12433\" src=\"https:\/\/wp.ufpel.edu.br\/proben\/files\/2019\/03\/fachada-11.jpg\" alt=\"\" width=\"635\" height=\"348\" srcset=\"https:\/\/wp.ufpel.edu.br\/proben\/files\/2019\/03\/fachada-11.jpg 1272w, https:\/\/wp.ufpel.edu.br\/proben\/files\/2019\/03\/fachada-11-400x219.jpg 400w, https:\/\/wp.ufpel.edu.br\/proben\/files\/2019\/03\/fachada-11-768x421.jpg 768w, https:\/\/wp.ufpel.edu.br\/proben\/files\/2019\/03\/fachada-11-1024x561.jpg 1024w\" sizes=\"auto, (max-width: 635px) 100vw, 635px\" \/><\/p>\n<p style=\"text-align: center;\"><span style=\"font-size: 8pt;\">Fonte: Google<\/span><\/p>\n<p style=\"text-align: center;\">Rua Alm Barroso, 1202, Bloco V<\/p>\n<p style=\"text-align: center;\">Utilizado por V\u00e1rios Cursos<\/p>\n<p style=\"text-align: center;\"><a href=\"https:\/\/wp.ufpel.edu.br\/proben\/acoes-e-resultados\/adequacao-do-sistema-tarifario\/\" target=\"_blank\" rel=\"noopener noreferrer\">Sistema Tarif\u00e1rio: Horossazonal Verde &#8211; Poder P\u00fablico*<\/a><\/p>\n<p style=\"text-align: center;\">N\u00famero de instala\u00e7\u00e3o:\u00a07268673-1<\/p>\n<p style=\"text-align: center;\">&#8211;<\/p>\n<p style=\"text-align: center;\"><strong>Hist\u00f3rico do Consumo:<\/strong><\/p>\n<p><a href=\"https:\/\/wp.ufpel.edu.br\/proben\/files\/2026\/01\/imagem_2026-01-31_143218891.png\"><img loading=\"lazy\" decoding=\"async\" class=\"alignnone wp-image-29520 size-full\" src=\"https:\/\/wp.ufpel.edu.br\/proben\/files\/2026\/01\/imagem_2026-01-31_143218891.png\" alt=\"\" width=\"730\" height=\"391\" srcset=\"https:\/\/wp.ufpel.edu.br\/proben\/files\/2026\/01\/imagem_2026-01-31_143218891.png 730w, https:\/\/wp.ufpel.edu.br\/proben\/files\/2026\/01\/imagem_2026-01-31_143218891-400x214.png 400w, https:\/\/wp.ufpel.edu.br\/proben\/files\/2026\/01\/imagem_2026-01-31_143218891-560x300.png 560w\" sizes=\"auto, (max-width: 730px) 100vw, 730px\" \/><\/a><\/p>\n<p style=\"text-align: center;\"><strong>&#8211;<\/strong><\/p>\n<p style=\"text-align: center;\"><strong>Consumo nos \u00faltimos 12 meses:<\/strong><\/p>\n<p><a href=\"https:\/\/wp.ufpel.edu.br\/proben\/files\/2026\/01\/imagem_2026-01-31_143239947.png\"><img loading=\"lazy\" decoding=\"async\" class=\"alignnone wp-image-29521 size-full\" src=\"https:\/\/wp.ufpel.edu.br\/proben\/files\/2026\/01\/imagem_2026-01-31_143239947.png\" alt=\"\" width=\"1033\" height=\"431\" srcset=\"https:\/\/wp.ufpel.edu.br\/proben\/files\/2026\/01\/imagem_2026-01-31_143239947.png 1033w, https:\/\/wp.ufpel.edu.br\/proben\/files\/2026\/01\/imagem_2026-01-31_143239947-400x167.png 400w, https:\/\/wp.ufpel.edu.br\/proben\/files\/2026\/01\/imagem_2026-01-31_143239947-1024x427.png 1024w, https:\/\/wp.ufpel.edu.br\/proben\/files\/2026\/01\/imagem_2026-01-31_143239947-768x320.png 768w, https:\/\/wp.ufpel.edu.br\/proben\/files\/2026\/01\/imagem_2026-01-31_143239947-600x250.png 600w\" sizes=\"auto, (max-width: 1033px) 100vw, 1033px\" \/><\/a><\/p>\n<p>&nbsp;<\/p>\n<p style=\"text-align: center;\"><a href=\"https:\/\/wp.ufpel.edu.br\/proben\/files\/2026\/01\/barrosocampusII_dez_2025.xlsx\" target=\"_blank\" rel=\"noopener noreferrer\">Barroso Campus II<\/a>\u00a0&#8211; Tabela para Download<\/p>\n<p style=\"text-align: center;\">*<a href=\"https:\/\/wp.ufpel.edu.br\/proben\/acoes-e-resultados\/adequacao-do-sistema-tarifario\/\" target=\"_blank\" rel=\"noopener noreferrer\">clique aqui para entender como fazemos a adequa\u00e7\u00e3o do sistema tarif\u00e1rio<\/a><\/p>\n","protected":false},"excerpt":{"rendered":"<p>Barroso, Antiga UCPel &#8211; Campus II Fonte: Google Rua Alm Barroso, 1202, Bloco V Utilizado por V\u00e1rios Cursos Sistema Tarif\u00e1rio: Horossazonal Verde &#8211; Poder P\u00fablico* N\u00famero de instala\u00e7\u00e3o:\u00a07268673-1 &#8211; Hist\u00f3rico do Consumo: &#8211; Consumo nos \u00faltimos 12 meses: &nbsp; Barroso Campus II\u00a0&#8211; Tabela para Download *clique aqui para entender como fazemos a adequa\u00e7\u00e3o do sistema&#8230; <\/p>\n<div class=\"link-more\"><a href=\"https:\/\/wp.ufpel.edu.br\/proben\/proben-educacao\/transparencia-de-contas-3\/barroso-antiga-ucpel-campus-ii\/\">Leia mais<\/a><\/div>\n","protected":false},"author":303,"featured_media":0,"parent":1056,"menu_order":0,"comment_status":"closed","ping_status":"closed","template":"","meta":{"footnotes":""},"class_list":["post-8059","page","type-page","status-publish","hentry"],"jetpack_sharing_enabled":true,"_links":{"self":[{"href":"https:\/\/wp.ufpel.edu.br\/proben\/wp-json\/wp\/v2\/pages\/8059","targetHints":{"allow":["GET"]}}],"collection":[{"href":"https:\/\/wp.ufpel.edu.br\/proben\/wp-json\/wp\/v2\/pages"}],"about":[{"href":"https:\/\/wp.ufpel.edu.br\/proben\/wp-json\/wp\/v2\/types\/page"}],"author":[{"embeddable":true,"href":"https:\/\/wp.ufpel.edu.br\/proben\/wp-json\/wp\/v2\/users\/303"}],"replies":[{"embeddable":true,"href":"https:\/\/wp.ufpel.edu.br\/proben\/wp-json\/wp\/v2\/comments?post=8059"}],"version-history":[{"count":4,"href":"https:\/\/wp.ufpel.edu.br\/proben\/wp-json\/wp\/v2\/pages\/8059\/revisions"}],"predecessor-version":[{"id":29523,"href":"https:\/\/wp.ufpel.edu.br\/proben\/wp-json\/wp\/v2\/pages\/8059\/revisions\/29523"}],"up":[{"embeddable":true,"href":"https:\/\/wp.ufpel.edu.br\/proben\/wp-json\/wp\/v2\/pages\/1056"}],"wp:attachment":[{"href":"https:\/\/wp.ufpel.edu.br\/proben\/wp-json\/wp\/v2\/media?parent=8059"}],"curies":[{"name":"wp","href":"https:\/\/api.w.org\/{rel}","templated":true}]}}