{"id":460,"date":"2013-09-11T13:36:39","date_gmt":"2013-09-11T16:36:39","guid":{"rendered":"https:\/\/wp.ufpel.edu.br\/proben\/?page_id=460"},"modified":"2026-01-18T22:27:53","modified_gmt":"2026-01-19T01:27:53","slug":"horto","status":"publish","type":"page","link":"https:\/\/wp.ufpel.edu.br\/proben\/proben-educacao\/transparencia-de-contas-3\/horto\/","title":{"rendered":"Horto Florestal"},"content":{"rendered":"<p style=\"text-align: center;\"><span style=\"color: #000000;\"><b>Horto Florestal<\/b><\/span><\/p>\n<p><img loading=\"lazy\" decoding=\"async\" class=\"aligncenter size-full wp-image-14699\" src=\"https:\/\/wp.ufpel.edu.br\/proben\/files\/2019\/10\/horto.jpg\" alt=\"\" width=\"764\" height=\"636\" srcset=\"https:\/\/wp.ufpel.edu.br\/proben\/files\/2019\/10\/horto.jpg 764w, https:\/\/wp.ufpel.edu.br\/proben\/files\/2019\/10\/horto-400x333.jpg 400w\" sizes=\"auto, (max-width: 764px) 100vw, 764px\" \/><\/p>\n<p style=\"text-align: center;\"><span style=\"font-size: 8pt;\">Fonte: UFPEL<\/span><\/p>\n<p style=\"text-align: center;\">Estrada BR 116, n\u00b03041 &#8211; Cap\u00e3o do Le\u00e3o<\/p>\n<p style=\"text-align: center;\"><a href=\"https:\/\/wp.ufpel.edu.br\/proben\/acoes-e-resultados\/acoes-4\/adequacao-do-sistema-tarifario\/\">Sistema Tarif\u00e1rio: Rural: Amarela Convencional (Alta tens\u00e3o)*<\/a><\/p>\n<p style=\"text-align: center;\">N\u00famero de<strong>\u00a0<\/strong>instala\u00e7\u00e3o:\u00a02471362-7<\/p>\n<p style=\"text-align: center;\">&#8211;<\/p>\n<p style=\"text-align: center;\"><strong>Hist\u00f3rico de consumo:<\/strong><\/p>\n<p><a href=\"https:\/\/wp.ufpel.edu.br\/proben\/files\/2026\/01\/HORTO-FLORESTAL_2025.png\"><img loading=\"lazy\" decoding=\"async\" class=\"size-full wp-image-29190 aligncenter\" src=\"https:\/\/wp.ufpel.edu.br\/proben\/files\/2026\/01\/HORTO-FLORESTAL_2025.png\" alt=\"\" width=\"850\" height=\"516\" srcset=\"https:\/\/wp.ufpel.edu.br\/proben\/files\/2026\/01\/HORTO-FLORESTAL_2025.png 850w, https:\/\/wp.ufpel.edu.br\/proben\/files\/2026\/01\/HORTO-FLORESTAL_2025-400x243.png 400w, https:\/\/wp.ufpel.edu.br\/proben\/files\/2026\/01\/HORTO-FLORESTAL_2025-768x466.png 768w, https:\/\/wp.ufpel.edu.br\/proben\/files\/2026\/01\/HORTO-FLORESTAL_2025-494x300.png 494w\" sizes=\"auto, (max-width: 850px) 100vw, 850px\" \/><\/a><\/p>\n<p style=\"text-align: center;\">&#8211;<\/p>\n<p style=\"text-align: center;\"><strong>Consumo dos \u00faltimos 12 meses: <\/strong><\/p>\n<p><a href=\"https:\/\/wp.ufpel.edu.br\/proben\/files\/2026\/01\/HORTO-FLORESTAL_JANEIRO-2026.png\"><img loading=\"lazy\" decoding=\"async\" class=\"size-full wp-image-29191 aligncenter\" src=\"https:\/\/wp.ufpel.edu.br\/proben\/files\/2026\/01\/HORTO-FLORESTAL_JANEIRO-2026.png\" alt=\"\" width=\"924\" height=\"467\" srcset=\"https:\/\/wp.ufpel.edu.br\/proben\/files\/2026\/01\/HORTO-FLORESTAL_JANEIRO-2026.png 924w, https:\/\/wp.ufpel.edu.br\/proben\/files\/2026\/01\/HORTO-FLORESTAL_JANEIRO-2026-400x202.png 400w, https:\/\/wp.ufpel.edu.br\/proben\/files\/2026\/01\/HORTO-FLORESTAL_JANEIRO-2026-768x388.png 768w, https:\/\/wp.ufpel.edu.br\/proben\/files\/2026\/01\/HORTO-FLORESTAL_JANEIRO-2026-594x300.png 594w\" sizes=\"auto, (max-width: 924px) 100vw, 924px\" \/><\/a><\/p>\n<p style=\"text-align: center;\"><span style=\"color: #0000ff;\"><a style=\"color: #0000ff;\" href=\"https:\/\/wp.ufpel.edu.br\/proben\/files\/2026\/01\/HORTO-FLORESTAL_JANEIRO-2026.xlsx\">Horto Florestal &#8211; Tabela para Download<\/a><\/span><\/p>\n<p style=\"text-align: center;\"><strong>\u00a0<\/strong>*<a href=\"https:\/\/wp.ufpel.edu.br\/proben\/files\/2019\/04\/HORTO-FLORESTAL-1.xlsx\">clique aqui para entender como fazemos a\u00a0adequa\u00e7\u00e3o do sistema \u00a0tarif\u00e1rio<\/a><\/p>\n","protected":false},"excerpt":{"rendered":"<p>Horto Florestal Fonte: UFPEL Estrada BR 116, n\u00b03041 &#8211; Cap\u00e3o do Le\u00e3o Sistema Tarif\u00e1rio: Rural: Amarela Convencional (Alta tens\u00e3o)* N\u00famero de\u00a0instala\u00e7\u00e3o:\u00a02471362-7 &#8211; Hist\u00f3rico de consumo: &#8211; Consumo dos \u00faltimos 12 meses: Horto Florestal &#8211; Tabela para Download \u00a0*clique aqui para entender como fazemos a\u00a0adequa\u00e7\u00e3o do sistema \u00a0tarif\u00e1rio<\/p>\n","protected":false},"author":303,"featured_media":0,"parent":1056,"menu_order":0,"comment_status":"closed","ping_status":"closed","template":"","meta":{"footnotes":""},"class_list":["post-460","page","type-page","status-publish","hentry"],"jetpack_sharing_enabled":true,"_links":{"self":[{"href":"https:\/\/wp.ufpel.edu.br\/proben\/wp-json\/wp\/v2\/pages\/460","targetHints":{"allow":["GET"]}}],"collection":[{"href":"https:\/\/wp.ufpel.edu.br\/proben\/wp-json\/wp\/v2\/pages"}],"about":[{"href":"https:\/\/wp.ufpel.edu.br\/proben\/wp-json\/wp\/v2\/types\/page"}],"author":[{"embeddable":true,"href":"https:\/\/wp.ufpel.edu.br\/proben\/wp-json\/wp\/v2\/users\/303"}],"replies":[{"embeddable":true,"href":"https:\/\/wp.ufpel.edu.br\/proben\/wp-json\/wp\/v2\/comments?post=460"}],"version-history":[{"count":4,"href":"https:\/\/wp.ufpel.edu.br\/proben\/wp-json\/wp\/v2\/pages\/460\/revisions"}],"predecessor-version":[{"id":29194,"href":"https:\/\/wp.ufpel.edu.br\/proben\/wp-json\/wp\/v2\/pages\/460\/revisions\/29194"}],"up":[{"embeddable":true,"href":"https:\/\/wp.ufpel.edu.br\/proben\/wp-json\/wp\/v2\/pages\/1056"}],"wp:attachment":[{"href":"https:\/\/wp.ufpel.edu.br\/proben\/wp-json\/wp\/v2\/media?parent=460"}],"curies":[{"name":"wp","href":"https:\/\/api.w.org\/{rel}","templated":true}]}}