{"id":45,"date":"2013-08-30T10:58:29","date_gmt":"2013-08-30T13:58:29","guid":{"rendered":"https:\/\/wp.ufpel.edu.br\/proben\/?page_id=45"},"modified":"2024-07-07T20:50:12","modified_gmt":"2024-07-07T23:50:12","slug":"dicas-2","status":"publish","type":"page","link":"https:\/\/wp.ufpel.edu.br\/proben\/proben-educacao\/transparencia-de-contas-3\/dicas-2\/","title":{"rendered":"Dicas"},"content":{"rendered":"<h3>\u00a0Fique ligado em nossas dicas de efici\u00eancia energ\u00e9tica<\/h3>\n<ul>\n<li>Manter as janelas e portas fechadas evitando a entrada de ar externo, em ambientes condicionados;<\/li>\n<\/ul>\n<p>&nbsp;<\/p>\n<ul>\n<li>Ligue o sistema de ilumina\u00e7\u00e3o somente onde n\u00e3o houver ilumina\u00e7\u00e3o natural suficiente;<\/li>\n<\/ul>\n<ul>\n<li>Desligue as luzes dos ambientes quando n\u00e3o estiverem em uso;<\/li>\n<\/ul>\n<p>&nbsp;<\/p>\n<ul>\n<li>Limpe as l\u00e2mpadas e lumin\u00e1rias pelo menos uma vez por m\u00eas, pois o ac\u00famulo de p\u00f3 reduz a ilumina\u00e7\u00e3o do ambiente;<\/li>\n<\/ul>\n<p>&nbsp;<\/p>\n<ul>\n<li>Substitua l\u00e2mpadas incandescentes e fluorescentes compactas por l\u00e2mpadas de LED.<\/li>\n<\/ul>\n<p>&nbsp;<\/p>\n<ul>\n<li>Ligue impressoras e <em>scanners<\/em> apenas quando for utiliz\u00e1-los;<\/li>\n<\/ul>\n<p>&nbsp;<\/p>\n<ul>\n<li>Evite deixar os equipamentos em <em>stand-by<\/em>\u00a0 (modo de espera). Desligue os aparelhos da tomada quando n\u00e3o estiverem sendo usados;<\/li>\n<\/ul>\n<ul>\n<li>Limpe o filtro do ar condicionado periodicamente, evitando que a sujeira prejudique o seu rendimento;<\/li>\n<\/ul>\n<ul>\n<li>\n<h3><img loading=\"lazy\" decoding=\"async\" class=\"aligncenter wp-image-18994\" src=\"https:\/\/wp.ufpel.edu.br\/proben\/files\/2022\/05\/filtro-de-ar.png\" alt=\"\" width=\"414\" height=\"249\" \/><\/h3>\n<p>Desligue o ar condicionado em\u00a0ambientes n\u00e3o utilizados ou que fiquem longo tempo desocupados;<\/li>\n<\/ul>\n<p>&nbsp;<\/p>\n<ul>\n<li>Dimensione o sistema de ar condicionado para a carga total real, podendo ser usado como base a planilha simplificada de C\u00e1lculo de Carga T\u00e9rmica disponibilizada na aba \u201cPROGRAMAS\u201d do site;<\/li>\n<\/ul>\n<p>&nbsp;<\/p>\n<ul>\n<li>No ver\u00e3o, n\u00e3o refrigere excessivamente o ambiente. Lembre-se de que a temperatura de conforto t\u00e9rmico est\u00e1 entre 22 e 24 \u00b0C;<br \/>\n<h3><img loading=\"lazy\" decoding=\"async\" class=\"aligncenter wp-image-18995\" src=\"https:\/\/wp.ufpel.edu.br\/proben\/files\/2022\/05\/temperaturadeconforto.png\" alt=\"\" width=\"152\" height=\"222\" \/><\/h3>\n<\/li>\n<\/ul>\n<h3>Escute os nossos SPOTS e saiba mais:<\/h3>\n<h3>Dica 1:<\/h3>\n<audio class=\"wp-audio-shortcode\" id=\"audio-45-1\" preload=\"none\" style=\"width: 100%;\" controls=\"controls\"><source type=\"audio\/mpeg\" src=\"https:\/\/wp.ufpel.edu.br\/proben\/files\/2019\/10\/PROBEN-dicas-energia-30-26-03-loc-fem-regravado.mp3?_=1\" \/><a href=\"https:\/\/wp.ufpel.edu.br\/proben\/files\/2019\/10\/PROBEN-dicas-energia-30-26-03-loc-fem-regravado.mp3\">https:\/\/wp.ufpel.edu.br\/proben\/files\/2019\/10\/PROBEN-dicas-energia-30-26-03-loc-fem-regravado.mp3<\/a><\/audio>\n<h3>Dica 2:<\/h3>\n<audio class=\"wp-audio-shortcode\" id=\"audio-45-2\" preload=\"none\" style=\"width: 100%;\" controls=\"controls\"><source type=\"audio\/mpeg\" src=\"https:\/\/wp.ufpel.edu.br\/proben\/files\/2019\/10\/PROBEN-dicas-energia-30-26-03-loc-masculina-regravado.mp3?_=2\" \/><a href=\"https:\/\/wp.ufpel.edu.br\/proben\/files\/2019\/10\/PROBEN-dicas-energia-30-26-03-loc-masculina-regravado.mp3\">https:\/\/wp.ufpel.edu.br\/proben\/files\/2019\/10\/PROBEN-dicas-energia-30-26-03-loc-masculina-regravado.mp3<\/a><\/audio>\n<h3>Dica 3:<\/h3>\n<audio class=\"wp-audio-shortcode\" id=\"audio-45-3\" preload=\"none\" style=\"width: 100%;\" controls=\"controls\"><source type=\"audio\/mpeg\" src=\"https:\/\/wp.ufpel.edu.br\/proben\/files\/2019\/10\/PROBEN_dicas_energia_30_31-11_SPOT_01.mp3?_=3\" \/><a href=\"https:\/\/wp.ufpel.edu.br\/proben\/files\/2019\/10\/PROBEN_dicas_energia_30_31-11_SPOT_01.mp3\">https:\/\/wp.ufpel.edu.br\/proben\/files\/2019\/10\/PROBEN_dicas_energia_30_31-11_SPOT_01.mp3<\/a><\/audio>\n<h3>Dica 4:<\/h3>\n<audio class=\"wp-audio-shortcode\" id=\"audio-45-4\" preload=\"none\" style=\"width: 100%;\" controls=\"controls\"><source type=\"audio\/mpeg\" src=\"https:\/\/wp.ufpel.edu.br\/proben\/files\/2019\/10\/PROBEN_dicas_energia_30_31-11_SPOT_03.mp3?_=4\" \/><a href=\"https:\/\/wp.ufpel.edu.br\/proben\/files\/2019\/10\/PROBEN_dicas_energia_30_31-11_SPOT_03.mp3\">https:\/\/wp.ufpel.edu.br\/proben\/files\/2019\/10\/PROBEN_dicas_energia_30_31-11_SPOT_03.mp3<\/a><\/audio>\n<h3>Dica 5:<\/h3>\n<audio class=\"wp-audio-shortcode\" id=\"audio-45-5\" preload=\"none\" style=\"width: 100%;\" controls=\"controls\"><source type=\"audio\/mpeg\" src=\"https:\/\/wp.ufpel.edu.br\/proben\/files\/2019\/10\/PROBEN_dicas_energia_30_31-11_SPOT_04.mp3?_=5\" \/><a href=\"https:\/\/wp.ufpel.edu.br\/proben\/files\/2019\/10\/PROBEN_dicas_energia_30_31-11_SPOT_04.mp3\">https:\/\/wp.ufpel.edu.br\/proben\/files\/2019\/10\/PROBEN_dicas_energia_30_31-11_SPOT_04.mp3<\/a><\/audio>\n<h3>Dica 6:<\/h3>\n<audio class=\"wp-audio-shortcode\" id=\"audio-45-6\" preload=\"none\" style=\"width: 100%;\" controls=\"controls\"><source type=\"audio\/mpeg\" src=\"https:\/\/wp.ufpel.edu.br\/proben\/files\/2019\/10\/PROBEN_dicas_energia_30_31-11_SPOT_05.mp3?_=6\" \/><a href=\"https:\/\/wp.ufpel.edu.br\/proben\/files\/2019\/10\/PROBEN_dicas_energia_30_31-11_SPOT_05.mp3\">https:\/\/wp.ufpel.edu.br\/proben\/files\/2019\/10\/PROBEN_dicas_energia_30_31-11_SPOT_05.mp3<\/a><\/audio>\n<h3><\/h3>\n","protected":false},"excerpt":{"rendered":"<p>\u00a0Fique ligado em nossas dicas de efici\u00eancia energ\u00e9tica Manter as janelas e portas fechadas evitando a entrada de ar externo, em ambientes condicionados; &nbsp; Ligue o sistema de ilumina\u00e7\u00e3o somente onde n\u00e3o houver ilumina\u00e7\u00e3o natural suficiente; Desligue as luzes dos ambientes quando n\u00e3o estiverem em uso; &nbsp; Limpe as l\u00e2mpadas e lumin\u00e1rias pelo menos uma&#8230; <\/p>\n<div class=\"link-more\"><a href=\"https:\/\/wp.ufpel.edu.br\/proben\/proben-educacao\/transparencia-de-contas-3\/dicas-2\/\">Leia mais<\/a><\/div>\n","protected":false},"author":303,"featured_media":0,"parent":1056,"menu_order":1,"comment_status":"closed","ping_status":"closed","template":"","meta":{"footnotes":""},"class_list":["post-45","page","type-page","status-publish","hentry"],"jetpack_sharing_enabled":true,"_links":{"self":[{"href":"https:\/\/wp.ufpel.edu.br\/proben\/wp-json\/wp\/v2\/pages\/45","targetHints":{"allow":["GET"]}}],"collection":[{"href":"https:\/\/wp.ufpel.edu.br\/proben\/wp-json\/wp\/v2\/pages"}],"about":[{"href":"https:\/\/wp.ufpel.edu.br\/proben\/wp-json\/wp\/v2\/types\/page"}],"author":[{"embeddable":true,"href":"https:\/\/wp.ufpel.edu.br\/proben\/wp-json\/wp\/v2\/users\/303"}],"replies":[{"embeddable":true,"href":"https:\/\/wp.ufpel.edu.br\/proben\/wp-json\/wp\/v2\/comments?post=45"}],"version-history":[{"count":93,"href":"https:\/\/wp.ufpel.edu.br\/proben\/wp-json\/wp\/v2\/pages\/45\/revisions"}],"predecessor-version":[{"id":19317,"href":"https:\/\/wp.ufpel.edu.br\/proben\/wp-json\/wp\/v2\/pages\/45\/revisions\/19317"}],"up":[{"embeddable":true,"href":"https:\/\/wp.ufpel.edu.br\/proben\/wp-json\/wp\/v2\/pages\/1056"}],"wp:attachment":[{"href":"https:\/\/wp.ufpel.edu.br\/proben\/wp-json\/wp\/v2\/media?parent=45"}],"curies":[{"name":"wp","href":"https:\/\/api.w.org\/{rel}","templated":true}]}}