{"id":434,"date":"2013-09-11T13:05:13","date_gmt":"2013-09-11T16:05:13","guid":{"rendered":"https:\/\/wp.ufpel.edu.br\/proben\/?page_id=434"},"modified":"2026-01-20T17:03:17","modified_gmt":"2026-01-20T20:03:17","slug":"faculdade-de-odontologia","status":"publish","type":"page","link":"https:\/\/wp.ufpel.edu.br\/proben\/proben-educacao\/transparencia-de-contas-3\/campi\/faculdade-de-odontologia\/","title":{"rendered":"Faculdade de Odontologia"},"content":{"rendered":"<p style=\"text-align: center;\"><strong><br \/>\nFaculdade de Odontologia<\/strong><\/p>\n<p><img loading=\"lazy\" decoding=\"async\" class=\"aligncenter wp-image-17118\" src=\"https:\/\/wp.ufpel.edu.br\/proben\/files\/2021\/03\/Capturardf.png\" alt=\"\" width=\"548\" height=\"364\" srcset=\"https:\/\/wp.ufpel.edu.br\/proben\/files\/2021\/03\/Capturardf.png 837w, https:\/\/wp.ufpel.edu.br\/proben\/files\/2021\/03\/Capturardf-400x266.png 400w, https:\/\/wp.ufpel.edu.br\/proben\/files\/2021\/03\/Capturardf-768x510.png 768w\" sizes=\"auto, (max-width: 548px) 100vw, 548px\" \/><\/p>\n<p style=\"text-align: center;\">Rua Gon\u00e7alves Chaves, n\u00b0459<\/p>\n<p style=\"text-align: center;\"><em>Utilizado por alunos e funcion\u00e1rios da faculdade de odontologia;<\/em><\/p>\n<p style=\"text-align: center;\"><a href=\"https:\/\/wp.ufpel.edu.br\/proben\/acoes-e-resultados\/acoes-4\/adequacao-do-sistema-tarifario\/\">\u00a0Sistema Tarif\u00e1rio: Horosazonal Verde &#8211; Poder P\u00fablico*<\/a><\/p>\n<p style=\"text-align: center;\">N\u00famero de<strong>\u00a0<\/strong>instala\u00e7\u00e3o:\u00a06537050-3 (alta tens\u00e3o)<\/p>\n<p style=\"text-align: center;\">&#8211;<\/p>\n<p style=\"text-align: center;\"><strong>Hist\u00f3rico de consumo:<\/strong><\/p>\n<p><a href=\"https:\/\/wp.ufpel.edu.br\/proben\/files\/2026\/01\/ODONTO_2025.png\"><img loading=\"lazy\" decoding=\"async\" class=\"size-full wp-image-29377 aligncenter\" src=\"https:\/\/wp.ufpel.edu.br\/proben\/files\/2026\/01\/ODONTO_2025.png\" alt=\"\" width=\"1297\" height=\"581\" srcset=\"https:\/\/wp.ufpel.edu.br\/proben\/files\/2026\/01\/ODONTO_2025.png 1297w, https:\/\/wp.ufpel.edu.br\/proben\/files\/2026\/01\/ODONTO_2025-400x179.png 400w, https:\/\/wp.ufpel.edu.br\/proben\/files\/2026\/01\/ODONTO_2025-1024x459.png 1024w, https:\/\/wp.ufpel.edu.br\/proben\/files\/2026\/01\/ODONTO_2025-768x344.png 768w, https:\/\/wp.ufpel.edu.br\/proben\/files\/2026\/01\/ODONTO_2025-600x269.png 600w\" sizes=\"auto, (max-width: 1297px) 100vw, 1297px\" \/><\/a><\/p>\n<p style=\"text-align: center;\"><strong>Consumo dos \u00faltimos 12 meses:<a href=\"https:\/\/wp.ufpel.edu.br\/proben\/files\/2026\/01\/Odontologia_2026_JAN.png\"><img loading=\"lazy\" decoding=\"async\" class=\"alignnone size-full wp-image-29378\" src=\"https:\/\/wp.ufpel.edu.br\/proben\/files\/2026\/01\/Odontologia_2026_JAN.png\" alt=\"\" width=\"1302\" height=\"553\" srcset=\"https:\/\/wp.ufpel.edu.br\/proben\/files\/2026\/01\/Odontologia_2026_JAN.png 1302w, https:\/\/wp.ufpel.edu.br\/proben\/files\/2026\/01\/Odontologia_2026_JAN-400x170.png 400w, https:\/\/wp.ufpel.edu.br\/proben\/files\/2026\/01\/Odontologia_2026_JAN-1024x435.png 1024w, https:\/\/wp.ufpel.edu.br\/proben\/files\/2026\/01\/Odontologia_2026_JAN-768x326.png 768w, https:\/\/wp.ufpel.edu.br\/proben\/files\/2026\/01\/Odontologia_2026_JAN-600x255.png 600w\" sizes=\"auto, (max-width: 1302px) 100vw, 1302px\" \/><\/a><\/strong><\/p>\n<p style=\"text-align: center;\"><a href=\"https:\/\/wp.ufpel.edu.br\/proben\/files\/2026\/01\/FACULDADE-DE-ODONTOLOGIA_2026_JAN.xlsx\">Faculdade de Odontologia<\/a>\u00a0&#8211; Tabela para download<\/p>\n<p style=\"text-align: center;\">*\u00a0<a href=\"https:\/\/wp.ufpel.edu.br\/proben\/files\/2019\/04\/ODONTOLOGIA.xlsx\">clique aqui para entender como fazemos a\u00a0adequa\u00e7\u00e3o do sistema \u00a0tarif\u00e1rio<\/a><\/p>\n<p><strong style=\"font-size: 13px; text-align: center;\">\u00a0<\/strong><\/p>\n","protected":false},"excerpt":{"rendered":"<p>Faculdade de Odontologia Rua Gon\u00e7alves Chaves, n\u00b0459 Utilizado por alunos e funcion\u00e1rios da faculdade de odontologia; \u00a0Sistema Tarif\u00e1rio: Horosazonal Verde &#8211; Poder P\u00fablico* N\u00famero de\u00a0instala\u00e7\u00e3o:\u00a06537050-3 (alta tens\u00e3o) &#8211; Hist\u00f3rico de consumo: Consumo dos \u00faltimos 12 meses: Faculdade de Odontologia\u00a0&#8211; Tabela para download *\u00a0clique aqui para entender como fazemos a\u00a0adequa\u00e7\u00e3o do sistema \u00a0tarif\u00e1rio \u00a0<\/p>\n","protected":false},"author":303,"featured_media":0,"parent":27014,"menu_order":0,"comment_status":"closed","ping_status":"closed","template":"","meta":{"footnotes":""},"class_list":["post-434","page","type-page","status-publish","hentry"],"jetpack_sharing_enabled":true,"_links":{"self":[{"href":"https:\/\/wp.ufpel.edu.br\/proben\/wp-json\/wp\/v2\/pages\/434","targetHints":{"allow":["GET"]}}],"collection":[{"href":"https:\/\/wp.ufpel.edu.br\/proben\/wp-json\/wp\/v2\/pages"}],"about":[{"href":"https:\/\/wp.ufpel.edu.br\/proben\/wp-json\/wp\/v2\/types\/page"}],"author":[{"embeddable":true,"href":"https:\/\/wp.ufpel.edu.br\/proben\/wp-json\/wp\/v2\/users\/303"}],"replies":[{"embeddable":true,"href":"https:\/\/wp.ufpel.edu.br\/proben\/wp-json\/wp\/v2\/comments?post=434"}],"version-history":[{"count":4,"href":"https:\/\/wp.ufpel.edu.br\/proben\/wp-json\/wp\/v2\/pages\/434\/revisions"}],"predecessor-version":[{"id":29379,"href":"https:\/\/wp.ufpel.edu.br\/proben\/wp-json\/wp\/v2\/pages\/434\/revisions\/29379"}],"up":[{"embeddable":true,"href":"https:\/\/wp.ufpel.edu.br\/proben\/wp-json\/wp\/v2\/pages\/27014"}],"wp:attachment":[{"href":"https:\/\/wp.ufpel.edu.br\/proben\/wp-json\/wp\/v2\/media?parent=434"}],"curies":[{"name":"wp","href":"https:\/\/api.w.org\/{rel}","templated":true}]}}