{"id":417,"date":"2013-09-11T11:46:21","date_gmt":"2013-09-11T14:46:21","guid":{"rendered":"https:\/\/wp.ufpel.edu.br\/proben\/?page_id=417"},"modified":"2026-01-18T21:48:23","modified_gmt":"2026-01-19T00:48:23","slug":"agencia-da-lagoa-mirin","status":"publish","type":"page","link":"https:\/\/wp.ufpel.edu.br\/proben\/proben-educacao\/transparencia-de-contas-3\/agencias-lagoa-mirim\/agencia-da-lagoa-mirin\/","title":{"rendered":"Ag\u00eancia Lagoa Mirim Lobo da Costa"},"content":{"rendered":"<p style=\"text-align: center;\"><strong>\u00a0Ag\u00eancia Lagoa Mirim\u00a0Lobo da Costa<\/strong><\/p>\n<p style=\"text-align: center;\"><img loading=\"lazy\" decoding=\"async\" class=\"aligncenter wp-image-12430\" src=\"https:\/\/wp.ufpel.edu.br\/proben\/files\/2019\/03\/fachada-10.jpg\" alt=\"\" width=\"588\" height=\"424\" srcset=\"https:\/\/wp.ufpel.edu.br\/proben\/files\/2019\/03\/fachada-10.jpg 1146w, https:\/\/wp.ufpel.edu.br\/proben\/files\/2019\/03\/fachada-10-400x288.jpg 400w, https:\/\/wp.ufpel.edu.br\/proben\/files\/2019\/03\/fachada-10-768x554.jpg 768w, https:\/\/wp.ufpel.edu.br\/proben\/files\/2019\/03\/fachada-10-1024x738.jpg 1024w\" sizes=\"auto, (max-width: 588px) 100vw, 588px\" \/><\/p>\n<p style=\"text-align: center;\"><span style=\"font-size: 8pt;\">Fonte: Google<\/span><\/p>\n<p style=\"text-align: center;\">Rua Lobo da Costa, n\u00b0447<\/p>\n<p style=\"text-align: center;\"><em>Utilizado por alunos e funcion\u00e1rios;<\/em><\/p>\n<p style=\"text-align: center;\"><a href=\"https:\/\/wp.ufpel.edu.br\/proben\/acoes-4\/adequacao-do-sistema-tarifario\/\">Sistema Tarif\u00e1rio: Horossazonal Verde<\/a>*<\/p>\n<p style=\"text-align: center;\">N\u00famero de<strong>\u00a0<\/strong>instala\u00e7\u00e3o:\u00a02467064-2<\/p>\n<p style=\"text-align: center;\">&#8211;<\/p>\n<p style=\"text-align: center;\"><strong>Hist\u00f3rico de consumo:<\/strong><\/p>\n<p><a href=\"https:\/\/wp.ufpel.edu.br\/proben\/files\/2026\/01\/almlobodacosta_2025.png\"><img loading=\"lazy\" decoding=\"async\" class=\"alignnone size-full wp-image-29164\" src=\"https:\/\/wp.ufpel.edu.br\/proben\/files\/2026\/01\/almlobodacosta_2025.png\" alt=\"\" width=\"1023\" height=\"420\" srcset=\"https:\/\/wp.ufpel.edu.br\/proben\/files\/2026\/01\/almlobodacosta_2025.png 1023w, https:\/\/wp.ufpel.edu.br\/proben\/files\/2026\/01\/almlobodacosta_2025-400x164.png 400w, https:\/\/wp.ufpel.edu.br\/proben\/files\/2026\/01\/almlobodacosta_2025-768x315.png 768w, https:\/\/wp.ufpel.edu.br\/proben\/files\/2026\/01\/almlobodacosta_2025-600x246.png 600w\" sizes=\"auto, (max-width: 1023px) 100vw, 1023px\" \/><\/a><\/p>\n<p>&nbsp;<\/p>\n<p style=\"text-align: center;\">&#8211;<\/p>\n<p style=\"text-align: center;\"><strong>Consumo nos \u00faltimos 12 meses:<\/strong><\/p>\n<p style=\"text-align: center;\"><a href=\"https:\/\/wp.ufpel.edu.br\/proben\/files\/2026\/01\/almlobodacosta_JANEIRO-2026.png\"><img loading=\"lazy\" decoding=\"async\" class=\"alignnone size-full wp-image-29165\" src=\"https:\/\/wp.ufpel.edu.br\/proben\/files\/2026\/01\/almlobodacosta_JANEIRO-2026.png\" alt=\"\" width=\"767\" height=\"362\" srcset=\"https:\/\/wp.ufpel.edu.br\/proben\/files\/2026\/01\/almlobodacosta_JANEIRO-2026.png 767w, https:\/\/wp.ufpel.edu.br\/proben\/files\/2026\/01\/almlobodacosta_JANEIRO-2026-400x189.png 400w, https:\/\/wp.ufpel.edu.br\/proben\/files\/2026\/01\/almlobodacosta_JANEIRO-2026-600x283.png 600w\" sizes=\"auto, (max-width: 767px) 100vw, 767px\" \/><\/a><\/p>\n<p style=\"text-align: center;\"><a href=\"https:\/\/wp.ufpel.edu.br\/proben\/files\/2026\/01\/almlobodacosta_JANEIRO-2026.xlsx\">ALM &#8211; Lobo da Costa<\/a>\u00a0&#8211; tabela para download<\/p>\n<p style=\"text-align: center;\">*\u00a0<a href=\"https:\/\/wp.ufpel.edu.br\/proben\/acoes-4\/adequacao-do-sistema-tarifario\/\">clique aqui para entender como fazemos a\u00a0adequa\u00e7\u00e3o do sistema \u00a0tarif\u00e1rio<\/a><\/p>\n<p>&nbsp;<\/p>\n<p>&nbsp;<\/p>\n<p>&nbsp;<\/p>\n<p>&nbsp;<\/p>\n","protected":false},"excerpt":{"rendered":"<p>\u00a0Ag\u00eancia Lagoa Mirim\u00a0Lobo da Costa Fonte: Google Rua Lobo da Costa, n\u00b0447 Utilizado por alunos e funcion\u00e1rios; Sistema Tarif\u00e1rio: Horossazonal Verde* N\u00famero de\u00a0instala\u00e7\u00e3o:\u00a02467064-2 &#8211; Hist\u00f3rico de consumo: &nbsp; &#8211; Consumo nos \u00faltimos 12 meses: ALM &#8211; Lobo da Costa\u00a0&#8211; tabela para download *\u00a0clique aqui para entender como fazemos a\u00a0adequa\u00e7\u00e3o do sistema \u00a0tarif\u00e1rio &nbsp; &nbsp; &nbsp;&#8230; <\/p>\n<div class=\"link-more\"><a href=\"https:\/\/wp.ufpel.edu.br\/proben\/proben-educacao\/transparencia-de-contas-3\/agencias-lagoa-mirim\/agencia-da-lagoa-mirin\/\">Leia mais<\/a><\/div>\n","protected":false},"author":303,"featured_media":0,"parent":26995,"menu_order":0,"comment_status":"closed","ping_status":"closed","template":"","meta":{"footnotes":""},"class_list":["post-417","page","type-page","status-publish","hentry"],"jetpack_sharing_enabled":true,"_links":{"self":[{"href":"https:\/\/wp.ufpel.edu.br\/proben\/wp-json\/wp\/v2\/pages\/417","targetHints":{"allow":["GET"]}}],"collection":[{"href":"https:\/\/wp.ufpel.edu.br\/proben\/wp-json\/wp\/v2\/pages"}],"about":[{"href":"https:\/\/wp.ufpel.edu.br\/proben\/wp-json\/wp\/v2\/types\/page"}],"author":[{"embeddable":true,"href":"https:\/\/wp.ufpel.edu.br\/proben\/wp-json\/wp\/v2\/users\/303"}],"replies":[{"embeddable":true,"href":"https:\/\/wp.ufpel.edu.br\/proben\/wp-json\/wp\/v2\/comments?post=417"}],"version-history":[{"count":4,"href":"https:\/\/wp.ufpel.edu.br\/proben\/wp-json\/wp\/v2\/pages\/417\/revisions"}],"predecessor-version":[{"id":29168,"href":"https:\/\/wp.ufpel.edu.br\/proben\/wp-json\/wp\/v2\/pages\/417\/revisions\/29168"}],"up":[{"embeddable":true,"href":"https:\/\/wp.ufpel.edu.br\/proben\/wp-json\/wp\/v2\/pages\/26995"}],"wp:attachment":[{"href":"https:\/\/wp.ufpel.edu.br\/proben\/wp-json\/wp\/v2\/media?parent=417"}],"curies":[{"name":"wp","href":"https:\/\/api.w.org\/{rel}","templated":true}]}}