{"id":3524,"date":"2014-07-21T17:45:35","date_gmt":"2014-07-21T20:45:35","guid":{"rendered":"https:\/\/wp.ufpel.edu.br\/proben\/?page_id=3524"},"modified":"2022-06-08T00:43:15","modified_gmt":"2022-06-08T03:43:15","slug":"distribuicao-de-recursos","status":"publish","type":"page","link":"https:\/\/wp.ufpel.edu.br\/proben\/proben-educacao\/distribuicao-de-recursos\/","title":{"rendered":"Distribui\u00e7\u00e3o de Recursos"},"content":{"rendered":"<p>Os\u00a0<b>recursos<\/b> obtidos atrav\u00e9s da redu\u00e7\u00e3o de consumo de energia, em fun\u00e7\u00e3o da aplica\u00e7\u00e3o do PROBEN \u2013 EDUCA\u00c7\u00c3O, ser\u00e3o <b>distribu\u00eddos<\/b> de forma escalonada e crescente, conforme o percentual economizado. Al\u00e9m disso,\u00a0 as cinco\u00a0 unidades\/pontos de consumo com os maiores percentuais de redu\u00e7\u00e3o de consumo de energia el\u00e9trica, anualmente, receber\u00e3o uma premia\u00e7\u00e3o adicional. A figura abaixo representa o funcionamento do sistema de premia\u00e7\u00e3o do PROBEN &#8211; EDUCA\u00c7\u00c3O.<\/p>\n<p>&nbsp;<\/p>\n<p>&nbsp;<\/p>\n<p><img loading=\"lazy\" decoding=\"async\" class=\"aligncenter size-full wp-image-14796\" src=\"https:\/\/wp.ufpel.edu.br\/proben\/files\/2019\/10\/imagem-distribui\u00e7\u00e3o-de-contas.png\" alt=\"\" width=\"1392\" height=\"830\" srcset=\"https:\/\/wp.ufpel.edu.br\/proben\/files\/2019\/10\/imagem-distribui\u00e7\u00e3o-de-contas.png 1392w, https:\/\/wp.ufpel.edu.br\/proben\/files\/2019\/10\/imagem-distribui\u00e7\u00e3o-de-contas-400x239.png 400w, https:\/\/wp.ufpel.edu.br\/proben\/files\/2019\/10\/imagem-distribui\u00e7\u00e3o-de-contas-768x458.png 768w, https:\/\/wp.ufpel.edu.br\/proben\/files\/2019\/10\/imagem-distribui\u00e7\u00e3o-de-contas-1024x611.png 1024w\" sizes=\"auto, (max-width: 1392px) 100vw, 1392px\" \/><\/p>\n<p>&nbsp;<\/p>\n<p>O aumento do consumo anual de energia (kWh) n\u00e3o ser\u00e1 penalizado, por\u00e9m ser\u00e1 computado no hist\u00f3rico do ponto de consumo, e ser\u00e1 descontado nas eventuais bonifica\u00e7\u00f5es futuras.<\/p>\n<h3>Verifica\u00e7\u00e3o da Economia<\/h3>\n<ul>\n<li>A unidade de medi\u00e7\u00e3o a ser considerada ser\u00e1 o <strong>k<\/strong><b>Wh<\/b>, convertido em reais, no fim do per\u00edodo de medi\u00e7\u00e3o.<\/li>\n<li>Ser\u00e1 levada em conta a instala\u00e7\u00e3o de novos equipamentos, bem como o aumento de ocupa\u00e7\u00e3o das salas de aula, em fun\u00e7\u00e3o do crescimento do curso ou disponibiliza\u00e7\u00e3o de salas a outros cursos.<\/li>\n<li>A redu\u00e7\u00e3o de demanda obtida atrav\u00e9s da eficientiza\u00e7\u00e3o de sistemas de ilumina\u00e7\u00e3o, condicionamento de ar, motores e outros, com recursos externos \u00e0 unidade, n\u00e3o ser\u00e3o considerados para fins de bonifica\u00e7\u00e3o.<\/li>\n<\/ul>\n<p>&nbsp;<\/p>\n<p><strong>Unidades Premiadas nos anos de 2014, 2015, 2016, 2017 e 2018 (ano base 2013)<\/strong><\/p>\n<p><img loading=\"lazy\" decoding=\"async\" class=\"aligncenter size-full wp-image-19167\" src=\"https:\/\/wp.ufpel.edu.br\/proben\/files\/2022\/06\/2014-premi.png\" alt=\"\" width=\"636\" height=\"172\" srcset=\"https:\/\/wp.ufpel.edu.br\/proben\/files\/2022\/06\/2014-premi.png 636w, https:\/\/wp.ufpel.edu.br\/proben\/files\/2022\/06\/2014-premi-400x108.png 400w\" sizes=\"auto, (max-width: 636px) 100vw, 636px\" \/><\/p>\n<p><img loading=\"lazy\" decoding=\"async\" class=\"aligncenter size-full wp-image-19322\" src=\"https:\/\/wp.ufpel.edu.br\/proben\/files\/2022\/06\/2015-premi-1.png\" alt=\"\" width=\"634\" height=\"233\" srcset=\"https:\/\/wp.ufpel.edu.br\/proben\/files\/2022\/06\/2015-premi-1.png 634w, https:\/\/wp.ufpel.edu.br\/proben\/files\/2022\/06\/2015-premi-1-400x147.png 400w\" sizes=\"auto, (max-width: 634px) 100vw, 634px\" \/><\/p>\n<p><img loading=\"lazy\" decoding=\"async\" class=\"aligncenter size-full wp-image-19321\" src=\"https:\/\/wp.ufpel.edu.br\/proben\/files\/2022\/06\/2016-premi-1.png\" alt=\"\" width=\"635\" height=\"210\" srcset=\"https:\/\/wp.ufpel.edu.br\/proben\/files\/2022\/06\/2016-premi-1.png 635w, https:\/\/wp.ufpel.edu.br\/proben\/files\/2022\/06\/2016-premi-1-400x132.png 400w\" sizes=\"auto, (max-width: 635px) 100vw, 635px\" \/><\/p>\n<p><img loading=\"lazy\" decoding=\"async\" class=\"aligncenter size-full wp-image-19320\" src=\"https:\/\/wp.ufpel.edu.br\/proben\/files\/2022\/06\/2017-premi-1.png\" alt=\"\" width=\"638\" height=\"272\" srcset=\"https:\/\/wp.ufpel.edu.br\/proben\/files\/2022\/06\/2017-premi-1.png 638w, https:\/\/wp.ufpel.edu.br\/proben\/files\/2022\/06\/2017-premi-1-400x171.png 400w\" sizes=\"auto, (max-width: 638px) 100vw, 638px\" \/><\/p>\n<p><img loading=\"lazy\" decoding=\"async\" class=\"aligncenter size-full wp-image-19319\" src=\"https:\/\/wp.ufpel.edu.br\/proben\/files\/2022\/06\/2018-premi-1.png\" alt=\"\" width=\"634\" height=\"212\" srcset=\"https:\/\/wp.ufpel.edu.br\/proben\/files\/2022\/06\/2018-premi-1.png 634w, https:\/\/wp.ufpel.edu.br\/proben\/files\/2022\/06\/2018-premi-1-400x134.png 400w\" sizes=\"auto, (max-width: 634px) 100vw, 634px\" \/><\/p>\n<p>&nbsp;<\/p>\n<p>&nbsp;<\/p>\n<p><strong>Modelo de certificado para as unidades:<\/strong><\/p>\n<p><img loading=\"lazy\" decoding=\"async\" class=\"aligncenter size-full wp-image-15020\" src=\"https:\/\/wp.ufpel.edu.br\/proben\/files\/2019\/11\/modelo-de-certificado.png\" alt=\"\" width=\"520\" height=\"360\" srcset=\"https:\/\/wp.ufpel.edu.br\/proben\/files\/2019\/11\/modelo-de-certificado.png 520w, https:\/\/wp.ufpel.edu.br\/proben\/files\/2019\/11\/modelo-de-certificado-400x277.png 400w\" sizes=\"auto, (max-width: 520px) 100vw, 520px\" \/><\/p>\n<p>&nbsp;<\/p>\n<p><strong>Modelo de diplomas das 5 unidades premiadas:\u00a0<\/strong><\/p>\n<p><img loading=\"lazy\" decoding=\"async\" class=\"aligncenter size-full wp-image-15021\" src=\"https:\/\/wp.ufpel.edu.br\/proben\/files\/2019\/11\/modelo-de-diploma.png\" alt=\"\" width=\"520\" height=\"360\" srcset=\"https:\/\/wp.ufpel.edu.br\/proben\/files\/2019\/11\/modelo-de-diploma.png 520w, https:\/\/wp.ufpel.edu.br\/proben\/files\/2019\/11\/modelo-de-diploma-400x277.png 400w\" sizes=\"auto, (max-width: 520px) 100vw, 520px\" \/><\/p>\n<p>&nbsp;<\/p>\n","protected":false},"excerpt":{"rendered":"<p>Os\u00a0recursos obtidos atrav\u00e9s da redu\u00e7\u00e3o de consumo de energia, em fun\u00e7\u00e3o da aplica\u00e7\u00e3o do PROBEN \u2013 EDUCA\u00c7\u00c3O, ser\u00e3o distribu\u00eddos de forma escalonada e crescente, conforme o percentual economizado. Al\u00e9m disso,\u00a0 as cinco\u00a0 unidades\/pontos de consumo com os maiores percentuais de redu\u00e7\u00e3o de consumo de energia el\u00e9trica, anualmente, receber\u00e3o uma premia\u00e7\u00e3o adicional. A figura abaixo representa&#8230; <\/p>\n<div class=\"link-more\"><a href=\"https:\/\/wp.ufpel.edu.br\/proben\/proben-educacao\/distribuicao-de-recursos\/\">Leia mais<\/a><\/div>\n","protected":false},"author":303,"featured_media":0,"parent":3491,"menu_order":3,"comment_status":"closed","ping_status":"closed","template":"","meta":{"footnotes":""},"class_list":["post-3524","page","type-page","status-publish","hentry"],"jetpack_sharing_enabled":true,"_links":{"self":[{"href":"https:\/\/wp.ufpel.edu.br\/proben\/wp-json\/wp\/v2\/pages\/3524","targetHints":{"allow":["GET"]}}],"collection":[{"href":"https:\/\/wp.ufpel.edu.br\/proben\/wp-json\/wp\/v2\/pages"}],"about":[{"href":"https:\/\/wp.ufpel.edu.br\/proben\/wp-json\/wp\/v2\/types\/page"}],"author":[{"embeddable":true,"href":"https:\/\/wp.ufpel.edu.br\/proben\/wp-json\/wp\/v2\/users\/303"}],"replies":[{"embeddable":true,"href":"https:\/\/wp.ufpel.edu.br\/proben\/wp-json\/wp\/v2\/comments?post=3524"}],"version-history":[{"count":15,"href":"https:\/\/wp.ufpel.edu.br\/proben\/wp-json\/wp\/v2\/pages\/3524\/revisions"}],"predecessor-version":[{"id":19323,"href":"https:\/\/wp.ufpel.edu.br\/proben\/wp-json\/wp\/v2\/pages\/3524\/revisions\/19323"}],"up":[{"embeddable":true,"href":"https:\/\/wp.ufpel.edu.br\/proben\/wp-json\/wp\/v2\/pages\/3491"}],"wp:attachment":[{"href":"https:\/\/wp.ufpel.edu.br\/proben\/wp-json\/wp\/v2\/media?parent=3524"}],"curies":[{"name":"wp","href":"https:\/\/api.w.org\/{rel}","templated":true}]}}