{"id":3502,"date":"2014-07-08T12:20:06","date_gmt":"2014-07-08T15:20:06","guid":{"rendered":"https:\/\/wp.ufpel.edu.br\/proben\/?page_id=3502"},"modified":"2024-08-20T11:24:24","modified_gmt":"2024-08-20T14:24:24","slug":"beneficios-para-voce","status":"publish","type":"page","link":"https:\/\/wp.ufpel.edu.br\/proben\/acoes-e-resultados\/acoes\/909-2\/beneficios-para-voce\/","title":{"rendered":"Benef\u00edcios para voc\u00ea"},"content":{"rendered":"<div dir=\"auto\">A principal caracter\u00edstica \u00e9 a de redu\u00e7\u00e3o permanente no consumo de energia el\u00e9trica, atrav\u00e9s do acompanhamento dos custos de consumo energ\u00e9tico, al\u00e9m da elabora\u00e7\u00e3o de projetos, a fim de proporcionar melhor efici\u00eancia dos sistemas de ilumina\u00e7\u00e3o nos campi da universidade.<\/div>\n<div dir=\"auto\">O programa tem proporcionado uma grande economia nos gastos com eletricidade para a UFPEL. Isso quer dizer que estes recursos economizados poder\u00e3o ser aplicados em outras necessidades da institui\u00e7\u00e3o ou mesmo reinvestidos, atendendo \u00e0s necessidades espec\u00edficas de cada curso.<\/div>\n<p><img loading=\"lazy\" decoding=\"async\" class=\"aligncenter size-full wp-image-18950\" src=\"https:\/\/wp.ufpel.edu.br\/proben\/files\/2022\/05\/np.png\" alt=\"\" width=\"1237\" height=\"543\" srcset=\"https:\/\/wp.ufpel.edu.br\/proben\/files\/2022\/05\/np.png 1237w, https:\/\/wp.ufpel.edu.br\/proben\/files\/2022\/05\/np-400x176.png 400w, https:\/\/wp.ufpel.edu.br\/proben\/files\/2022\/05\/np-1024x450.png 1024w, https:\/\/wp.ufpel.edu.br\/proben\/files\/2022\/05\/np-768x337.png 768w\" sizes=\"auto, (max-width: 1237px) 100vw, 1237px\" \/><\/p>\n<h5 style=\"color: #2c2b2b;\">\u00a0 \u00a0 \u00a0 \u00a0 \u00a0 \u00a0 \u00a0 \u00a0 \u00a0 \u00a0 \u00a0 \u00a0&#8211; O que precisa melhorar no seu campus?<\/h5>\n<p>&nbsp;<\/p>\n<p>&nbsp;<\/p>\n<p>&nbsp;<\/p>\n<p>&nbsp;<\/p>\n<p>&nbsp;<\/p>\n<h3 style=\"color: #2c2b2b; text-align: right;\"><\/h3>\n<h4 style=\"color: #2c2b2b; text-align: right;\">Fa\u00e7a a sua parte \u2013 Ajude o seu curso e a UFPel!<\/h4>\n","protected":false},"excerpt":{"rendered":"<p>A principal caracter\u00edstica \u00e9 a de redu\u00e7\u00e3o permanente no consumo de energia el\u00e9trica, atrav\u00e9s do acompanhamento dos custos de consumo energ\u00e9tico, al\u00e9m da elabora\u00e7\u00e3o de projetos, a fim de proporcionar melhor efici\u00eancia dos sistemas de ilumina\u00e7\u00e3o nos campi da universidade. O programa tem proporcionado uma grande economia nos gastos com eletricidade para a UFPEL. Isso&#8230; <\/p>\n<div class=\"link-more\"><a href=\"https:\/\/wp.ufpel.edu.br\/proben\/acoes-e-resultados\/acoes\/909-2\/beneficios-para-voce\/\">Leia mais<\/a><\/div>\n","protected":false},"author":303,"featured_media":0,"parent":909,"menu_order":0,"comment_status":"closed","ping_status":"closed","template":"","meta":{"footnotes":""},"class_list":["post-3502","page","type-page","status-publish","hentry"],"jetpack_sharing_enabled":true,"_links":{"self":[{"href":"https:\/\/wp.ufpel.edu.br\/proben\/wp-json\/wp\/v2\/pages\/3502","targetHints":{"allow":["GET"]}}],"collection":[{"href":"https:\/\/wp.ufpel.edu.br\/proben\/wp-json\/wp\/v2\/pages"}],"about":[{"href":"https:\/\/wp.ufpel.edu.br\/proben\/wp-json\/wp\/v2\/types\/page"}],"author":[{"embeddable":true,"href":"https:\/\/wp.ufpel.edu.br\/proben\/wp-json\/wp\/v2\/users\/303"}],"replies":[{"embeddable":true,"href":"https:\/\/wp.ufpel.edu.br\/proben\/wp-json\/wp\/v2\/comments?post=3502"}],"version-history":[{"count":18,"href":"https:\/\/wp.ufpel.edu.br\/proben\/wp-json\/wp\/v2\/pages\/3502\/revisions"}],"predecessor-version":[{"id":18951,"href":"https:\/\/wp.ufpel.edu.br\/proben\/wp-json\/wp\/v2\/pages\/3502\/revisions\/18951"}],"up":[{"embeddable":true,"href":"https:\/\/wp.ufpel.edu.br\/proben\/wp-json\/wp\/v2\/pages\/909"}],"wp:attachment":[{"href":"https:\/\/wp.ufpel.edu.br\/proben\/wp-json\/wp\/v2\/media?parent=3502"}],"curies":[{"name":"wp","href":"https:\/\/api.w.org\/{rel}","templated":true}]}}