{"id":3137,"date":"2014-03-25T15:24:34","date_gmt":"2014-03-25T18:24:34","guid":{"rendered":"https:\/\/wp.ufpel.edu.br\/proben\/?page_id=3137"},"modified":"2026-01-20T08:53:24","modified_gmt":"2026-01-20T11:53:24","slug":"conde-de-porto-alegre-4","status":"publish","type":"page","link":"https:\/\/wp.ufpel.edu.br\/proben\/proben-educacao\/transparencia-de-contas-3\/conde-de-porto-alegre-4\/","title":{"rendered":"Conde de Porto Alegre 4 &#8211; Dep\u00f3sito da PRAINFRA"},"content":{"rendered":"<p style=\"text-align: center;\"><strong>Conde de Porto Alegre 4 &#8211; Dep\u00f3sito da PRAINFRA<\/strong><\/p>\n<p style=\"text-align: center;\"><img loading=\"lazy\" decoding=\"async\" class=\"aligncenter wp-image-12390\" src=\"https:\/\/wp.ufpel.edu.br\/proben\/files\/2019\/03\/fachada-1.jpg\" alt=\"\" width=\"534\" height=\"394\" srcset=\"https:\/\/wp.ufpel.edu.br\/proben\/files\/2019\/03\/fachada-1.jpg 1181w, https:\/\/wp.ufpel.edu.br\/proben\/files\/2019\/03\/fachada-1-400x295.jpg 400w, https:\/\/wp.ufpel.edu.br\/proben\/files\/2019\/03\/fachada-1-768x567.jpg 768w, https:\/\/wp.ufpel.edu.br\/proben\/files\/2019\/03\/fachada-1-1024x756.jpg 1024w\" sizes=\"auto, (max-width: 534px) 100vw, 534px\" \/><span style=\"font-size: 8pt;\">Fonte: Google<\/span><\/p>\n<p style=\"text-align: center;\"><em>Rua Conde de Porto Alegre, n\u00b004<\/em><\/p>\n<p style=\"text-align: center;\"><em>Utilizado pela Pr\u00f3-reitoria administrativa &#8211; Dep\u00f3sito de materiais;<\/em><\/p>\n<p style=\"text-align: center;\"><a href=\"https:\/\/wp.ufpel.edu.br\/proben\/acoes-e-resultados\/acoes-4\/adequacao-do-sistema-tarifario\/\">Sistema Tarif\u00e1rio: Baixa Tens\u00e3o*<\/a><\/p>\n<p style=\"text-align: center;\">N\u00famero de<strong>\u00a0<\/strong>instala\u00e7\u00e3o: \u00a06103765-6<\/p>\n<p style=\"text-align: center;\">&#8211;<\/p>\n<p style=\"text-align: center;\"><strong>Hist\u00f3rico de consumo:<\/strong><\/p>\n<p><a href=\"https:\/\/wp.ufpel.edu.br\/proben\/files\/2026\/01\/CONDE-DE-POA4_2025.png\"><img loading=\"lazy\" decoding=\"async\" class=\"alignnone size-full wp-image-29324\" src=\"https:\/\/wp.ufpel.edu.br\/proben\/files\/2026\/01\/CONDE-DE-POA4_2025.png\" alt=\"\" width=\"1070\" height=\"500\" srcset=\"https:\/\/wp.ufpel.edu.br\/proben\/files\/2026\/01\/CONDE-DE-POA4_2025.png 1070w, https:\/\/wp.ufpel.edu.br\/proben\/files\/2026\/01\/CONDE-DE-POA4_2025-400x187.png 400w, https:\/\/wp.ufpel.edu.br\/proben\/files\/2026\/01\/CONDE-DE-POA4_2025-1024x479.png 1024w, https:\/\/wp.ufpel.edu.br\/proben\/files\/2026\/01\/CONDE-DE-POA4_2025-768x359.png 768w, https:\/\/wp.ufpel.edu.br\/proben\/files\/2026\/01\/CONDE-DE-POA4_2025-600x280.png 600w\" sizes=\"auto, (max-width: 1070px) 100vw, 1070px\" \/><\/a><\/p>\n<p style=\"text-align: center;\">&#8211;<\/p>\n<p style=\"text-align: center;\"><strong>Consumo nos \u00faltimos 12 meses:<\/strong><\/p>\n<p><a href=\"https:\/\/wp.ufpel.edu.br\/proben\/files\/2026\/01\/conde4_2026_JAN.png\"><img loading=\"lazy\" decoding=\"async\" class=\"alignnone size-full wp-image-29321\" src=\"https:\/\/wp.ufpel.edu.br\/proben\/files\/2026\/01\/conde4_2026_JAN.png\" alt=\"\" width=\"957\" height=\"441\" \/><\/a><\/p>\n<p style=\"text-align: center;\"><a href=\"https:\/\/wp.ufpel.edu.br\/proben\/files\/2026\/01\/conde4_2026_JAN.xlsx\">Conde de POA 4<\/a>\u00a0&#8211;\u00a0\u00a0Tabela para Download<\/p>\n<p style=\"text-align: center;\"><span style=\"color: #2c2b2b;\">*\u00a0<\/span><a style=\"color: #092749;\" href=\"https:\/\/wp.ufpel.edu.br\/proben\/acoes-4\/adequacao-do-sistema-tarifario\/\">clique aqui\u00a0para entender como fazemos a\u00a0adequa\u00e7\u00e3o do sistema \u00a0tarif\u00e1rio<\/a><\/p>\n","protected":false},"excerpt":{"rendered":"<p>Conde de Porto Alegre 4 &#8211; Dep\u00f3sito da PRAINFRA Fonte: Google Rua Conde de Porto Alegre, n\u00b004 Utilizado pela Pr\u00f3-reitoria administrativa &#8211; Dep\u00f3sito de materiais; Sistema Tarif\u00e1rio: Baixa Tens\u00e3o* N\u00famero de\u00a0instala\u00e7\u00e3o: \u00a06103765-6 &#8211; Hist\u00f3rico de consumo: &#8211; Consumo nos \u00faltimos 12 meses: Conde de POA 4\u00a0&#8211;\u00a0\u00a0Tabela para Download *\u00a0clique aqui\u00a0para entender como fazemos a\u00a0adequa\u00e7\u00e3o do&#8230; <\/p>\n<div class=\"link-more\"><a href=\"https:\/\/wp.ufpel.edu.br\/proben\/proben-educacao\/transparencia-de-contas-3\/conde-de-porto-alegre-4\/\">Leia mais<\/a><\/div>\n","protected":false},"author":303,"featured_media":0,"parent":1056,"menu_order":0,"comment_status":"closed","ping_status":"closed","template":"","meta":{"footnotes":""},"class_list":["post-3137","page","type-page","status-publish","hentry"],"jetpack_sharing_enabled":true,"_links":{"self":[{"href":"https:\/\/wp.ufpel.edu.br\/proben\/wp-json\/wp\/v2\/pages\/3137","targetHints":{"allow":["GET"]}}],"collection":[{"href":"https:\/\/wp.ufpel.edu.br\/proben\/wp-json\/wp\/v2\/pages"}],"about":[{"href":"https:\/\/wp.ufpel.edu.br\/proben\/wp-json\/wp\/v2\/types\/page"}],"author":[{"embeddable":true,"href":"https:\/\/wp.ufpel.edu.br\/proben\/wp-json\/wp\/v2\/users\/303"}],"replies":[{"embeddable":true,"href":"https:\/\/wp.ufpel.edu.br\/proben\/wp-json\/wp\/v2\/comments?post=3137"}],"version-history":[{"count":3,"href":"https:\/\/wp.ufpel.edu.br\/proben\/wp-json\/wp\/v2\/pages\/3137\/revisions"}],"predecessor-version":[{"id":29325,"href":"https:\/\/wp.ufpel.edu.br\/proben\/wp-json\/wp\/v2\/pages\/3137\/revisions\/29325"}],"up":[{"embeddable":true,"href":"https:\/\/wp.ufpel.edu.br\/proben\/wp-json\/wp\/v2\/pages\/1056"}],"wp:attachment":[{"href":"https:\/\/wp.ufpel.edu.br\/proben\/wp-json\/wp\/v2\/media?parent=3137"}],"curies":[{"name":"wp","href":"https:\/\/api.w.org\/{rel}","templated":true}]}}