{"id":2056,"date":"2013-10-24T09:08:19","date_gmt":"2013-10-24T11:08:19","guid":{"rendered":"https:\/\/wp.ufpel.edu.br\/proben\/?page_id=2056"},"modified":"2026-01-20T16:43:16","modified_gmt":"2026-01-20T19:43:16","slug":"conserv-musica","status":"publish","type":"page","link":"https:\/\/wp.ufpel.edu.br\/proben\/proben-educacao\/transparencia-de-contas-3\/conserv-musica\/","title":{"rendered":"Conservat\u00f3rio de M\u00fasica"},"content":{"rendered":"<p style=\"text-align: center;\"><strong>Conservat\u00f3rio de M\u00fasica<\/strong><\/p>\n<p style=\"text-align: center;\"><img loading=\"lazy\" decoding=\"async\" class=\"aligncenter wp-image-12399\" src=\"https:\/\/wp.ufpel.edu.br\/proben\/files\/2019\/03\/fachada-3.jpg\" alt=\"\" width=\"554\" height=\"416\" srcset=\"https:\/\/wp.ufpel.edu.br\/proben\/files\/2019\/03\/fachada-3.jpg 1066w, https:\/\/wp.ufpel.edu.br\/proben\/files\/2019\/03\/fachada-3-400x301.jpg 400w, https:\/\/wp.ufpel.edu.br\/proben\/files\/2019\/03\/fachada-3-768x577.jpg 768w, https:\/\/wp.ufpel.edu.br\/proben\/files\/2019\/03\/fachada-3-1024x769.jpg 1024w\" sizes=\"auto, (max-width: 554px) 100vw, 554px\" \/><span style=\"font-size: 8pt;\">Fonte: Google<\/span><\/p>\n<p style=\"text-align: center;\"><em>Rua F\u00e9lix da Cunha, n\u00b0651<\/em><\/p>\n<p style=\"text-align: center;\"><em>Utilizado pelo curso de M\u00fasica;<\/em><\/p>\n<p style=\"text-align: center;\"><a href=\"https:\/\/wp.ufpel.edu.br\/proben\/acoes-4\/adequacao-do-sistema-tarifario\/\">Sistema Tarif\u00e1rio: Baixa Tens\u00e3o<\/a>*<\/p>\n<p style=\"text-align: center;\">N\u00famero de<strong>\u00a0<\/strong>instala\u00e7\u00e3o: \u00a04163596-5<\/p>\n<p style=\"text-align: center;\">&#8211;<\/p>\n<p style=\"text-align: center;\"><strong>Hist\u00f3rico de consumo:<\/strong><\/p>\n<p><a href=\"https:\/\/wp.ufpel.edu.br\/proben\/files\/2026\/01\/conservatorio_2025.png\"><img loading=\"lazy\" decoding=\"async\" class=\"alignnone size-full wp-image-29326\" src=\"https:\/\/wp.ufpel.edu.br\/proben\/files\/2026\/01\/conservatorio_2025.png\" alt=\"\" width=\"1257\" height=\"556\" srcset=\"https:\/\/wp.ufpel.edu.br\/proben\/files\/2026\/01\/conservatorio_2025.png 1257w, https:\/\/wp.ufpel.edu.br\/proben\/files\/2026\/01\/conservatorio_2025-400x177.png 400w, https:\/\/wp.ufpel.edu.br\/proben\/files\/2026\/01\/conservatorio_2025-1024x453.png 1024w, https:\/\/wp.ufpel.edu.br\/proben\/files\/2026\/01\/conservatorio_2025-768x340.png 768w, https:\/\/wp.ufpel.edu.br\/proben\/files\/2026\/01\/conservatorio_2025-600x265.png 600w\" sizes=\"auto, (max-width: 1257px) 100vw, 1257px\" \/><\/a><\/p>\n<p style=\"text-align: center;\">&#8211;<\/p>\n<p style=\"text-align: center;\"><strong>Consumo dos \u00faltimos 12 meses:<\/strong><\/p>\n<p><a href=\"https:\/\/wp.ufpel.edu.br\/proben\/files\/2026\/01\/conservatorio_2026_JAN.png\"><img loading=\"lazy\" decoding=\"async\" class=\"alignnone size-full wp-image-29327\" src=\"https:\/\/wp.ufpel.edu.br\/proben\/files\/2026\/01\/conservatorio_2026_JAN.png\" alt=\"\" width=\"1135\" height=\"556\" srcset=\"https:\/\/wp.ufpel.edu.br\/proben\/files\/2026\/01\/conservatorio_2026_JAN.png 1135w, https:\/\/wp.ufpel.edu.br\/proben\/files\/2026\/01\/conservatorio_2026_JAN-400x196.png 400w, https:\/\/wp.ufpel.edu.br\/proben\/files\/2026\/01\/conservatorio_2026_JAN-1024x502.png 1024w, https:\/\/wp.ufpel.edu.br\/proben\/files\/2026\/01\/conservatorio_2026_JAN-768x376.png 768w, https:\/\/wp.ufpel.edu.br\/proben\/files\/2026\/01\/conservatorio_2026_JAN-600x294.png 600w\" sizes=\"auto, (max-width: 1135px) 100vw, 1135px\" \/><\/a><\/p>\n<p>&nbsp;<\/p>\n<p style=\"text-align: center;\"><a href=\"https:\/\/wp.ufpel.edu.br\/proben\/files\/2026\/01\/conservatorio_2026_JAN.xlsx\">Conservat\u00f3rio M\u00fasica<\/a>\u00a0&#8211;\u00a0Tabela para Download<\/p>\n<p style=\"text-align: center;\">*\u00a0<a href=\"https:\/\/wp.ufpel.edu.br\/proben\/acoes-4\/adequacao-do-sistema-tarifario\/\">clique aqui\u00a0para entender como fazemos a\u00a0adeq<\/a><a href=\"https:\/\/wp.ufpel.edu.br\/proben\/acoes-4\/adequacao-do-sistema-tarifario\/\">ua\u00e7\u00e3o do sistema \u00a0tarif\u00e1rio<\/a><\/p>\n","protected":false},"excerpt":{"rendered":"<p>Conservat\u00f3rio de M\u00fasica Fonte: Google Rua F\u00e9lix da Cunha, n\u00b0651 Utilizado pelo curso de M\u00fasica; Sistema Tarif\u00e1rio: Baixa Tens\u00e3o* N\u00famero de\u00a0instala\u00e7\u00e3o: \u00a04163596-5 &#8211; Hist\u00f3rico de consumo: &#8211; Consumo dos \u00faltimos 12 meses: &nbsp; Conservat\u00f3rio M\u00fasica\u00a0&#8211;\u00a0Tabela para Download *\u00a0clique aqui\u00a0para entender como fazemos a\u00a0adequa\u00e7\u00e3o do sistema \u00a0tarif\u00e1rio<\/p>\n","protected":false},"author":303,"featured_media":0,"parent":1056,"menu_order":0,"comment_status":"closed","ping_status":"closed","template":"","meta":{"footnotes":""},"class_list":["post-2056","page","type-page","status-publish","hentry"],"jetpack_sharing_enabled":true,"_links":{"self":[{"href":"https:\/\/wp.ufpel.edu.br\/proben\/wp-json\/wp\/v2\/pages\/2056","targetHints":{"allow":["GET"]}}],"collection":[{"href":"https:\/\/wp.ufpel.edu.br\/proben\/wp-json\/wp\/v2\/pages"}],"about":[{"href":"https:\/\/wp.ufpel.edu.br\/proben\/wp-json\/wp\/v2\/types\/page"}],"author":[{"embeddable":true,"href":"https:\/\/wp.ufpel.edu.br\/proben\/wp-json\/wp\/v2\/users\/303"}],"replies":[{"embeddable":true,"href":"https:\/\/wp.ufpel.edu.br\/proben\/wp-json\/wp\/v2\/comments?post=2056"}],"version-history":[{"count":4,"href":"https:\/\/wp.ufpel.edu.br\/proben\/wp-json\/wp\/v2\/pages\/2056\/revisions"}],"predecessor-version":[{"id":29329,"href":"https:\/\/wp.ufpel.edu.br\/proben\/wp-json\/wp\/v2\/pages\/2056\/revisions\/29329"}],"up":[{"embeddable":true,"href":"https:\/\/wp.ufpel.edu.br\/proben\/wp-json\/wp\/v2\/pages\/1056"}],"wp:attachment":[{"href":"https:\/\/wp.ufpel.edu.br\/proben\/wp-json\/wp\/v2\/media?parent=2056"}],"curies":[{"name":"wp","href":"https:\/\/api.w.org\/{rel}","templated":true}]}}