{"id":19307,"date":"2022-06-06T12:30:31","date_gmt":"2022-06-06T15:30:31","guid":{"rendered":"https:\/\/wp.ufpel.edu.br\/proben\/?page_id=19307"},"modified":"2022-06-22T09:40:48","modified_gmt":"2022-06-22T12:40:48","slug":"acoes-e-resultados-acoes-interinstitucional-publicacoes","status":"publish","type":"page","link":"https:\/\/wp.ufpel.edu.br\/proben\/acoes-e-resultados\/acoes-e-resultados-acoes-interinstitucional\/acoes-e-resultados-acoes-interinstitucional-publicacoes\/","title":{"rendered":"Publica\u00e7\u00f5es"},"content":{"rendered":"<ul>\n<li style=\"text-align: left;\">Guia Pr\u00e1tico de Efici\u00eancia Energ\u00e9tica<\/li>\n<\/ul>\n<p style=\"text-align: center;\"><img loading=\"lazy\" decoding=\"async\" class=\"aligncenter wp-image-19424\" src=\"https:\/\/wp.ufpel.edu.br\/proben\/files\/2022\/06\/guia-pratico-de-eficiencia-energetica.png\" alt=\"\" width=\"693\" height=\"692\" srcset=\"https:\/\/wp.ufpel.edu.br\/proben\/files\/2022\/06\/guia-pratico-de-eficiencia-energetica.png 739w, https:\/\/wp.ufpel.edu.br\/proben\/files\/2022\/06\/guia-pratico-de-eficiencia-energetica-400x400.png 400w, https:\/\/wp.ufpel.edu.br\/proben\/files\/2022\/06\/guia-pratico-de-eficiencia-energetica-200x200.png 200w\" sizes=\"auto, (max-width: 693px) 100vw, 693px\" \/><a href=\"https:\/\/drive.google.com\/file\/d\/1th3BHSc0cwHeyY5USWkTp2_TsU2LWxuF\/view?usp=sharing\">Link para acesso ao guia<\/a><\/p>\n<p>&nbsp;<\/p>\n<ul>\n<li>Guia de Efici\u00eancia Energ\u00e9tica em Edifica\u00e7\u00f5es P\u00fablicas<\/li>\n<\/ul>\n<p><img loading=\"lazy\" decoding=\"async\" class=\"aligncenter wp-image-19425\" src=\"https:\/\/wp.ufpel.edu.br\/proben\/files\/2022\/06\/Guia-de-eficiencia-energetica-em-edificacoes-publicas.png\" alt=\"\" width=\"680\" height=\"682\" srcset=\"https:\/\/wp.ufpel.edu.br\/proben\/files\/2022\/06\/Guia-de-eficiencia-energetica-em-edificacoes-publicas.png 638w, https:\/\/wp.ufpel.edu.br\/proben\/files\/2022\/06\/Guia-de-eficiencia-energetica-em-edificacoes-publicas-400x400.png 400w, https:\/\/wp.ufpel.edu.br\/proben\/files\/2022\/06\/Guia-de-eficiencia-energetica-em-edificacoes-publicas-200x200.png 200w\" sizes=\"auto, (max-width: 680px) 100vw, 680px\" \/><\/p>\n<p style=\"text-align: center;\"><a href=\"https:\/\/drive.google.com\/file\/d\/1tgX7FnxAaOwvRJmHzndoLoGMNvkF7PLv\/view?usp=sharing\">Link para acesso ao guia<\/a><\/p>\n","protected":false},"excerpt":{"rendered":"<p>Guia Pr\u00e1tico de Efici\u00eancia Energ\u00e9tica Link para acesso ao guia &nbsp; Guia de Efici\u00eancia Energ\u00e9tica em Edifica\u00e7\u00f5es P\u00fablicas Link para acesso ao guia<\/p>\n","protected":false},"author":303,"featured_media":0,"parent":19295,"menu_order":0,"comment_status":"closed","ping_status":"closed","template":"","meta":{"footnotes":""},"class_list":["post-19307","page","type-page","status-publish","hentry"],"jetpack_sharing_enabled":true,"_links":{"self":[{"href":"https:\/\/wp.ufpel.edu.br\/proben\/wp-json\/wp\/v2\/pages\/19307","targetHints":{"allow":["GET"]}}],"collection":[{"href":"https:\/\/wp.ufpel.edu.br\/proben\/wp-json\/wp\/v2\/pages"}],"about":[{"href":"https:\/\/wp.ufpel.edu.br\/proben\/wp-json\/wp\/v2\/types\/page"}],"author":[{"embeddable":true,"href":"https:\/\/wp.ufpel.edu.br\/proben\/wp-json\/wp\/v2\/users\/303"}],"replies":[{"embeddable":true,"href":"https:\/\/wp.ufpel.edu.br\/proben\/wp-json\/wp\/v2\/comments?post=19307"}],"version-history":[{"count":4,"href":"https:\/\/wp.ufpel.edu.br\/proben\/wp-json\/wp\/v2\/pages\/19307\/revisions"}],"predecessor-version":[{"id":19427,"href":"https:\/\/wp.ufpel.edu.br\/proben\/wp-json\/wp\/v2\/pages\/19307\/revisions\/19427"}],"up":[{"embeddable":true,"href":"https:\/\/wp.ufpel.edu.br\/proben\/wp-json\/wp\/v2\/pages\/19295"}],"wp:attachment":[{"href":"https:\/\/wp.ufpel.edu.br\/proben\/wp-json\/wp\/v2\/media?parent=19307"}],"curies":[{"name":"wp","href":"https:\/\/api.w.org\/{rel}","templated":true}]}}