{"id":1730,"date":"2013-10-22T10:43:31","date_gmt":"2013-10-22T12:43:31","guid":{"rendered":"https:\/\/wp.ufpel.edu.br\/proben\/?page_id=1730"},"modified":"2026-01-31T14:17:14","modified_gmt":"2026-01-31T17:17:14","slug":"benjamin-1001","status":"publish","type":"page","link":"https:\/\/wp.ufpel.edu.br\/proben\/proben-educacao\/transparencia-de-contas-3\/benjamin-1001\/","title":{"rendered":"Benjamin, n\u00b01001 &#8211; Dep\u00f3sito PRAINFRA"},"content":{"rendered":"<p style=\"text-align: center;\"><strong>Benjamin, n\u00b01001 &#8211; Dep\u00f3sito PRAINFRA<\/strong><\/p>\n<p><img loading=\"lazy\" decoding=\"async\" class=\"aligncenter wp-image-12435\" src=\"https:\/\/wp.ufpel.edu.br\/proben\/files\/2019\/03\/fachada-12.jpg\" alt=\"\" width=\"640\" height=\"489\" srcset=\"https:\/\/wp.ufpel.edu.br\/proben\/files\/2019\/03\/fachada-12.jpg 962w, https:\/\/wp.ufpel.edu.br\/proben\/files\/2019\/03\/fachada-12-400x306.jpg 400w, https:\/\/wp.ufpel.edu.br\/proben\/files\/2019\/03\/fachada-12-768x587.jpg 768w\" sizes=\"auto, (max-width: 640px) 100vw, 640px\" \/><\/p>\n<p style=\"text-align: center;\"><span style=\"font-size: 8pt;\">Fonte: Google<\/span><\/p>\n<p style=\"text-align: center;\">Rua Benjamin Constant, n\u00b01001<\/p>\n<p style=\"text-align: center;\"><em>Desocupado, necessita reforma;<\/em><\/p>\n<p style=\"text-align: center;\"><a href=\"https:\/\/wp.ufpel.edu.br\/proben\/acoes-4\/adequacao-do-sistema-tarifario\/\">Sistema Tarif\u00e1rio: Baixa Tens\u00e3o<\/a>*<\/p>\n<p style=\"text-align: center;\">N\u00famero de<strong>\u00a0<\/strong>instala\u00e7\u00e3o:\u00a06145891-1<\/p>\n<p style=\"text-align: center;\">&#8211;<\/p>\n<p style=\"text-align: center;\"><strong>Hist\u00f3rico de consumo:<\/strong><\/p>\n<p><a href=\"https:\/\/wp.ufpel.edu.br\/proben\/files\/2026\/01\/imagem_2026-01-31_141635123.png\"><img loading=\"lazy\" decoding=\"async\" class=\"alignnone wp-image-29495 size-full\" src=\"https:\/\/wp.ufpel.edu.br\/proben\/files\/2026\/01\/imagem_2026-01-31_141635123.png\" alt=\"\" width=\"867\" height=\"447\" srcset=\"https:\/\/wp.ufpel.edu.br\/proben\/files\/2026\/01\/imagem_2026-01-31_141635123.png 867w, https:\/\/wp.ufpel.edu.br\/proben\/files\/2026\/01\/imagem_2026-01-31_141635123-400x206.png 400w, https:\/\/wp.ufpel.edu.br\/proben\/files\/2026\/01\/imagem_2026-01-31_141635123-768x396.png 768w, https:\/\/wp.ufpel.edu.br\/proben\/files\/2026\/01\/imagem_2026-01-31_141635123-582x300.png 582w\" sizes=\"auto, (max-width: 867px) 100vw, 867px\" \/><\/a><\/p>\n<p style=\"text-align: center;\">&#8211;<\/p>\n<p style=\"text-align: center;\"><strong>Consumo nos \u00faltimos 12 meses:<\/strong><\/p>\n<p><a href=\"https:\/\/wp.ufpel.edu.br\/proben\/files\/2025\/12\/imagem_2025-12-19_135651067.png\"><img loading=\"lazy\" decoding=\"async\" class=\"alignnone wp-image-29025 size-full\" src=\"https:\/\/wp.ufpel.edu.br\/proben\/files\/2025\/12\/imagem_2025-12-19_135651067.png\" alt=\"\" width=\"1014\" height=\"441\" srcset=\"https:\/\/wp.ufpel.edu.br\/proben\/files\/2025\/12\/imagem_2025-12-19_135651067.png 1014w, https:\/\/wp.ufpel.edu.br\/proben\/files\/2025\/12\/imagem_2025-12-19_135651067-400x174.png 400w, https:\/\/wp.ufpel.edu.br\/proben\/files\/2025\/12\/imagem_2025-12-19_135651067-768x334.png 768w, https:\/\/wp.ufpel.edu.br\/proben\/files\/2025\/12\/imagem_2025-12-19_135651067-600x261.png 600w\" sizes=\"auto, (max-width: 1014px) 100vw, 1014px\" \/><\/a><\/p>\n<p>&nbsp;<\/p>\n<p>&nbsp;<\/p>\n<p style=\"text-align: center;\"><a href=\"https:\/\/wp.ufpel.edu.br\/proben\/files\/2026\/01\/benjamin1001_dez_2025.xlsx\">Benjamim,1001 <\/a>\u00a0-tabela para download<\/p>\n<p style=\"text-align: center;\">*\u00a0<a href=\"https:\/\/wp.ufpel.edu.br\/proben\/acoes-4\/adequacao-do-sistema-tarifario\/\">clique aqui\u00a0para entender como fazemos a\u00a0adequa\u00e7\u00e3o do sistema \u00a0tarif\u00e1rio<\/a><\/p>\n<p>&nbsp;<\/p>\n<p>&nbsp;<\/p>\n","protected":false},"excerpt":{"rendered":"<p>Benjamin, n\u00b01001 &#8211; Dep\u00f3sito PRAINFRA Fonte: Google Rua Benjamin Constant, n\u00b01001 Desocupado, necessita reforma; Sistema Tarif\u00e1rio: Baixa Tens\u00e3o* N\u00famero de\u00a0instala\u00e7\u00e3o:\u00a06145891-1 &#8211; Hist\u00f3rico de consumo: &#8211; Consumo nos \u00faltimos 12 meses: &nbsp; &nbsp; Benjamim,1001 \u00a0-tabela para download *\u00a0clique aqui\u00a0para entender como fazemos a\u00a0adequa\u00e7\u00e3o do sistema \u00a0tarif\u00e1rio &nbsp; &nbsp;<\/p>\n","protected":false},"author":303,"featured_media":0,"parent":1056,"menu_order":0,"comment_status":"closed","ping_status":"closed","template":"","meta":{"footnotes":""},"class_list":["post-1730","page","type-page","status-publish","hentry"],"jetpack_sharing_enabled":true,"_links":{"self":[{"href":"https:\/\/wp.ufpel.edu.br\/proben\/wp-json\/wp\/v2\/pages\/1730","targetHints":{"allow":["GET"]}}],"collection":[{"href":"https:\/\/wp.ufpel.edu.br\/proben\/wp-json\/wp\/v2\/pages"}],"about":[{"href":"https:\/\/wp.ufpel.edu.br\/proben\/wp-json\/wp\/v2\/types\/page"}],"author":[{"embeddable":true,"href":"https:\/\/wp.ufpel.edu.br\/proben\/wp-json\/wp\/v2\/users\/303"}],"replies":[{"embeddable":true,"href":"https:\/\/wp.ufpel.edu.br\/proben\/wp-json\/wp\/v2\/comments?post=1730"}],"version-history":[{"count":4,"href":"https:\/\/wp.ufpel.edu.br\/proben\/wp-json\/wp\/v2\/pages\/1730\/revisions"}],"predecessor-version":[{"id":29497,"href":"https:\/\/wp.ufpel.edu.br\/proben\/wp-json\/wp\/v2\/pages\/1730\/revisions\/29497"}],"up":[{"embeddable":true,"href":"https:\/\/wp.ufpel.edu.br\/proben\/wp-json\/wp\/v2\/pages\/1056"}],"wp:attachment":[{"href":"https:\/\/wp.ufpel.edu.br\/proben\/wp-json\/wp\/v2\/media?parent=1730"}],"curies":[{"name":"wp","href":"https:\/\/api.w.org\/{rel}","templated":true}]}}