{"id":12,"date":"2013-08-28T14:45:38","date_gmt":"2013-08-28T17:45:38","guid":{"rendered":"https:\/\/wp.ufpel.edu.br\/proben\/?page_id=12"},"modified":"2024-09-10T09:54:11","modified_gmt":"2024-09-10T12:54:11","slug":"responsabilidade-social-principios","status":"publish","type":"page","link":"https:\/\/wp.ufpel.edu.br\/proben\/o-que-e\/responsabilidade-social-principios\/","title":{"rendered":"Responsabilidade Social"},"content":{"rendered":"<p>Ocupar uma vaga em uma institui\u00e7\u00e3o p\u00fablica de ensino aumentam as nossas obriga\u00e7\u00f5es com a sociedade. Utilizar a energia de forma <strong><em>inteligente<\/em><\/strong> \u00e9 um exerc\u00edcio de <em><strong>cidadania<\/strong>,<\/em> porque al\u00e9m de diminuir os danos ao meio ambiente, a economia do dinheiro p\u00fablico \u00e9 de todos os cidad\u00e3os brasileiros, inclusive daqueles que n\u00e3o tem oportunidade de frequentar uma institui\u00e7\u00e3o de ensino como a nossa.<\/p>\n<p style=\"text-align: justify\">Nossa meta \u00e9 difundir entre os futuros profissionais, as ferramentas e m\u00e9todos para possibilitar a <strong><em>utiliza\u00e7\u00e3o consciente<\/em><\/strong> dos recursos energ\u00e9ticos, ressaltando, al\u00e9m das considera\u00e7\u00f5es acerca da produtividade e economia, os aspectos sociais e ecol\u00f3gicos envolvidos.<\/p>\n<h3><strong>Princ\u00edpios do PROBEN:<\/strong><\/h3>\n<p>O PROBEN possui car\u00e1ter auto-sustent\u00e1vel, pois os recursos utilizados no programa s\u00e3o provenientes da economia feita dentro da universidade, ou seja, o programa n\u00e3o demanda recursos da UFPel, al\u00e9m\u00a0 da verba economizada.<\/p>\n<div>\n<div>Toda a\u00e7\u00e3o do programa tem que, no m\u00ednimo, manter as atuais condi\u00e7\u00f5es de conforto ambiental do local.<\/div>\n<\/div>\n","protected":false},"excerpt":{"rendered":"<p>Ocupar uma vaga em uma institui\u00e7\u00e3o p\u00fablica de ensino aumentam as nossas obriga\u00e7\u00f5es com a sociedade. Utilizar a energia de forma inteligente \u00e9 um exerc\u00edcio de cidadania, porque al\u00e9m de diminuir os danos ao meio ambiente, a economia do dinheiro p\u00fablico \u00e9 de todos os cidad\u00e3os brasileiros, inclusive daqueles que n\u00e3o tem oportunidade de frequentar&#8230; <\/p>\n<div class=\"link-more\"><a href=\"https:\/\/wp.ufpel.edu.br\/proben\/o-que-e\/responsabilidade-social-principios\/\">Leia mais<\/a><\/div>\n","protected":false},"author":303,"featured_media":0,"parent":8,"menu_order":2,"comment_status":"closed","ping_status":"closed","template":"","meta":{"footnotes":""},"class_list":["post-12","page","type-page","status-publish","hentry"],"jetpack_sharing_enabled":true,"_links":{"self":[{"href":"https:\/\/wp.ufpel.edu.br\/proben\/wp-json\/wp\/v2\/pages\/12","targetHints":{"allow":["GET"]}}],"collection":[{"href":"https:\/\/wp.ufpel.edu.br\/proben\/wp-json\/wp\/v2\/pages"}],"about":[{"href":"https:\/\/wp.ufpel.edu.br\/proben\/wp-json\/wp\/v2\/types\/page"}],"author":[{"embeddable":true,"href":"https:\/\/wp.ufpel.edu.br\/proben\/wp-json\/wp\/v2\/users\/303"}],"replies":[{"embeddable":true,"href":"https:\/\/wp.ufpel.edu.br\/proben\/wp-json\/wp\/v2\/comments?post=12"}],"version-history":[{"count":20,"href":"https:\/\/wp.ufpel.edu.br\/proben\/wp-json\/wp\/v2\/pages\/12\/revisions"}],"predecessor-version":[{"id":6588,"href":"https:\/\/wp.ufpel.edu.br\/proben\/wp-json\/wp\/v2\/pages\/12\/revisions\/6588"}],"up":[{"embeddable":true,"href":"https:\/\/wp.ufpel.edu.br\/proben\/wp-json\/wp\/v2\/pages\/8"}],"wp:attachment":[{"href":"https:\/\/wp.ufpel.edu.br\/proben\/wp-json\/wp\/v2\/media?parent=12"}],"curies":[{"name":"wp","href":"https:\/\/api.w.org\/{rel}","templated":true}]}}